Back to the "Multiple platform build/check report"
Package 200/205 | OS | Arch | BUILD | CHECK | BUILD BIN |
weaver0.1.3Seth Falcon | Linux (SUSE 9.2) | x86_64 | OK | WARNINGS | |
Linux (SUSE 9.2) | i686 | OK | WARNINGS | ||
Solaris 2.9 | sparc | OK | WARNINGS | ||
Linux (SUSE 10.0) | x86_64 | OK | WARNINGS | ||
Windows Server 2003 | x86_64 | OK | [ WARNINGS ] | OK | |
Windows XP | i686 | OK | WARNINGS | skipped | |
Mac OS X (10.4.6) | i686 | OK | WARNINGS |
Package: weaver |
Version: 0.1.3 |
Command: D:\biocbld\1.9d\R\bin\R.exe CMD check weaver_0.1.3.tar.gz |
RetCode: 0 |
Time: 35.5 seconds |
Status: WARNINGS |
CheckDir: weaver.Rcheck |
Warnings: 1 |
* checking for working latex ... OK * using log directory 'D:/biocbld/1.9d/Rpacks/weaver.Rcheck' * using R version 2.4.0 alpha (2006-09-10 r39242) * checking for file 'weaver/DESCRIPTION' ... OK * this is package 'weaver' version '0.1.3' * checking package dependencies ... OK * checking if this is a source package ... OK * checking whether package 'weaver' can be installed ... OK * checking package directory ... OK * checking for portable file names ... OK * checking DESCRIPTION meta-information ... OK * checking top-level files ... OK * checking index information ... OK * checking package subdirectories ... OK * checking R files for syntax errors ... OK * checking R files for non-ASCII characters ... OK * checking whether the package can be loaded ... OK * checking whether the package can be loaded with stated dependencies ... OK * checking S3 generic/method consistency ... OK * checking replacement functions ... OK * checking foreign function calls ... OK * checking R code for possible problems ... OK * checking Rd files ... OK * checking Rd cross-references ... OK * checking for missing documentation entries ... WARNING Undocumented code objects: CACHE_DIR cache_expr CACHE_EXT deps_changed eval_and_cache expr_printer findDeps get_cache_dir get_chunk_id get_expr_hash load_from_cache_env log_debug make_cache_expr resetStorage weaver_opts weaverEvalWithOpt weaverLatexFinish weaverRemoveOrphans weaverRuncode All user-level objects in a package should have documentation entries. See the chapter 'Writing R documentation files' in manual 'Writing R Extensions'. * checking for code/documentation mismatches ... OK * checking Rd \usage sections ... OK * creating weaver-Ex.R ... OK * checking examples ... OK * checking package vignettes in 'inst/doc' ... OK * creating weaver-manual.tex ... OK * checking weaver-manual.tex ... OK WARNING: There was 1 warning, see D:/biocbld/1.9d/Rpacks/weaver.Rcheck/00check.log for details
weaver.Rcheck/00install.out:
installing R.css in D:/biocbld/1.9d/Rpacks/weaver.Rcheck ---------- Making package weaver ------------ adding build stamp to DESCRIPTION installing R files installing inst files installing man source files installing indices installing help >>> Building/Updating help pages for package 'weaver' Formats: text html latex example chm weaver text html latex chm Microsoft HTML Help Compiler 4.74.8702 Compiling d:\biocbld\1.9d\Rpacks\weaver.Rcheck\00_pkg_src\weaver\chm\weaver.chm Compile time: 0 minutes, 0 seconds 2 Topics 3 Local links 1 Internet link 1 Graphic Created d:\biocbld\1.9d\Rpacks\weaver.Rcheck\00_pkg_src\weaver\chm\weaver.chm, 20,255 bytes Compression increased file by 6,957 bytes. preparing package weaver for lazy loading Loading required package: digest Loading required package: tools Loading required package: codetools adding MD5 sums * DONE (weaver)