Back to the "Multiple platform build/check report"
Package 4/205 | OS | Arch | BUILD | CHECK | BUILD BIN |
affxparser1.5.4Kasper Daniel Hansen | Linux (SUSE 9.2) | x86_64 | OK | WARNINGS | |
Linux (SUSE 9.2) | i686 | OK | WARNINGS | ||
Solaris 2.9 | sparc | OK | [ ERROR ] | ||
Linux (SUSE 10.0) | x86_64 | OK | WARNINGS | ||
Windows Server 2003 | x86_64 | OK | WARNINGS | OK | |
Windows XP | i686 | OK | WARNINGS | OK | |
Mac OS X (10.4.6) | i686 | OK | WARNINGS |
Package: affxparser |
Version: 1.5.4 |
Command: /loc/biocbuild/1.9d/R/bin/R CMD check affxparser_1.5.4.tar.gz |
RetCode: 1 |
Time: 25.5 seconds |
Status: ERROR |
CheckDir: affxparser.Rcheck |
Warnings: NA |
* checking for working latex ... OK * using log directory '/loc/biocbuild/1.9d/Rpacks/affxparser.Rcheck' * using R version 2.4.0 Under development (unstable) (2006-07-18 r38641) * checking for file 'affxparser/DESCRIPTION' ... OK * this is package 'affxparser' version '1.5.4' * checking package dependencies ... OK * checking if this is a source package ... OK * checking whether package 'affxparser' can be installed ... ERROR Installation failed. See '/loc/biocbuild/1.9d/Rpacks/affxparser.Rcheck/00install.out' for details.
affxparser.Rcheck/00install.out:
* Installing *source* package 'affxparser' ... ** libs g++ -I/loc/biocbuild/1.9d/R/include -I/loc/biocbuild/1.9d/R/include -imacros R_affx_constants.h -Ifusion_sdk/calvin_files/array/src -Ifusion_sdk/calvin_files/data/src -Ifusion_sdk/calvin_files/exception/src -Ifusion_sdk/calvin_files/fusion/src -Ifusion_sdk/calvin_files/fusion/src/GCOSAdapter -Ifusion_sdk/calvin_files/fusion/src/CalvinAdapter -Ifusion_sdk/calvin_files/parameter/src -Ifusion_sdk/calvin_files/parsers/src -Ifusion_sdk/calvin_files/portability/src -Ifusion_sdk/calvin_files/template/src -Ifusion_sdk/calvin_files/utils/src -Ifusion_sdk/calvin_files/writers/src -Ifusion_sdk/file -Ifusion_sdk/portability -D_USE_MEM_MAPPING_ -I/usr/local/include -fPIC -g -O2 -O0 -c fusion_sdk/calvin_files/data/src/CDFData.cpp -o fusion_sdk/calvin_files/data/src/CDFData.o g++ -I/loc/biocbuild/1.9d/R/include -I/loc/biocbuild/1.9d/R/include -imacros R_affx_constants.h -Ifusion_sdk/calvin_files/array/src -Ifusion_sdk/calvin_files/data/src -Ifusion_sdk/calvin_files/exception/src -Ifusion_sdk/calvin_files/fusion/src -Ifusion_sdk/calvin_files/fusion/src/GCOSAdapter -Ifusion_sdk/calvin_files/fusion/src/CalvinAdapter -Ifusion_sdk/calvin_files/parameter/src -Ifusion_sdk/calvin_files/parsers/src -Ifusion_sdk/calvin_files/portability/src -Ifusion_sdk/calvin_files/template/src -Ifusion_sdk/calvin_files/utils/src -Ifusion_sdk/calvin_files/writers/src -Ifusion_sdk/file -Ifusion_sdk/portability -D_USE_MEM_MAPPING_ -I/usr/local/include -fPIC -g -O2 -O0 -c fusion_sdk/calvin_files/data/src/CDFProbeGroupInformation.cpp -o fusion_sdk/calvin_files/data/src/CDFProbeGroupInformation.o g++ -I/loc/biocbuild/1.9d/R/include -I/loc/biocbuild/1.9d/R/include -imacros R_affx_constants.h -Ifusion_sdk/calvin_files/array/src -Ifusion_sdk/calvin_files/data/src -Ifusion_sdk/calvin_files/exception/src -Ifusion_sdk/calvin_files/fusion/src -Ifusion_sdk/calvin_files/fusion/src/GCOSAdapter -Ifusion_sdk/calvin_files/fusion/src/CalvinAdapter -Ifusion_sdk/calvin_files/parameter/src -Ifusion_sdk/calvin_files/parsers/src -Ifusion_sdk/calvin_files/portability/src -Ifusion_sdk/calvin_files/template/src -Ifusion_sdk/calvin_files/utils/src -Ifusion_sdk/calvin_files/writers/src -Ifusion_sdk/file -Ifusion_sdk/portability -D_USE_MEM_MAPPING_ -I/usr/local/include -fPIC -g -O2 -O0 -c fusion_sdk/calvin_files/data/src/CDFProbeInformation.cpp -o fusion_sdk/calvin_files/data/src/CDFProbeInformation.o g++ -I/loc/biocbuild/1.9d/R/include -I/loc/biocbuild/1.9d/R/include -imacros R_affx_constants.h -Ifusion_sdk/calvin_files/array/src -Ifusion_sdk/calvin_files/data/src -Ifusion_sdk/calvin_files/exception/src -Ifusion_sdk/calvin_files/fusion/src -Ifusion_sdk/calvin_files/fusion/src/GCOSAdapter -Ifusion_sdk/calvin_files/fusion/src/CalvinAdapter -Ifusion_sdk/calvin_files/parameter/src -Ifusion_sdk/calvin_files/parsers/src -Ifusion_sdk/calvin_files/portability/src -Ifusion_sdk/calvin_files/template/src -Ifusion_sdk/calvin_files/utils/src -Ifusion_sdk/calvin_files/writers/src -Ifusion_sdk/file -Ifusion_sdk/portability -D_USE_MEM_MAPPING_ -I/usr/local/include -fPIC -g -O2 -O0 -c fusion_sdk/calvin_files/data/src/CDFProbeSetInformation.cpp -o fusion_sdk/calvin_files/data/src/CDFProbeSetInformation.o g++ -I/loc/biocbuild/1.9d/R/include -I/loc/biocbuild/1.9d/R/include -imacros R_affx_constants.h -Ifusion_sdk/calvin_files/array/src -Ifusion_sdk/calvin_files/data/src -Ifusion_sdk/calvin_files/exception/src -Ifusion_sdk/calvin_files/fusion/src -Ifusion_sdk/calvin_files/fusion/src/GCOSAdapter -Ifusion_sdk/calvin_files/fusion/src/CalvinAdapter -Ifusion_sdk/calvin_files/parameter/src -Ifusion_sdk/calvin_files/parsers/src -Ifusion_sdk/calvin_files/portability/src -Ifusion_sdk/calvin_files/template/src -Ifusion_sdk/calvin_files/utils/src -Ifusion_sdk/calvin_files/writers/src -Ifusion_sdk/file -Ifusion_sdk/portability -D_USE_MEM_MAPPING_ -I/usr/local/include -fPIC -g -O2 -O0 -c fusion_sdk/calvin_files/data/src/CDFQCProbeInformation.cpp -o fusion_sdk/calvin_files/data/src/CDFQCProbeInformation.o g++ -I/loc/biocbuild/1.9d/R/include -I/loc/biocbuild/1.9d/R/include -imacros R_affx_constants.h -Ifusion_sdk/calvin_files/array/src -Ifusion_sdk/calvin_files/data/src -Ifusion_sdk/calvin_files/exception/src -Ifusion_sdk/calvin_files/fusion/src -Ifusion_sdk/calvin_files/fusion/src/GCOSAdapter -Ifusion_sdk/calvin_files/fusion/src/CalvinAdapter -Ifusion_sdk/calvin_files/parameter/src -Ifusion_sdk/calvin_files/parsers/src -Ifusion_sdk/calvin_files/portability/src -Ifusion_sdk/calvin_files/template/src -Ifusion_sdk/calvin_files/utils/src -Ifusion_sdk/calvin_files/writers/src -Ifusion_sdk/file -Ifusion_sdk/portability -D_USE_MEM_MAPPING_ -I/usr/local/include -fPIC -g -O2 -O0 -c fusion_sdk/calvin_files/data/src/CDFQCProbeSetInformation.cpp -o fusion_sdk/calvin_files/data/src/CDFQCProbeSetInformation.o g++ -I/loc/biocbuild/1.9d/R/include -I/loc/biocbuild/1.9d/R/include -imacros R_affx_constants.h -Ifusion_sdk/calvin_files/array/src -Ifusion_sdk/calvin_files/data/src -Ifusion_sdk/calvin_files/exception/src -Ifusion_sdk/calvin_files/fusion/src -Ifusion_sdk/calvin_files/fusion/src/GCOSAdapter -Ifusion_sdk/calvin_files/fusion/src/CalvinAdapter -Ifusion_sdk/calvin_files/parameter/src -Ifusion_sdk/calvin_files/parsers/src -Ifusion_sdk/calvin_files/portability/src -Ifusion_sdk/calvin_files/template/src -Ifusion_sdk/calvin_files/utils/src -Ifusion_sdk/calvin_files/writers/src -Ifusion_sdk/file -Ifusion_sdk/portability -D_USE_MEM_MAPPING_ -I/usr/local/include -fPIC -g -O2 -O0 -c fusion_sdk/calvin_files/data/src/CELData.cpp -o fusion_sdk/calvin_files/data/src/CELData.o fusion_sdk/calvin_files/data/src/CELData.h:188: error: extra qualification 'affymetrix_calvin_io::CelFileData::' on member 'GetAlgorithmVersion' make: *** [fusion_sdk/calvin_files/data/src/CELData.o] Error 1 ERROR: compilation failed for package 'affxparser' ** Removing '/loc/biocbuild/1.9d/Rpacks/affxparser.Rcheck/affxparser'