Back to the "Multiple platform build/check report"
| Package 154/187 | OS | Arch | BUILD | CHECK | BUILD BIN | 
RPostgreSQL0.0.0H. Pages | Linux (SUSE 9.2) | x86_64 | OK | [ ERROR ] | |
| Linux (SUSE 9.2) | i686 | OK | ERROR | ||
| Solaris 2.9 | sparc | OK | ERROR | ||
| Linux (SUSE 10.0) | x86_64 | OK | ERROR | ||
| Windows Server 2003 | x86_64 | OK | ERROR | ERROR | 
| Package: RPostgreSQL | 
| Version: 0.0.0 | 
| Command: /loc/biocbuild/1.9d/R/bin/R CMD check RPostgreSQL_0.0.0.tar.gz | 
| RetCode: 1 | 
| Time: 19.0 seconds | 
| Status: ERROR | 
| CheckDir: RPostgreSQL.Rcheck | 
| Warnings: NA | 
* checking for working latex ... OK * using log directory '/loc/biocbuild/1.9d/Rpacks/RPostgreSQL.Rcheck' * using R version 2.4.0 Under development (unstable) (2006-06-04 r38279) * checking for file 'RPostgreSQL/DESCRIPTION' ... OK * this is package 'RPostgreSQL' version '0.0.0' * checking package dependencies ... OK * checking if this is a source package ... OK * checking whether package 'RPostgreSQL' can be installed ... ERROR Installation failed. See '/loc/biocbuild/1.9d/Rpacks/RPostgreSQL.Rcheck/00install.out' for details.
RPostgreSQL.Rcheck/00install.out:
* Installing *source* package 'RPostgreSQL' ...
creating cache ./config.cache
checking how to run the C preprocessor... cc -E
checking for compress in -lz... yes
checking for getopt_long in -lc... yes
checking for mysql_init in -lmysqlclient... yes
checking for mysql.h... no
checking for /usr/local/include/mysql/mysql.h... no
checking for /usr/include/mysql/mysql.h... yes
updating cache ./config.cache
creating ./config.status
creating src/Makevars
** libs
gcc -I/loc/biocbuild/1.9d/R/include -I/loc/biocbuild/1.9d/R/include -I/usr/include/mysql -I/usr/local/include   -fpic  -g -O2 -std=gnu99 -Wall -c RS-DBI.c -o RS-DBI.o
gcc -I/loc/biocbuild/1.9d/R/include -I/loc/biocbuild/1.9d/R/include -I/usr/include/mysql -I/usr/local/include   -fpic  -g -O2 -std=gnu99 -Wall -c RS-MySQL.c -o RS-MySQL.o
gcc -shared -L/usr/local/lib64 -o RPostgreSQL.so RS-DBI.o RS-MySQL.o -lmysqlclient -lz  
** R
** inst
WARNING: use of install.R is no longer supported
** preparing package for lazy loading
Loading required package: DBI
Error in findClass(class2, where)[[1]] : subscript out of bounds
Error in setClass("MySQLObject", representation("DBIObject", "dbObjectId",  : 
	error in contained classes ("DBIObject") for class "MySQLObject"; class definition removed from 'RPostgreSQL'
Error: unable to load R code in package 'RPostgreSQL'
Execution halted
ERROR: lazy loading failed for package 'RPostgreSQL'
** Removing '/loc/biocbuild/1.9d/Rpacks/RPostgreSQL.Rcheck/RPostgreSQL'