| Back to Build/check report for BioC 3.21 experimental data | 
 | 
This page was generated on 2025-10-16 15:01 -0400 (Thu, 16 Oct 2025).
| Hostname | OS | Arch (*) | R version | Installed pkgs | 
|---|---|---|---|---|
| nebbiolo1 | Linux (Ubuntu 24.04.3 LTS) | x86_64 | 4.5.1 (2025-06-13) -- "Great Square Root" | 4833 | 
| Click on any hostname to see more info about the system (e.g. compilers) (*) as reported by 'uname -p', except on Windows and Mac OS X | ||||
| Package 320/432 | Hostname | OS / Arch | INSTALL | BUILD | CHECK | ||||||||
| RcisTarget.hg19.motifDBs.cisbpOnly.500bp 1.28.0  (landing page) Sara Aibar 
 | nebbiolo1 | Linux (Ubuntu 24.04.3 LTS) / x86_64 | OK | OK | WARNINGS |  | |||||||
| To the developers/maintainers of the RcisTarget.hg19.motifDBs.cisbpOnly.500bp package: - Use the following Renviron settings to reproduce errors and warnings. - If 'R CMD check' started to fail recently on the Linux builder(s) over a missing dependency, add the missing dependency to 'Suggests:' in your DESCRIPTION file. See Renviron.bioc for more information. | 
| Package: RcisTarget.hg19.motifDBs.cisbpOnly.500bp | 
| Version: 1.28.0 | 
| Command: /home/biocbuild/bbs-3.21-bioc/R/bin/R CMD check --install=check:RcisTarget.hg19.motifDBs.cisbpOnly.500bp.install-out.txt --library=/home/biocbuild/bbs-3.21-bioc/R/site-library --timings RcisTarget.hg19.motifDBs.cisbpOnly.500bp_1.28.0.tar.gz | 
| StartedAt: 2025-10-16 12:47:14 -0400 (Thu, 16 Oct 2025) | 
| EndedAt: 2025-10-16 12:47:50 -0400 (Thu, 16 Oct 2025) | 
| EllapsedTime: 36.6 seconds | 
| RetCode: 0 | 
| Status: WARNINGS | 
| CheckDir: RcisTarget.hg19.motifDBs.cisbpOnly.500bp.Rcheck | 
| Warnings: 1 | 
##############################################################################
##############################################################################
###
### Running command:
###
###   /home/biocbuild/bbs-3.21-bioc/R/bin/R CMD check --install=check:RcisTarget.hg19.motifDBs.cisbpOnly.500bp.install-out.txt --library=/home/biocbuild/bbs-3.21-bioc/R/site-library --timings RcisTarget.hg19.motifDBs.cisbpOnly.500bp_1.28.0.tar.gz
###
##############################################################################
##############################################################################
* using log directory ‘/home/biocbuild/bbs-3.21-data-experiment/meat/RcisTarget.hg19.motifDBs.cisbpOnly.500bp.Rcheck’
* using R version 4.5.1 (2025-06-13)
* using platform: x86_64-pc-linux-gnu
* R was compiled by
    gcc (Ubuntu 13.3.0-6ubuntu2~24.04) 13.3.0
    GNU Fortran (Ubuntu 13.3.0-6ubuntu2~24.04) 13.3.0
* running under: Ubuntu 24.04.3 LTS
* using session charset: UTF-8
* checking for file ‘RcisTarget.hg19.motifDBs.cisbpOnly.500bp/DESCRIPTION’ ... OK
* checking extension type ... Package
* this is package ‘RcisTarget.hg19.motifDBs.cisbpOnly.500bp’ version ‘1.28.0’
* checking package namespace information ... OK
* checking package dependencies ... OK
* checking if this is a source package ... OK
* checking if there is a namespace ... OK
* checking for hidden files and directories ... OK
* checking for portable file names ... OK
* checking for sufficient/correct file permissions ... OK
* checking whether package ‘RcisTarget.hg19.motifDBs.cisbpOnly.500bp’ can be installed ... OK
* checking installed package size ... INFO
  installed size is 53.6Mb
  sub-directories of 1Mb or more:
    data  53.5Mb
* checking package directory ... OK
* checking DESCRIPTION meta-information ... OK
* checking top-level files ... OK
* checking for left-over files ... OK
* checking index information ... OK
* checking package subdirectories ... OK
* checking whether the package can be loaded ... OK
* checking whether the package can be loaded with stated dependencies ... OK
* checking whether the package can be unloaded cleanly ... OK
* checking whether the namespace can be loaded with stated dependencies ... OK
* checking whether the namespace can be unloaded cleanly ... OK
* checking loading without being on the library search path ... OK
* checking Rd files ... NOTE
checkRd: (-1) RcisTarget.hg19.motifDBs.Rd:69: Lost braces in \itemize; meant \describe ?
checkRd: (-1) RcisTarget.hg19.motifDBs.Rd:70: Lost braces in \itemize; meant \describe ?
checkRd: (-1) RcisTarget.hg19.motifDBs.Rd:72-75: Lost braces in \itemize; meant \describe ?
checkRd: (-1) RcisTarget.hg19.motifDBs.Rd:76: Lost braces in \itemize; meant \describe ?
checkRd: (-1) RcisTarget.hg19.motifDBs.Rd:77-80: Lost braces in \itemize; meant \describe ?
* checking Rd metadata ... OK
* checking Rd cross-references ... OK
* checking for missing documentation entries ... OK
* checking for code/documentation mismatches ... OK
* checking Rd \usage sections ... OK
* checking Rd contents ... OK
* checking for unstated dependencies in examples ... OK
* checking contents of ‘data’ directory ... OK
* checking data for non-ASCII characters ... WARNING
  Failed with error:  'there is no package called 'RcisTarget''
  Error loading dataset 'hg19_500bpUpstream_motifRanking_cispbOnly':
   Error in .requirePackage(package) : 
    unable to load required package 'RcisTarget'
  
  The dataset(s) may use package(s) not declared in Depends/Imports.
* checking data for ASCII and uncompressed saves ... OK
* checking examples ... NONE
* checking PDF version of manual ... OK
* DONE
Status: 1 WARNING, 1 NOTE
See
  ‘/home/biocbuild/bbs-3.21-data-experiment/meat/RcisTarget.hg19.motifDBs.cisbpOnly.500bp.Rcheck/00check.log’
for details.
RcisTarget.hg19.motifDBs.cisbpOnly.500bp.Rcheck/00install.out
############################################################################## ############################################################################## ### ### Running command: ### ### /home/biocbuild/bbs-3.21-bioc/R/bin/R CMD INSTALL RcisTarget.hg19.motifDBs.cisbpOnly.500bp ### ############################################################################## ############################################################################## * installing to library ‘/home/biocbuild/bbs-3.21-bioc/R/site-library’ * installing *source* package ‘RcisTarget.hg19.motifDBs.cisbpOnly.500bp’ ... ** this is package ‘RcisTarget.hg19.motifDBs.cisbpOnly.500bp’ version ‘1.28.0’ ** using staged installation ** data ** help *** installing help indices ** building package indices ** testing if installed package can be loaded from temporary location ** testing if installed package can be loaded from final location ** testing if installed package keeps a record of temporary installation path * DONE (RcisTarget.hg19.motifDBs.cisbpOnly.500bp)