Back to Build/check report for BioC 3.21 experimental data |
|
This page was generated on 2025-10-07 15:01 -0400 (Tue, 07 Oct 2025).
Hostname | OS | Arch (*) | R version | Installed pkgs |
---|---|---|---|---|
nebbiolo1 | Linux (Ubuntu 24.04.3 LTS) | x86_64 | 4.5.1 (2025-06-13) -- "Great Square Root" | 4832 |
Click on any hostname to see more info about the system (e.g. compilers) (*) as reported by 'uname -p', except on Windows and Mac OS X |
Package 53/432 | Hostname | OS / Arch | INSTALL | BUILD | CHECK | ||||||||
ChAMPdata 2.40.0 (landing page) Yuan Tian
| nebbiolo1 | Linux (Ubuntu 24.04.3 LTS) / x86_64 | OK | OK | WARNINGS | ![]() | |||||||
To the developers/maintainers of the ChAMPdata package: - Use the following Renviron settings to reproduce errors and warnings. - If 'R CMD check' started to fail recently on the Linux builder(s) over a missing dependency, add the missing dependency to 'Suggests:' in your DESCRIPTION file. See Renviron.bioc for more information. |
Package: ChAMPdata |
Version: 2.40.0 |
Command: /home/biocbuild/bbs-3.21-bioc/R/bin/R CMD check --install=check:ChAMPdata.install-out.txt --library=/home/biocbuild/bbs-3.21-bioc/R/site-library --timings ChAMPdata_2.40.0.tar.gz |
StartedAt: 2025-10-07 12:02:43 -0400 (Tue, 07 Oct 2025) |
EndedAt: 2025-10-07 12:07:33 -0400 (Tue, 07 Oct 2025) |
EllapsedTime: 290.5 seconds |
RetCode: 0 |
Status: WARNINGS |
CheckDir: ChAMPdata.Rcheck |
Warnings: 1 |
############################################################################## ############################################################################## ### ### Running command: ### ### /home/biocbuild/bbs-3.21-bioc/R/bin/R CMD check --install=check:ChAMPdata.install-out.txt --library=/home/biocbuild/bbs-3.21-bioc/R/site-library --timings ChAMPdata_2.40.0.tar.gz ### ############################################################################## ############################################################################## * using log directory ‘/home/biocbuild/bbs-3.21-data-experiment/meat/ChAMPdata.Rcheck’ * using R version 4.5.1 (2025-06-13) * using platform: x86_64-pc-linux-gnu * R was compiled by gcc (Ubuntu 13.3.0-6ubuntu2~24.04) 13.3.0 GNU Fortran (Ubuntu 13.3.0-6ubuntu2~24.04) 13.3.0 * running under: Ubuntu 24.04.3 LTS * using session charset: UTF-8 * checking for file ‘ChAMPdata/DESCRIPTION’ ... OK * checking extension type ... Package * this is package ‘ChAMPdata’ version ‘2.40.0’ * checking package namespace information ... OK * checking package dependencies ... OK * checking if this is a source package ... OK * checking if there is a namespace ... OK * checking for hidden files and directories ... OK * checking for portable file names ... OK * checking for sufficient/correct file permissions ... OK * checking whether package ‘ChAMPdata’ can be installed ... OK * checking installed package size ... INFO installed size is 730.2Mb sub-directories of 1Mb or more: data 606.3Mb extdata 123.7Mb * checking package directory ... OK * checking DESCRIPTION meta-information ... OK * checking top-level files ... OK * checking for left-over files ... OK * checking index information ... OK * checking package subdirectories ... OK * checking whether the package can be loaded ... OK * checking whether the package can be loaded with stated dependencies ... OK * checking whether the package can be unloaded cleanly ... OK * checking whether the namespace can be loaded with stated dependencies ... OK * checking whether the namespace can be unloaded cleanly ... OK * checking loading without being on the library search path ... OK * checking Rd files ... OK * checking Rd metadata ... OK * checking Rd cross-references ... OK * checking for missing documentation entries ... OK * checking for code/documentation mismatches ... OK * checking Rd \usage sections ... OK * checking Rd contents ... OK * checking for unstated dependencies in examples ... OK * checking contents of ‘data’ directory ... OK * checking data for non-ASCII characters ... WARNING Failed with error: 'there is no package called 'minfi'' Error loading dataset 'bloodCtl': Error in .requirePackage(package) : unable to load required package 'minfi' Failed with error: 'there is no package called 'minfi'' Error loading dataset 'myLoad': Error in .requirePackage(package) : unable to load required package 'minfi' The dataset(s) may use package(s) not declared in Depends/Imports. * checking data for ASCII and uncompressed saves ... OK * checking examples ... OK Examples with CPU (user + system) or elapsed time > 5s user system elapsed ChAMPdata-package 34.826 0.843 35.673 testDataSet 10.110 0.265 10.381 * checking PDF version of manual ... OK * DONE Status: 1 WARNING See ‘/home/biocbuild/bbs-3.21-data-experiment/meat/ChAMPdata.Rcheck/00check.log’ for details.
ChAMPdata.Rcheck/00install.out
############################################################################## ############################################################################## ### ### Running command: ### ### /home/biocbuild/bbs-3.21-bioc/R/bin/R CMD INSTALL ChAMPdata ### ############################################################################## ############################################################################## * installing to library ‘/home/biocbuild/bbs-3.21-bioc/R/site-library’ * installing *source* package ‘ChAMPdata’ ... ** this is package ‘ChAMPdata’ version ‘2.40.0’ ** using staged installation ** data ** inst ** help *** installing help indices ** building package indices ** testing if installed package can be loaded from temporary location ** testing if installed package can be loaded from final location ** testing if installed package keeps a record of temporary installation path * DONE (ChAMPdata)
ChAMPdata.Rcheck/ChAMPdata-Ex.timings
name | user | system | elapsed | |
Anno450K | 2.730 | 0.065 | 2.795 | |
AnnoEPIC | 3.848 | 0.064 | 3.914 | |
CellTypeMeans27K | 0.001 | 0.001 | 0.002 | |
CellTypeMeans450K | 0.164 | 0.001 | 0.165 | |
ChAMPdata-package | 34.826 | 0.843 | 35.673 | |
ControlProbes450K | 0.000 | 0.001 | 0.001 | |
ControlProbesEPIC | 0.000 | 0.001 | 0.001 | |
EPIC.manifest.hg19 | 4.753 | 0.212 | 4.965 | |
EPIC.manifest.pop.hg19 | 2.559 | 0.028 | 2.587 | |
EPICSimData | 3.074 | 0.054 | 3.129 | |
MatchGeneName | 0.02 | 0.00 | 0.02 | |
PathwayList | 0.400 | 0.001 | 0.401 | |
bloodCtl | 0.002 | 0.000 | 0.002 | |
hm450.manifest.hg19 | 1.846 | 0.018 | 1.865 | |
hm450.manifest.pop.hg19 | 1.046 | 0.008 | 1.054 | |
hprdAsigH | 2.085 | 0.282 | 2.367 | |
illumina450Gr | 3.714 | 0.062 | 3.776 | |
illuminaEPICGr | 4.199 | 0.018 | 4.217 | |
multi.hit | 0.867 | 0.003 | 0.870 | |
probe.features | 0.696 | 0.006 | 0.702 | |
probe.features.epic | 1.738 | 0.008 | 1.746 | |
probeInfoALL.epic.lv | 0.759 | 0.003 | 0.762 | |
probeInfoALL.lv | 0.528 | 0.002 | 0.529 | |
snp.hit | 0.869 | 0.000 | 0.870 | |
testDataSet | 10.110 | 0.265 | 10.381 | |