| Back to Build/check report for BioC 3.22 experimental data |
|
This page was generated on 2025-11-18 15:41 -0500 (Tue, 18 Nov 2025).
| Hostname | OS | Arch (*) | R version | Installed pkgs |
|---|---|---|---|---|
| nebbiolo2 | Linux (Ubuntu 24.04.3 LTS) | x86_64 | 4.5.2 (2025-10-31) -- "[Not] Part in a Rumble" | 4786 |
| Click on any hostname to see more info about the system (e.g. compilers) (*) as reported by 'uname -p', except on Windows and Mac OS X | ||||
| Package 27/435 | Hostname | OS / Arch | INSTALL | BUILD | CHECK | ||||||||
| BioPlex 1.16.0 (landing page) Ludwig Geistlinger
| nebbiolo2 | Linux (Ubuntu 24.04.3 LTS) / x86_64 | OK | ERROR | skipped | ||||||||
|
To the developers/maintainers of the BioPlex package: - Use the following Renviron settings to reproduce errors and warnings. - If 'R CMD check' started to fail recently on the Linux builder(s) over a missing dependency, add the missing dependency to 'Suggests:' in your DESCRIPTION file. See Renviron.bioc for more information. |
| Package: BioPlex |
| Version: 1.16.0 |
| Command: /home/biocbuild/bbs-3.22-bioc/R/bin/R CMD build --keep-empty-dirs --no-resave-data BioPlex |
| StartedAt: 2025-11-18 11:08:58 -0500 (Tue, 18 Nov 2025) |
| EndedAt: 2025-11-18 11:11:41 -0500 (Tue, 18 Nov 2025) |
| EllapsedTime: 163.1 seconds |
| RetCode: 1 |
| Status: ERROR |
| PackageFile: None |
| PackageFileSize: NA |
##############################################################################
##############################################################################
###
### Running command:
###
### /home/biocbuild/bbs-3.22-bioc/R/bin/R CMD build --keep-empty-dirs --no-resave-data BioPlex
###
##############################################################################
##############################################################################
* checking for file ‘BioPlex/DESCRIPTION’ ... OK
* preparing ‘BioPlex’:
* checking DESCRIPTION meta-information ... OK
* installing the package to build vignettes
* creating vignettes ... ERROR
--- re-building ‘BasicChecks.Rmd’ using rmarkdown
Quitting from BasicChecks.Rmd:180-183 [cnv-seq]
~~~~~~~~~~~~~~~~~~~~~~~~~~~~~~~~~~~~~~~~~~~~~~~~~~~~~~~~~~~~~~~~~~~~~~~~~~~~~~~~
<error/rlang_error>
Error in `.util_download()`:
! bfcadd() failed; see warnings()
---
Backtrace:
▆
1. └─BioPlex::getHEK293GenomeTrack(track = "cnv.hmm", cell.line = "293T")
2. └─BioPlex:::.cacheResource2(rname, track.file)
3. ├─BiocFileCache::bfcadd(bfc, rname, fpath, ...)
4. └─BiocFileCache::bfcadd(bfc, rname, fpath, ...)
5. └─BiocFileCache:::.util_download(...)
~~~~~~~~~~~~~~~~~~~~~~~~~~~~~~~~~~~~~~~~~~~~~~~~~~~~~~~~~~~~~~~~~~~~~~~~~~~~~~~~
Error: processing vignette 'BasicChecks.Rmd' failed with diagnostics:
bfcadd() failed; see warnings()
--- failed re-building ‘BasicChecks.Rmd’
--- re-building ‘BioPlex.Rmd’ using rmarkdown
Quitting from BioPlex.Rmd:254-257 [cnv]
~~~~~~~~~~~~~~~~~~~~~~~~~~~~~~~~~~~~~~~~~~~~~~~~~~~~~~~~~~~~~~~~~~~~~~~~~~~~~~~~
<error/rlang_error>
Error in `.util_download()`:
! bfcadd() failed; see warnings()
---
Backtrace:
▆
1. └─BioPlex::getHEK293GenomeTrack(track = "cnv.hmm", cell.line = "293T")
2. └─BioPlex:::.cacheResource2(rname, track.file)
3. ├─BiocFileCache::bfcadd(bfc, rname, fpath, ...)
4. └─BiocFileCache::bfcadd(bfc, rname, fpath, ...)
5. └─BiocFileCache:::.util_download(...)
~~~~~~~~~~~~~~~~~~~~~~~~~~~~~~~~~~~~~~~~~~~~~~~~~~~~~~~~~~~~~~~~~~~~~~~~~~~~~~~~
Error: processing vignette 'BioPlex.Rmd' failed with diagnostics:
bfcadd() failed; see warnings()
--- failed re-building ‘BioPlex.Rmd’
SUMMARY: processing the following files failed:
‘BasicChecks.Rmd’ ‘BioPlex.Rmd’
Error: Vignette re-building failed.
Execution halted