Back to Books build report for BioC 3.22

This page was generated on 2025-11-07 14:30 -0500 (Fri, 07 Nov 2025).

HostnameOSArch (*)R versionInstalled pkgs
nebbiolo2Linux (Ubuntu 24.04.3 LTS)x86_644.5.1 Patched (2025-08-23 r88802) -- "Great Square Root" 4902
lconwaymacOS 12.7.6 Montereyx86_644.5.1 Patched (2025-09-10 r88807) -- "Great Square Root" 4692
kjohnson3macOS 13.7.7 Venturaarm644.5.1 Patched (2025-09-10 r88807) -- "Great Square Root" 4638
Click on any hostname to see more info about the system (e.g. compilers)      (*) as reported by 'uname -p', except on Windows and Mac OS X

Package 10/11HostnameOS / ArchINSTALLBUILDCHECK
OSTA 1.0.1  (landing page)
Lukas M. Weber
Snapshot Date: 2025-11-07 06:30 -0500 (Fri, 07 Nov 2025)
git_url: https://git.bioconductor.org/packages/OSTA
git_branch: RELEASE_3_22
git_last_commit: fd2effb
git_last_commit_date: 2025-11-04 17:46:40 -0500 (Tue, 04 Nov 2025)
nebbiolo2Linux (Ubuntu 24.04.3 LTS) / x86_64  OK    ERROR  skipped
lconwaymacOS 12.7.6 Monterey / x86_64  OK    ERROR  skipped
kjohnson3macOS 13.7.7 Ventura / arm64  OK    ERROR  skipped


BUILD results for OSTA on nebbiolo2

To the developers/maintainers of the OSTA package:
- Use the following Renviron settings to reproduce errors and warnings.
- If 'R CMD check' started to fail recently on the Linux builder(s) over a missing dependency, add the missing dependency to 'Suggests:' in your DESCRIPTION file. See Renviron.bioc for more information.

raw results


Summary

Package: OSTA
Version: 1.0.1
Command: /home/biocbuild/bbs-3.22-books/R/bin/R CMD build --keep-empty-dirs --no-resave-data OSTA
StartedAt: 2025-11-07 06:48:21 -0500 (Fri, 07 Nov 2025)
EndedAt: 2025-11-07 09:24:59 -0500 (Fri, 07 Nov 2025)
EllapsedTime: 9398.4 seconds
RetCode: 1
Status:   ERROR  
PackageFile: None
PackageFileSize: NA

Command output

##############################################################################
##############################################################################
###
### Running command:
###
###   /home/biocbuild/bbs-3.22-books/R/bin/R CMD build --keep-empty-dirs --no-resave-data OSTA
###
##############################################################################
##############################################################################


* checking for file ‘OSTA/DESCRIPTION’ ... OK
* preparing ‘OSTA’:
* checking DESCRIPTION meta-information ... OK
* installing the package to build vignettes
* creating vignettes ... ERROR
--- re-building ‘stub.Rmd’ using rmarkdown
--- finished re-building ‘stub.Rmd’

quarto render ../inst/

[ 1/41] index.qmd


processing file: index.qmd
1/4 [unnamed-chunk-1]
2/4                  
3/4 [carousel]       
4/4                  
output file: index.knit.md


[ 2/41] pages/bkg-introduction.qmd


processing file: bkg-introduction.qmd
1/5                  
2/5 [unnamed-chunk-1]
3/5                  
4/5 [unnamed-chunk-2]
5/5                  
output file: bkg-introduction.knit.md

Warning message:
In readLines(input) : incomplete final line found on 'bkg-introduction.qmd'

[ 3/41] pages/bkg-spatial-omics.qmd


processing file: bkg-spatial-omics.qmd
1/5                  
2/5 [unnamed-chunk-1]
3/5                  
4/5 [unnamed-chunk-2]
5/5                  
output file: bkg-spatial-omics.knit.md

Warning message:
In readLines(input) :
  incomplete final line found on 'bkg-spatial-omics.qmd'

[ 4/41] pages/bkg-infrastructure.qmd


processing file: bkg-infrastructure.qmd
1/9                        
2/9 [unnamed-chunk-1]      
3/9                        
4/9 [fig-spatialexperiment]
5/9                        
6/9 [fig-spatialdata]      
7/9                        
8/9 [unnamed-chunk-2]      
9/9                        
output file: bkg-infrastructure.knit.md

Warning message:
In readLines(input) :
  incomplete final line found on 'bkg-infrastructure.qmd'

[ 5/41] pages/bkg-ecosystem.qmd


processing file: bkg-ecosystem.qmd
1/23                   
2/23 [unnamed-chunk-1] 
3/23                   
4/23 [unnamed-chunk-2] 
5/23                   
6/23 [unnamed-chunk-3] 
7/23                   
8/23 [unnamed-chunk-4] 
9/23                   
10/23 [unnamed-chunk-5] 
11/23                   
12/23 [unnamed-chunk-6] 
13/23                   
14/23 [unnamed-chunk-7] 
15/23                   
16/23 [unnamed-chunk-8] 
17/23                   
18/23 [unnamed-chunk-9] 
19/23                   
20/23 [unnamed-chunk-10]
21/23                   
22/23 [unnamed-chunk-11]
23/23                   
output file: bkg-ecosystem.knit.md


[ 6/41] pages/bkg-importing-data.qmd


processing file: bkg-importing-data.qmd
1/13                  
2/13 [unnamed-chunk-1]
3/13                  
4/13 [unnamed-chunk-2]
5/13                  
6/13 [unnamed-chunk-3]
7/13                  
8/13 [unnamed-chunk-4]
9/13                  
10/13 [unnamed-chunk-5]
11/13                  
12/13 [unnamed-chunk-6]
13/13                  
output file: bkg-importing-data.knit.md

Warning message:
In readLines(input) :
  incomplete final line found on 'bkg-importing-data.qmd'

[ 7/41] pages/bkg-example-datasets.qmd


processing file: bkg-example-datasets.qmd
1/9                     
2/9 [unnamed-chunk-1]   
3/9                     
4/9 [list-data]         
5/9                     
6/9 [list-stexampledata]
7/9                     
8/9 [unnamed-chunk-2]   
9/9                     
output file: bkg-example-datasets.knit.md

Warning message:
In readLines(input) :
  incomplete final line found on 'bkg-example-datasets.qmd'

[ 8/41] pages/bkg-python-interoperability.qmd


processing file: bkg-python-interoperability.qmd
1/49                    
2/49 [unnamed-chunk-1]  
3/49                    
4/49 [libraries]        
5/49                    
6/49 [install-miniconda]
Retrieving notices: - /home/biocbuild/.local/share/r-miniconda/lib/python3.12/site-packages/urllib3/connectionpool.py:1099: InsecureRequestWarning: Unverified HTTPS request is being made to host 'anaconda.mgb.org'. Adding certificate verification is strongly advised. See: https://urllib3.readthedocs.io/en/latest/advanced-usage.html#tls-warnings
  warnings.warn(
/home/biocbuild/.local/share/r-miniconda/lib/python3.12/site-packages/urllib3/connectionpool.py:1099: InsecureRequestWarning: Unverified HTTPS request is being made to host 'anaconda.mgb.org'. Adding certificate verification is strongly advised. See: https://urllib3.readthedocs.io/en/latest/advanced-usage.html#tls-warnings
  warnings.warn(
\ done
Channels:
 - conda-forge
 - bioconda
Platform: linux-64
Collecting package metadata (repodata.json): ...working... done
Solving environment: ...working... done

# All requested packages already installed.

7/49                    
8/49 [conda-create]     
Channels:
 - conda-forge
 - bioconda
Platform: linux-64
Collecting package metadata (repodata.json): ...working... done
Solving environment: ...working... done

## Package Plan ##

  environment location: /home/biocbuild/.local/share/r-miniconda/envs/py-interop

  added / updated specs:
    - python=3.11


The following NEW packages will be INSTALLED:

  _libgcc_mutex      conda-forge/linux-64::_libgcc_mutex-0.1-conda_forge 
  _openmp_mutex      conda-forge/linux-64::_openmp_mutex-4.5-2_gnu 
  bzip2              conda-forge/linux-64::bzip2-1.0.8-hda65f42_8 
  ca-certificates    conda-forge/noarch::ca-certificates-2025.10.5-hbd8a1cb_0 
  icu                conda-forge/linux-64::icu-75.1-he02047a_0 
  ld_impl_linux-64   conda-forge/linux-64::ld_impl_linux-64-2.44-h1aa0949_4 
  libexpat           conda-forge/linux-64::libexpat-2.7.1-hecca717_0 
  libffi             conda-forge/linux-64::libffi-3.5.2-h9ec8514_0 
  libgcc             conda-forge/linux-64::libgcc-15.2.0-h767d61c_7 
  libgcc-ng          conda-forge/linux-64::libgcc-ng-15.2.0-h69a702a_7 
  libgomp            conda-forge/linux-64::libgomp-15.2.0-h767d61c_7 
  liblzma            conda-forge/linux-64::liblzma-5.8.1-hb9d3cd8_2 
  libnsl             conda-forge/linux-64::libnsl-2.0.1-hb9d3cd8_1 
  libsqlite          conda-forge/linux-64::libsqlite-3.51.0-hee844dc_0 
  libstdcxx          conda-forge/linux-64::libstdcxx-15.2.0-h8f9b012_7 
  libstdcxx-ng       conda-forge/linux-64::libstdcxx-ng-15.2.0-h4852527_7 
  libuuid            conda-forge/linux-64::libuuid-2.41.2-he9a06e4_0 
  libxcrypt          conda-forge/linux-64::libxcrypt-4.4.36-hd590300_1 
  libzlib            conda-forge/linux-64::libzlib-1.3.1-hb9d3cd8_2 
  ncurses            conda-forge/linux-64::ncurses-6.5-h2d0b736_3 
  openssl            conda-forge/linux-64::openssl-3.5.4-h26f9b46_0 
  pip                conda-forge/noarch::pip-25.2-pyh8b19718_0 
  python             conda-forge/linux-64::python-3.11.14-hd63d673_2_cpython 
  readline           conda-forge/linux-64::readline-8.2-h8c095d6_2 
  setuptools         conda-forge/noarch::setuptools-80.9.0-pyhff2d567_0 
  tk                 conda-forge/linux-64::tk-8.6.13-noxft_hd72426e_102 
  tzdata             conda-forge/noarch::tzdata-2025b-h78e105d_0 
  wheel              conda-forge/noarch::wheel-0.45.1-pyhd8ed1ab_1 
  zstd               conda-forge/linux-64::zstd-1.5.7-hb8e6e7a_2 


Preparing transaction: ...working... done
Verifying transaction: ...working... done
Executing transaction: ...working... done
9/49                    
10/49 [conda-list]       
11/49                    
12/49 [deps-conda-forge] 
Channels:
 - conda-forge
 - nodefaults
 - bioconda
Platform: linux-64
Collecting package metadata (repodata.json): ...working... done
Solving environment: ...working... done

## Package Plan ##

  environment location: /home/biocbuild/.local/share/r-miniconda/envs/py-interop

  added / updated specs:
    - libcxx
    - llvm-openmp
    - llvmlite
    - numba


The following NEW packages will be INSTALLED:

  libblas            conda-forge/linux-64::libblas-3.9.0-38_h4a7cf45_openblas 
  libcblas           conda-forge/linux-64::libcblas-3.9.0-38_h0358290_openblas 
  libcxx             conda-forge/linux-64::libcxx-21.1.5-ha0f52bf_0 
  libcxxabi          conda-forge/linux-64::libcxxabi-21.1.5-h9fd08b6_0 
  libgfortran        conda-forge/linux-64::libgfortran-15.2.0-h69a702a_7 
  libgfortran5       conda-forge/linux-64::libgfortran5-15.2.0-hcd61629_7 
  liblapack          conda-forge/linux-64::liblapack-3.9.0-38_h47877c9_openblas 
  libopenblas        conda-forge/linux-64::libopenblas-0.3.30-pthreads_h94d23a6_3 
  llvm-openmp        conda-forge/linux-64::llvm-openmp-21.1.5-h4922eb0_0 
  llvmlite           conda-forge/linux-64::llvmlite-0.45.1-py311h41a00d4_0 
  numba              conda-forge/linux-64::numba-0.62.1-py311h6220fa4_0 
  numpy              conda-forge/linux-64::numpy-2.3.4-py311h2e04523_0 
  python_abi         conda-forge/noarch::python_abi-3.11-8_cp311 



Downloading and Extracting Packages: ...working... done
Preparing transaction: - done
Verifying transaction: | / - \ | / - \ | / - \ | / - \ done
Executing transaction: / - done
13/49                    
14/49 [deps-pypi]        
+ . /home/biocbuild/.local/share/r-miniconda/bin/activate
+ conda activate 'py-interop'
+ '/home/biocbuild/.local/share/r-miniconda/envs/py-interop/bin/python' -m pip install --upgrade --no-user 'Dask==2024.12.1' 'zarr==2.18.7' 'squidpy==1.6.2'
Collecting Dask==2024.12.1
  Using cached dask-2024.12.1-py3-none-any.whl.metadata (3.7 kB)
Collecting zarr==2.18.7
  Using cached zarr-2.18.7-py3-none-any.whl.metadata (5.8 kB)
Collecting squidpy==1.6.2
  Using cached squidpy-1.6.2-py3-none-any.whl.metadata (8.8 kB)
Collecting click>=8.1 (from Dask==2024.12.1)
  Using cached click-8.3.0-py3-none-any.whl.metadata (2.6 kB)
Collecting cloudpickle>=3.0.0 (from Dask==2024.12.1)
  Using cached cloudpickle-3.1.2-py3-none-any.whl.metadata (7.1 kB)
Collecting fsspec>=2021.09.0 (from Dask==2024.12.1)
  Using cached fsspec-2025.10.0-py3-none-any.whl.metadata (10 kB)
Collecting packaging>=20.0 (from Dask==2024.12.1)
  Using cached packaging-25.0-py3-none-any.whl.metadata (3.3 kB)
Collecting partd>=1.4.0 (from Dask==2024.12.1)
  Using cached partd-1.4.2-py3-none-any.whl.metadata (4.6 kB)
Collecting pyyaml>=5.3.1 (from Dask==2024.12.1)
  Using cached pyyaml-6.0.3-cp311-cp311-manylinux2014_x86_64.manylinux_2_17_x86_64.manylinux_2_28_x86_64.whl.metadata (2.4 kB)
Collecting toolz>=0.10.0 (from Dask==2024.12.1)
  Using cached toolz-1.1.0-py3-none-any.whl.metadata (5.1 kB)
Collecting importlib_metadata>=4.13.0 (from Dask==2024.12.1)
  Using cached importlib_metadata-8.7.0-py3-none-any.whl.metadata (4.8 kB)
Collecting asciitree (from zarr==2.18.7)
  Using cached asciitree-0.3.3-py3-none-any.whl
Requirement already satisfied: numpy>=1.24 in /home/biocbuild/.local/share/r-miniconda/envs/py-interop/lib/python3.11/site-packages (from zarr==2.18.7) (2.3.4)
Collecting fasteners (from zarr==2.18.7)
  Using cached fasteners-0.20-py3-none-any.whl.metadata (4.8 kB)
Collecting numcodecs!=0.14.0,!=0.14.1,<0.16,>=0.10.0 (from zarr==2.18.7)
  Using cached numcodecs-0.15.1-cp311-cp311-manylinux_2_17_x86_64.manylinux2014_x86_64.whl.metadata (2.9 kB)
Collecting aiohttp>=3.8.1 (from squidpy==1.6.2)
  Using cached aiohttp-3.13.2-cp311-cp311-manylinux2014_x86_64.manylinux_2_17_x86_64.manylinux_2_28_x86_64.whl.metadata (8.1 kB)
Collecting anndata>=0.9 (from squidpy==1.6.2)
  Downloading anndata-0.12.6-py3-none-any.whl.metadata (10.0 kB)
Collecting cycler>=0.11.0 (from squidpy==1.6.2)
  Using cached cycler-0.12.1-py3-none-any.whl.metadata (3.8 kB)
Collecting dask-image>=0.5.0 (from squidpy==1.6.2)
  Using cached dask_image-2024.5.3-py3-none-any.whl.metadata (2.8 kB)
Collecting docrep>=0.3.1 (from squidpy==1.6.2)
  Using cached docrep-0.3.2-py3-none-any.whl
Collecting leidenalg>=0.8.2 (from squidpy==1.6.2)
  Using cached leidenalg-0.11.0-cp38-abi3-manylinux_2_27_x86_64.manylinux_2_28_x86_64.whl.metadata (10 kB)
Collecting matplotlib-scalebar>=0.8.0 (from squidpy==1.6.2)
  Using cached matplotlib_scalebar-0.9.0-py3-none-any.whl.metadata (18 kB)
Collecting matplotlib>=3.3 (from squidpy==1.6.2)
  Using cached matplotlib-3.10.7-cp311-cp311-manylinux2014_x86_64.manylinux_2_17_x86_64.whl.metadata (11 kB)
Collecting networkx>=2.6.0 (from squidpy==1.6.2)
  Using cached networkx-3.5-py3-none-any.whl.metadata (6.3 kB)
Requirement already satisfied: numba>=0.56.4 in /home/biocbuild/.local/share/r-miniconda/envs/py-interop/lib/python3.11/site-packages (from squidpy==1.6.2) (0.62.1)
Collecting omnipath>=1.0.7 (from squidpy==1.6.2)
  Using cached omnipath-1.0.12-py3-none-any.whl.metadata (7.0 kB)
Collecting pandas>=2.1.0 (from squidpy==1.6.2)
  Using cached pandas-2.3.3-cp311-cp311-manylinux_2_24_x86_64.manylinux_2_28_x86_64.whl.metadata (91 kB)
Collecting pillow>=8.0.0 (from squidpy==1.6.2)
  Using cached pillow-12.0.0-cp311-cp311-manylinux_2_27_x86_64.manylinux_2_28_x86_64.whl.metadata (8.8 kB)
Collecting scanpy>=1.9.3 (from squidpy==1.6.2)
  Using cached scanpy-1.11.5-py3-none-any.whl.metadata (9.3 kB)
Collecting scikit-image>=0.20 (from squidpy==1.6.2)
  Using cached scikit_image-0.25.2-cp311-cp311-manylinux_2_17_x86_64.manylinux2014_x86_64.whl.metadata (14 kB)
Collecting scikit-learn>=0.24.0 (from squidpy==1.6.2)
  Using cached scikit_learn-1.7.2-cp311-cp311-manylinux2014_x86_64.manylinux_2_17_x86_64.whl.metadata (11 kB)
Collecting spatialdata>=0.2.5 (from squidpy==1.6.2)
  Using cached spatialdata-0.6.0-py3-none-any.whl.metadata (10 kB)
Collecting statsmodels>=0.12.0 (from squidpy==1.6.2)
  Using cached statsmodels-0.14.5-cp311-cp311-manylinux2014_x86_64.manylinux_2_17_x86_64.manylinux_2_28_x86_64.whl.metadata (9.5 kB)
Collecting tifffile!=2022.4.22 (from squidpy==1.6.2)
  Using cached tifffile-2025.10.16-py3-none-any.whl.metadata (31 kB)
Collecting tqdm>=4.50.2 (from squidpy==1.6.2)
  Using cached tqdm-4.67.1-py3-none-any.whl.metadata (57 kB)
Collecting validators>=0.18.2 (from squidpy==1.6.2)
  Using cached validators-0.35.0-py3-none-any.whl.metadata (3.9 kB)
Collecting xarray<2024.10.0,>=0.16.1 (from squidpy==1.6.2)
  Using cached xarray-2024.9.0-py3-none-any.whl.metadata (11 kB)
Collecting deprecated (from numcodecs!=0.14.0,!=0.14.1,<0.16,>=0.10.0->zarr==2.18.7)
  Using cached deprecated-1.3.1-py2.py3-none-any.whl.metadata (5.9 kB)
Collecting aiohappyeyeballs>=2.5.0 (from aiohttp>=3.8.1->squidpy==1.6.2)
  Using cached aiohappyeyeballs-2.6.1-py3-none-any.whl.metadata (5.9 kB)
Collecting aiosignal>=1.4.0 (from aiohttp>=3.8.1->squidpy==1.6.2)
  Using cached aiosignal-1.4.0-py3-none-any.whl.metadata (3.7 kB)
Collecting attrs>=17.3.0 (from aiohttp>=3.8.1->squidpy==1.6.2)
  Using cached attrs-25.4.0-py3-none-any.whl.metadata (10 kB)
Collecting frozenlist>=1.1.1 (from aiohttp>=3.8.1->squidpy==1.6.2)
  Using cached frozenlist-1.8.0-cp311-cp311-manylinux1_x86_64.manylinux_2_28_x86_64.manylinux_2_5_x86_64.whl.metadata (20 kB)
Collecting multidict<7.0,>=4.5 (from aiohttp>=3.8.1->squidpy==1.6.2)
  Using cached multidict-6.7.0-cp311-cp311-manylinux2014_x86_64.manylinux_2_17_x86_64.manylinux_2_28_x86_64.whl.metadata (5.3 kB)
Collecting propcache>=0.2.0 (from aiohttp>=3.8.1->squidpy==1.6.2)
  Using cached propcache-0.4.1-cp311-cp311-manylinux2014_x86_64.manylinux_2_17_x86_64.manylinux_2_28_x86_64.whl.metadata (13 kB)
Collecting yarl<2.0,>=1.17.0 (from aiohttp>=3.8.1->squidpy==1.6.2)
  Using cached yarl-1.22.0-cp311-cp311-manylinux2014_x86_64.manylinux_2_17_x86_64.manylinux_2_28_x86_64.whl.metadata (75 kB)
Collecting idna>=2.0 (from yarl<2.0,>=1.17.0->aiohttp>=3.8.1->squidpy==1.6.2)
  Using cached idna-3.11-py3-none-any.whl.metadata (8.4 kB)
Collecting typing-extensions>=4.2 (from aiosignal>=1.4.0->aiohttp>=3.8.1->squidpy==1.6.2)
  Using cached typing_extensions-4.15.0-py3-none-any.whl.metadata (3.3 kB)
Collecting array-api-compat>=1.7.1 (from anndata>=0.9->squidpy==1.6.2)
  Using cached array_api_compat-1.12.0-py3-none-any.whl.metadata (2.5 kB)
Collecting h5py>=3.8 (from anndata>=0.9->squidpy==1.6.2)
  Using cached h5py-3.15.1-cp311-cp311-manylinux_2_27_x86_64.manylinux_2_28_x86_64.whl.metadata (3.0 kB)
Collecting legacy-api-wrap (from anndata>=0.9->squidpy==1.6.2)
  Using cached legacy_api_wrap-1.5-py3-none-any.whl.metadata (2.2 kB)
Collecting natsort (from anndata>=0.9->squidpy==1.6.2)
  Using cached natsort-8.4.0-py3-none-any.whl.metadata (21 kB)
Collecting scipy>=1.12 (from anndata>=0.9->squidpy==1.6.2)
  Using cached scipy-1.16.3-cp311-cp311-manylinux2014_x86_64.manylinux_2_17_x86_64.whl.metadata (62 kB)
Collecting pims>=0.4.1 (from dask-image>=0.5.0->squidpy==1.6.2)
  Using cached pims-0.7-py3-none-any.whl
Collecting dask-expr<1.2,>=1.1 (from dask[array,dataframe]>=2024.4.1->dask-image>=0.5.0->squidpy==1.6.2)
  Using cached dask_expr-1.1.21-py3-none-any.whl.metadata (2.6 kB)
Collecting pyarrow>=14.0.1 (from dask-expr<1.2,>=1.1->dask[array,dataframe]>=2024.4.1->dask-image>=0.5.0->squidpy==1.6.2)
  Using cached pyarrow-22.0.0-cp311-cp311-manylinux_2_28_x86_64.whl.metadata (3.2 kB)
Collecting six (from docrep>=0.3.1->squidpy==1.6.2)
  Using cached six-1.17.0-py2.py3-none-any.whl.metadata (1.7 kB)
Collecting zipp>=3.20 (from importlib_metadata>=4.13.0->Dask==2024.12.1)
  Using cached zipp-3.23.0-py3-none-any.whl.metadata (3.6 kB)
Collecting igraph<2.0,>=1.0.0 (from leidenalg>=0.8.2->squidpy==1.6.2)
  Using cached igraph-1.0.0-cp39-abi3-manylinux_2_28_x86_64.whl.metadata (4.4 kB)
Collecting texttable>=1.6.2 (from igraph<2.0,>=1.0.0->leidenalg>=0.8.2->squidpy==1.6.2)
  Using cached texttable-1.7.0-py2.py3-none-any.whl.metadata (9.8 kB)
Collecting contourpy>=1.0.1 (from matplotlib>=3.3->squidpy==1.6.2)
  Using cached contourpy-1.3.3-cp311-cp311-manylinux_2_27_x86_64.manylinux_2_28_x86_64.whl.metadata (5.5 kB)
Collecting fonttools>=4.22.0 (from matplotlib>=3.3->squidpy==1.6.2)
  Using cached fonttools-4.60.1-cp311-cp311-manylinux2014_x86_64.manylinux_2_17_x86_64.whl.metadata (112 kB)
Collecting kiwisolver>=1.3.1 (from matplotlib>=3.3->squidpy==1.6.2)
  Using cached kiwisolver-1.4.9-cp311-cp311-manylinux2014_x86_64.manylinux_2_17_x86_64.whl.metadata (6.3 kB)
Collecting pyparsing>=3 (from matplotlib>=3.3->squidpy==1.6.2)
  Using cached pyparsing-3.2.5-py3-none-any.whl.metadata (5.0 kB)
Collecting python-dateutil>=2.7 (from matplotlib>=3.3->squidpy==1.6.2)
  Using cached python_dateutil-2.9.0.post0-py2.py3-none-any.whl.metadata (8.4 kB)
Requirement already satisfied: llvmlite<0.46,>=0.45.0dev0 in /home/biocbuild/.local/share/r-miniconda/envs/py-interop/lib/python3.11/site-packages (from numba>=0.56.4->squidpy==1.6.2) (0.45.1)
Collecting inflect>=4.1.0 (from omnipath>=1.0.7->squidpy==1.6.2)
  Using cached inflect-7.5.0-py3-none-any.whl.metadata (24 kB)
Collecting requests>=2.24.0 (from omnipath>=1.0.7->squidpy==1.6.2)
  Using cached requests-2.32.5-py3-none-any.whl.metadata (4.9 kB)
Collecting urllib3>=1.26.0 (from omnipath>=1.0.7->squidpy==1.6.2)
  Using cached urllib3-2.5.0-py3-none-any.whl.metadata (6.5 kB)
Collecting wrapt>=1.12.0 (from omnipath>=1.0.7->squidpy==1.6.2)
  Downloading wrapt-2.0.1-cp311-cp311-manylinux1_x86_64.manylinux_2_28_x86_64.manylinux_2_5_x86_64.whl.metadata (9.0 kB)
Collecting more_itertools>=8.5.0 (from inflect>=4.1.0->omnipath>=1.0.7->squidpy==1.6.2)
  Using cached more_itertools-10.8.0-py3-none-any.whl.metadata (39 kB)
Collecting typeguard>=4.0.1 (from inflect>=4.1.0->omnipath>=1.0.7->squidpy==1.6.2)
  Using cached typeguard-4.4.4-py3-none-any.whl.metadata (3.3 kB)
Collecting pytz>=2020.1 (from pandas>=2.1.0->squidpy==1.6.2)
  Using cached pytz-2025.2-py2.py3-none-any.whl.metadata (22 kB)
Collecting tzdata>=2022.7 (from pandas>=2.1.0->squidpy==1.6.2)
  Using cached tzdata-2025.2-py2.py3-none-any.whl.metadata (1.4 kB)
Collecting locket (from partd>=1.4.0->Dask==2024.12.1)
  Using cached locket-1.0.0-py2.py3-none-any.whl.metadata (2.8 kB)
Collecting imageio (from pims>=0.4.1->dask-image>=0.5.0->squidpy==1.6.2)
  Using cached imageio-2.37.2-py3-none-any.whl.metadata (9.7 kB)
Collecting slicerator>=0.9.8 (from pims>=0.4.1->dask-image>=0.5.0->squidpy==1.6.2)
  Using cached slicerator-1.1.0-py3-none-any.whl.metadata (1.9 kB)
Collecting charset_normalizer<4,>=2 (from requests>=2.24.0->omnipath>=1.0.7->squidpy==1.6.2)
  Using cached charset_normalizer-3.4.4-cp311-cp311-manylinux2014_x86_64.manylinux_2_17_x86_64.manylinux_2_28_x86_64.whl.metadata (37 kB)
Collecting certifi>=2017.4.17 (from requests>=2.24.0->omnipath>=1.0.7->squidpy==1.6.2)
  Using cached certifi-2025.10.5-py3-none-any.whl.metadata (2.5 kB)
Collecting joblib (from scanpy>=1.9.3->squidpy==1.6.2)
  Using cached joblib-1.5.2-py3-none-any.whl.metadata (5.6 kB)
Collecting patsy!=1.0.0 (from scanpy>=1.9.3->squidpy==1.6.2)
  Using cached patsy-1.0.2-py2.py3-none-any.whl.metadata (3.6 kB)
Collecting pynndescent>=0.5.13 (from scanpy>=1.9.3->squidpy==1.6.2)
  Using cached pynndescent-0.5.13-py3-none-any.whl.metadata (6.8 kB)
Collecting seaborn>=0.13.2 (from scanpy>=1.9.3->squidpy==1.6.2)
  Using cached seaborn-0.13.2-py3-none-any.whl.metadata (5.4 kB)
Collecting session-info2 (from scanpy>=1.9.3->squidpy==1.6.2)
  Using cached session_info2-0.2.3-py3-none-any.whl.metadata (3.4 kB)
Collecting umap-learn>=0.5.6 (from scanpy>=1.9.3->squidpy==1.6.2)
  Using cached umap_learn-0.5.9.post2-py3-none-any.whl.metadata (25 kB)
Collecting lazy-loader>=0.4 (from scikit-image>=0.20->squidpy==1.6.2)
  Using cached lazy_loader-0.4-py3-none-any.whl.metadata (7.6 kB)
Collecting threadpoolctl>=3.1.0 (from scikit-learn>=0.24.0->squidpy==1.6.2)
  Using cached threadpoolctl-3.6.0-py3-none-any.whl.metadata (13 kB)
INFO: pip is looking at multiple versions of spatialdata to determine which version is compatible with other requirements. This could take a while.
Collecting spatialdata>=0.2.5 (from squidpy==1.6.2)
  Using cached spatialdata-0.5.0-py3-none-any.whl.metadata (10 kB)
  Using cached spatialdata-0.4.0-py3-none-any.whl.metadata (10 kB)
  Using cached spatialdata-0.3.0-py3-none-any.whl.metadata (9.8 kB)
  Using cached spatialdata-0.2.6-py3-none-any.whl.metadata (9.6 kB)
Collecting fsspec>=2021.09.0 (from Dask==2024.12.1)
  Using cached fsspec-2023.6.0-py3-none-any.whl.metadata (6.7 kB)
Collecting geopandas>=0.14 (from spatialdata>=0.2.5->squidpy==1.6.2)
  Using cached geopandas-1.1.1-py3-none-any.whl.metadata (2.3 kB)
Collecting multiscale-spatial-image>=2.0.2 (from spatialdata>=0.2.5->squidpy==1.6.2)
  Using cached multiscale_spatial_image-2.0.3-py3-none-any.whl.metadata (25 kB)
Collecting ome-zarr>=0.8.4 (from spatialdata>=0.2.5->squidpy==1.6.2)
  Using cached ome_zarr-0.12.2-py3-none-any.whl.metadata (2.9 kB)
Collecting pooch (from spatialdata>=0.2.5->squidpy==1.6.2)
  Using cached pooch-1.8.2-py3-none-any.whl.metadata (10 kB)
Collecting rich (from spatialdata>=0.2.5->squidpy==1.6.2)
  Using cached rich-14.2.0-py3-none-any.whl.metadata (18 kB)
Requirement already satisfied: setuptools in /home/biocbuild/.local/share/r-miniconda/envs/py-interop/lib/python3.11/site-packages (from spatialdata>=0.2.5->squidpy==1.6.2) (80.9.0)
Collecting shapely>=2.0.1 (from spatialdata>=0.2.5->squidpy==1.6.2)
  Using cached shapely-2.1.2-cp311-cp311-manylinux2014_x86_64.manylinux_2_17_x86_64.whl.metadata (6.8 kB)
Collecting spatial-image>=1.1.0 (from spatialdata>=0.2.5->squidpy==1.6.2)
  Using cached spatial_image-1.2.3-py3-none-any.whl.metadata (7.0 kB)
Collecting xarray-schema (from spatialdata>=0.2.5->squidpy==1.6.2)
  Using cached xarray_schema-0.0.3-py3-none-any.whl.metadata (4.3 kB)
Collecting xarray-spatial>=0.3.5 (from spatialdata>=0.2.5->squidpy==1.6.2)
  Using cached xarray_spatial-0.4.0-py3-none-any.whl.metadata (16 kB)
Collecting spatialdata>=0.2.5 (from squidpy==1.6.2)
  Using cached spatialdata-0.2.5.post0-py3-none-any.whl.metadata (9.6 kB)
Collecting multiscale-spatial-image<2.0.0,>=1.0.0 (from spatialdata>=0.2.5->squidpy==1.6.2)
  Using cached multiscale_spatial_image-1.0.1-py3-none-any.whl.metadata (22 kB)
Collecting xarray-datatree (from spatialdata>=0.2.5->squidpy==1.6.2)
  Using cached xarray_datatree-0.0.15-py3-none-any.whl.metadata (7.6 kB)
Collecting pyogrio>=0.7.2 (from geopandas>=0.14->spatialdata>=0.2.5->squidpy==1.6.2)
  Using cached pyogrio-0.11.1-cp311-cp311-manylinux_2_28_x86_64.whl.metadata (5.3 kB)
Collecting pyproj>=3.5.0 (from geopandas>=0.14->spatialdata>=0.2.5->squidpy==1.6.2)
  Using cached pyproj-3.7.2-cp311-cp311-manylinux_2_28_x86_64.whl.metadata (31 kB)
INFO: pip is looking at multiple versions of ome-zarr to determine which version is compatible with other requirements. This could take a while.
Collecting ome-zarr>=0.8.4 (from spatialdata>=0.2.5->squidpy==1.6.2)
  Using cached ome_zarr-0.12.1-py3-none-any.whl.metadata (2.9 kB)
  Using cached ome_zarr-0.12.0-py3-none-any.whl.metadata (2.9 kB)
  Using cached ome_zarr-0.11.1-py3-none-any.whl.metadata (2.9 kB)
Collecting s3fs (from fsspec[s3]!=2021.07.0,!=2023.9.0,>=0.8->ome-zarr>=0.8.4->spatialdata>=0.2.5->squidpy==1.6.2)
  Using cached s3fs-2025.10.0-py3-none-any.whl.metadata (1.4 kB)
Collecting xarray-dataclass>=3.0.0 (from spatial-image>=1.1.0->spatialdata>=0.2.5->squidpy==1.6.2)
  Using cached xarray_dataclass-3.0.0-py3-none-any.whl.metadata (14 kB)
INFO: pip is looking at multiple versions of spatial-image to determine which version is compatible with other requirements. This could take a while.
Collecting spatial-image>=1.1.0 (from spatialdata>=0.2.5->squidpy==1.6.2)
  Using cached spatial_image-1.2.2-py3-none-any.whl.metadata (7.0 kB)
  Using cached spatial_image-1.2.1-py3-none-any.whl.metadata (7.0 kB)
Collecting xarray-dataclasses (from spatial-image>=1.1.0->spatialdata>=0.2.5->squidpy==1.6.2)
  Using cached xarray_dataclasses-1.9.1-py3-none-any.whl.metadata (10 kB)
Collecting spatial-image>=1.1.0 (from spatialdata>=0.2.5->squidpy==1.6.2)
  Using cached spatial_image-1.2.0-py3-none-any.whl.metadata (7.0 kB)
  Using cached spatial_image-1.1.0-py3-none-any.whl.metadata (5.5 kB)
Collecting xarray<2024.10.0,>=0.16.1 (from squidpy==1.6.2)
  Using cached xarray-2024.7.0-py3-none-any.whl.metadata (11 kB)
Collecting datashader>=0.15.0 (from xarray-spatial>=0.3.5->spatialdata>=0.2.5->squidpy==1.6.2)
  Using cached datashader-0.18.2-py3-none-any.whl.metadata (7.6 kB)
Collecting colorcet (from datashader>=0.15.0->xarray-spatial>=0.3.5->spatialdata>=0.2.5->squidpy==1.6.2)
  Using cached colorcet-3.1.0-py3-none-any.whl.metadata (6.3 kB)
Collecting multipledispatch (from datashader>=0.15.0->xarray-spatial>=0.3.5->spatialdata>=0.2.5->squidpy==1.6.2)
  Using cached multipledispatch-1.0.0-py3-none-any.whl.metadata (3.8 kB)
Collecting param (from datashader>=0.15.0->xarray-spatial>=0.3.5->spatialdata>=0.2.5->squidpy==1.6.2)
  Using cached param-2.2.1-py3-none-any.whl.metadata (6.6 kB)
Collecting pyct (from datashader>=0.15.0->xarray-spatial>=0.3.5->spatialdata>=0.2.5->squidpy==1.6.2)
  Using cached pyct-0.6.0-py3-none-any.whl.metadata (7.2 kB)
Collecting platformdirs>=2.5.0 (from pooch->spatialdata>=0.2.5->squidpy==1.6.2)
  Using cached platformdirs-4.5.0-py3-none-any.whl.metadata (12 kB)
Collecting markdown-it-py>=2.2.0 (from rich->spatialdata>=0.2.5->squidpy==1.6.2)
  Using cached markdown_it_py-4.0.0-py3-none-any.whl.metadata (7.3 kB)
Collecting pygments<3.0.0,>=2.13.0 (from rich->spatialdata>=0.2.5->squidpy==1.6.2)
  Using cached pygments-2.19.2-py3-none-any.whl.metadata (2.5 kB)
Collecting mdurl~=0.1 (from markdown-it-py>=2.2.0->rich->spatialdata>=0.2.5->squidpy==1.6.2)
  Using cached mdurl-0.1.2-py3-none-any.whl.metadata (1.6 kB)
Collecting aiobotocore<3.0.0,>=2.5.4 (from s3fs->fsspec[s3]!=2021.07.0,!=2023.9.0,>=0.8->ome-zarr>=0.8.4->spatialdata>=0.2.5->squidpy==1.6.2)
  Using cached aiobotocore-2.25.1-py3-none-any.whl.metadata (25 kB)
INFO: pip is looking at multiple versions of s3fs to determine which version is compatible with other requirements. This could take a while.
Collecting s3fs (from fsspec[s3]!=2021.07.0,!=2023.9.0,>=0.8->ome-zarr>=0.8.4->spatialdata>=0.2.5->squidpy==1.6.2)
  Using cached s3fs-2025.9.0-py3-none-any.whl.metadata (1.4 kB)
  Using cached s3fs-2025.7.0-py3-none-any.whl.metadata (1.4 kB)
  Using cached s3fs-2025.5.1-py3-none-any.whl.metadata (1.9 kB)
  Using cached s3fs-2025.5.0-py3-none-any.whl.metadata (1.9 kB)
  Using cached s3fs-2025.3.2-py3-none-any.whl.metadata (1.9 kB)
  Using cached s3fs-2025.3.1-py3-none-any.whl.metadata (1.9 kB)
  Using cached s3fs-2025.3.0-py3-none-any.whl.metadata (1.9 kB)
INFO: pip is still looking at multiple versions of s3fs to determine which version is compatible with other requirements. This could take a while.
  Using cached s3fs-2025.2.0-py3-none-any.whl.metadata (1.9 kB)
  Using cached s3fs-2024.12.0-py3-none-any.whl.metadata (1.6 kB)
  Using cached s3fs-2024.10.0-py3-none-any.whl.metadata (1.7 kB)
  Using cached s3fs-2024.9.0-py3-none-any.whl.metadata (1.6 kB)
  Using cached s3fs-2024.6.1-py3-none-any.whl.metadata (1.6 kB)
INFO: This is taking longer than usual. You might need to provide the dependency resolver with stricter constraints to reduce runtime. See https://pip.pypa.io/warnings/backtracking for guidance. If you want to abort this run, press Ctrl + C.
  Using cached s3fs-2024.6.0-py3-none-any.whl.metadata (1.6 kB)
  Using cached s3fs-2024.5.0-py3-none-any.whl.metadata (1.6 kB)
  Using cached s3fs-2024.3.1-py3-none-any.whl.metadata (1.6 kB)
  Using cached s3fs-2024.3.0-py3-none-any.whl.metadata (1.6 kB)
  Using cached s3fs-2024.2.0-py3-none-any.whl.metadata (1.6 kB)
  Using cached s3fs-2023.12.2-py3-none-any.whl.metadata (1.6 kB)
  Using cached s3fs-2023.12.1-py3-none-any.whl.metadata (1.6 kB)
  Using cached s3fs-2023.10.0-py3-none-any.whl.metadata (1.6 kB)
Collecting aiobotocore~=2.7.0 (from s3fs->fsspec[s3]!=2021.07.0,!=2023.9.0,>=0.8->ome-zarr>=0.8.4->spatialdata>=0.2.5->squidpy==1.6.2)
  Using cached aiobotocore-2.7.0-py3-none-any.whl.metadata (20 kB)
Collecting s3fs (from fsspec[s3]!=2021.07.0,!=2023.9.0,>=0.8->ome-zarr>=0.8.4->spatialdata>=0.2.5->squidpy==1.6.2)
  Using cached s3fs-2023.9.2-py3-none-any.whl.metadata (1.6 kB)
Collecting aiobotocore~=2.5.4 (from s3fs->fsspec[s3]!=2021.07.0,!=2023.9.0,>=0.8->ome-zarr>=0.8.4->spatialdata>=0.2.5->squidpy==1.6.2)
  Using cached aiobotocore-2.5.4-py3-none-any.whl.metadata (19 kB)
Collecting s3fs (from fsspec[s3]!=2021.07.0,!=2023.9.0,>=0.8->ome-zarr>=0.8.4->spatialdata>=0.2.5->squidpy==1.6.2)
  Using cached s3fs-2023.9.1-py3-none-any.whl.metadata (1.6 kB)
  Using cached s3fs-2023.9.0-py3-none-any.whl.metadata (1.6 kB)
  Using cached s3fs-2023.6.0-py3-none-any.whl.metadata (1.6 kB)
Collecting botocore<1.31.18,>=1.31.17 (from aiobotocore~=2.5.4->s3fs->fsspec[s3]!=2021.07.0,!=2023.9.0,>=0.8->ome-zarr>=0.8.4->spatialdata>=0.2.5->squidpy==1.6.2)
  Using cached botocore-1.31.17-py3-none-any.whl.metadata (5.9 kB)
Collecting wrapt>=1.12.0 (from omnipath>=1.0.7->squidpy==1.6.2)
  Using cached wrapt-1.17.3-cp311-cp311-manylinux1_x86_64.manylinux_2_28_x86_64.manylinux_2_5_x86_64.whl.metadata (6.4 kB)
Collecting aioitertools<1.0.0,>=0.5.1 (from aiobotocore~=2.5.4->s3fs->fsspec[s3]!=2021.07.0,!=2023.9.0,>=0.8->ome-zarr>=0.8.4->spatialdata>=0.2.5->squidpy==1.6.2)
  Downloading aioitertools-0.13.0-py3-none-any.whl.metadata (3.3 kB)
Collecting jmespath<2.0.0,>=0.7.1 (from botocore<1.31.18,>=1.31.17->aiobotocore~=2.5.4->s3fs->fsspec[s3]!=2021.07.0,!=2023.9.0,>=0.8->ome-zarr>=0.8.4->spatialdata>=0.2.5->squidpy==1.6.2)
  Using cached jmespath-1.0.1-py3-none-any.whl.metadata (7.6 kB)
Collecting urllib3>=1.26.0 (from omnipath>=1.0.7->squidpy==1.6.2)
  Using cached urllib3-1.26.20-py2.py3-none-any.whl.metadata (50 kB)
Using cached dask-2024.12.1-py3-none-any.whl (1.3 MB)
Using cached zarr-2.18.7-py3-none-any.whl (211 kB)
Using cached squidpy-1.6.2-py3-none-any.whl (151 kB)
Using cached numcodecs-0.15.1-cp311-cp311-manylinux_2_17_x86_64.manylinux2014_x86_64.whl (8.9 MB)
Using cached aiohttp-3.13.2-cp311-cp311-manylinux2014_x86_64.manylinux_2_17_x86_64.manylinux_2_28_x86_64.whl (1.7 MB)
Using cached multidict-6.7.0-cp311-cp311-manylinux2014_x86_64.manylinux_2_17_x86_64.manylinux_2_28_x86_64.whl (246 kB)
Using cached yarl-1.22.0-cp311-cp311-manylinux2014_x86_64.manylinux_2_17_x86_64.manylinux_2_28_x86_64.whl (365 kB)
Using cached aiohappyeyeballs-2.6.1-py3-none-any.whl (15 kB)
Using cached aiosignal-1.4.0-py3-none-any.whl (7.5 kB)
Downloading anndata-0.12.6-py3-none-any.whl (172 kB)
Using cached array_api_compat-1.12.0-py3-none-any.whl (58 kB)
Using cached attrs-25.4.0-py3-none-any.whl (67 kB)
Using cached click-8.3.0-py3-none-any.whl (107 kB)
Using cached cloudpickle-3.1.2-py3-none-any.whl (22 kB)
Using cached cycler-0.12.1-py3-none-any.whl (8.3 kB)
Using cached dask_image-2024.5.3-py3-none-any.whl (59 kB)
Using cached dask_expr-1.1.21-py3-none-any.whl (244 kB)
Using cached frozenlist-1.8.0-cp311-cp311-manylinux1_x86_64.manylinux_2_28_x86_64.manylinux_2_5_x86_64.whl (231 kB)
Using cached h5py-3.15.1-cp311-cp311-manylinux_2_27_x86_64.manylinux_2_28_x86_64.whl (4.7 MB)
Using cached idna-3.11-py3-none-any.whl (71 kB)
Using cached importlib_metadata-8.7.0-py3-none-any.whl (27 kB)
Using cached leidenalg-0.11.0-cp38-abi3-manylinux_2_27_x86_64.manylinux_2_28_x86_64.whl (2.7 MB)
Using cached igraph-1.0.0-cp39-abi3-manylinux_2_28_x86_64.whl (5.7 MB)
Using cached matplotlib-3.10.7-cp311-cp311-manylinux2014_x86_64.manylinux_2_17_x86_64.whl (8.7 MB)
Using cached contourpy-1.3.3-cp311-cp311-manylinux_2_27_x86_64.manylinux_2_28_x86_64.whl (355 kB)
Using cached fonttools-4.60.1-cp311-cp311-manylinux2014_x86_64.manylinux_2_17_x86_64.whl (5.0 MB)
Using cached kiwisolver-1.4.9-cp311-cp311-manylinux2014_x86_64.manylinux_2_17_x86_64.whl (1.4 MB)
Using cached matplotlib_scalebar-0.9.0-py3-none-any.whl (16 kB)
Using cached networkx-3.5-py3-none-any.whl (2.0 MB)
Using cached omnipath-1.0.12-py3-none-any.whl (51 kB)
Using cached inflect-7.5.0-py3-none-any.whl (35 kB)
Using cached more_itertools-10.8.0-py3-none-any.whl (69 kB)
Using cached packaging-25.0-py3-none-any.whl (66 kB)
Using cached pandas-2.3.3-cp311-cp311-manylinux_2_24_x86_64.manylinux_2_28_x86_64.whl (12.8 MB)
Using cached partd-1.4.2-py3-none-any.whl (18 kB)
Using cached pillow-12.0.0-cp311-cp311-manylinux_2_27_x86_64.manylinux_2_28_x86_64.whl (7.0 MB)
Using cached propcache-0.4.1-cp311-cp311-manylinux2014_x86_64.manylinux_2_17_x86_64.manylinux_2_28_x86_64.whl (210 kB)
Using cached pyarrow-22.0.0-cp311-cp311-manylinux_2_28_x86_64.whl (47.7 MB)
Using cached pyparsing-3.2.5-py3-none-any.whl (113 kB)
Using cached python_dateutil-2.9.0.post0-py2.py3-none-any.whl (229 kB)
Using cached pytz-2025.2-py2.py3-none-any.whl (509 kB)
Using cached pyyaml-6.0.3-cp311-cp311-manylinux2014_x86_64.manylinux_2_17_x86_64.manylinux_2_28_x86_64.whl (806 kB)
Using cached requests-2.32.5-py3-none-any.whl (64 kB)
Using cached charset_normalizer-3.4.4-cp311-cp311-manylinux2014_x86_64.manylinux_2_17_x86_64.manylinux_2_28_x86_64.whl (151 kB)
Using cached certifi-2025.10.5-py3-none-any.whl (163 kB)
Using cached scanpy-1.11.5-py3-none-any.whl (2.1 MB)
Using cached legacy_api_wrap-1.5-py3-none-any.whl (10 kB)
Using cached patsy-1.0.2-py2.py3-none-any.whl (233 kB)
Using cached pynndescent-0.5.13-py3-none-any.whl (56 kB)
Using cached joblib-1.5.2-py3-none-any.whl (308 kB)
Using cached scikit_image-0.25.2-cp311-cp311-manylinux_2_17_x86_64.manylinux2014_x86_64.whl (14.8 MB)
Using cached imageio-2.37.2-py3-none-any.whl (317 kB)
Using cached lazy_loader-0.4-py3-none-any.whl (12 kB)
Using cached scikit_learn-1.7.2-cp311-cp311-manylinux2014_x86_64.manylinux_2_17_x86_64.whl (9.7 MB)
Using cached scipy-1.16.3-cp311-cp311-manylinux2014_x86_64.manylinux_2_17_x86_64.whl (35.9 MB)
Using cached seaborn-0.13.2-py3-none-any.whl (294 kB)
Using cached six-1.17.0-py2.py3-none-any.whl (11 kB)
Using cached slicerator-1.1.0-py3-none-any.whl (10 kB)
Using cached spatialdata-0.2.5.post0-py3-none-any.whl (167 kB)
Using cached fsspec-2023.6.0-py3-none-any.whl (163 kB)
Using cached multiscale_spatial_image-1.0.1-py3-none-any.whl (25 kB)
Using cached geopandas-1.1.1-py3-none-any.whl (338 kB)
Using cached ome_zarr-0.11.1-py3-none-any.whl (40 kB)
Using cached pyogrio-0.11.1-cp311-cp311-manylinux_2_28_x86_64.whl (27.7 MB)
Using cached pyproj-3.7.2-cp311-cp311-manylinux_2_28_x86_64.whl (9.5 MB)
Using cached shapely-2.1.2-cp311-cp311-manylinux2014_x86_64.manylinux_2_17_x86_64.whl (3.1 MB)
Using cached spatial_image-1.1.0-py3-none-any.whl (8.0 kB)
Using cached statsmodels-0.14.5-cp311-cp311-manylinux2014_x86_64.manylinux_2_17_x86_64.manylinux_2_28_x86_64.whl (10.5 MB)
Using cached texttable-1.7.0-py2.py3-none-any.whl (10 kB)
Using cached threadpoolctl-3.6.0-py3-none-any.whl (18 kB)
Using cached tifffile-2025.10.16-py3-none-any.whl (231 kB)
Using cached toolz-1.1.0-py3-none-any.whl (58 kB)
Using cached tqdm-4.67.1-py3-none-any.whl (78 kB)
Using cached typeguard-4.4.4-py3-none-any.whl (34 kB)
Using cached typing_extensions-4.15.0-py3-none-any.whl (44 kB)
Using cached tzdata-2025.2-py2.py3-none-any.whl (347 kB)
Using cached umap_learn-0.5.9.post2-py3-none-any.whl (90 kB)
Using cached validators-0.35.0-py3-none-any.whl (44 kB)
Using cached xarray_dataclasses-1.9.1-py3-none-any.whl (14 kB)
Using cached xarray_datatree-0.0.15-py3-none-any.whl (64 kB)
Using cached xarray-2024.7.0-py3-none-any.whl (1.2 MB)
Using cached xarray_spatial-0.4.0-py3-none-any.whl (2.0 MB)
Using cached datashader-0.18.2-py3-none-any.whl (18.3 MB)
Using cached zipp-3.23.0-py3-none-any.whl (10 kB)
Using cached colorcet-3.1.0-py3-none-any.whl (260 kB)
Using cached deprecated-1.3.1-py2.py3-none-any.whl (11 kB)
Using cached fasteners-0.20-py3-none-any.whl (18 kB)
Using cached locket-1.0.0-py2.py3-none-any.whl (4.4 kB)
Using cached multipledispatch-1.0.0-py3-none-any.whl (12 kB)
Using cached natsort-8.4.0-py3-none-any.whl (38 kB)
Using cached param-2.2.1-py3-none-any.whl (119 kB)
Using cached pooch-1.8.2-py3-none-any.whl (64 kB)
Using cached platformdirs-4.5.0-py3-none-any.whl (18 kB)
Using cached pyct-0.6.0-py3-none-any.whl (16 kB)
Using cached rich-14.2.0-py3-none-any.whl (243 kB)
Using cached pygments-2.19.2-py3-none-any.whl (1.2 MB)
Using cached markdown_it_py-4.0.0-py3-none-any.whl (87 kB)
Using cached mdurl-0.1.2-py3-none-any.whl (10.0 kB)
Using cached s3fs-2023.6.0-py3-none-any.whl (28 kB)
Using cached aiobotocore-2.5.4-py3-none-any.whl (73 kB)
Downloading aioitertools-0.13.0-py3-none-any.whl (24 kB)
Using cached botocore-1.31.17-py3-none-any.whl (11.1 MB)
Using cached jmespath-1.0.1-py3-none-any.whl (20 kB)
Using cached urllib3-1.26.20-py2.py3-none-any.whl (144 kB)
Using cached wrapt-1.17.3-cp311-cp311-manylinux1_x86_64.manylinux_2_28_x86_64.manylinux_2_5_x86_64.whl (82 kB)
Using cached session_info2-0.2.3-py3-none-any.whl (16 kB)
Using cached xarray_schema-0.0.3-py3-none-any.whl (10 kB)
Installing collected packages: texttable, slicerator, pytz, multipledispatch, asciitree, zipp, wrapt, validators, urllib3, tzdata, typing-extensions, tqdm, toolz, tifffile, threadpoolctl, six, shapely, session-info2, scipy, pyyaml, pyparsing, pygments, pyarrow, propcache, platformdirs, pillow, patsy, param, packaging, networkx, natsort, multidict, more_itertools, mdurl, locket, legacy-api-wrap, kiwisolver, joblib, jmespath, igraph, idna, h5py, fsspec, frozenlist, fonttools, fasteners, cycler, contourpy, colorcet, cloudpickle, click, charset_normalizer, certifi, attrs, array-api-compat, aioitertools, aiohappyeyeballs, yarl, typeguard, scikit-learn, requests, python-dateutil, pyproj, pyogrio, pyct, partd, markdown-it-py, leidenalg, lazy-loader, importlib_metadata, imageio, docrep, deprecated, aiosignal, scikit-image, rich, pynndescent, pooch, pims, pandas, numcodecs, matplotlib, inflect, Dask, botocore, aiohttp, zarr, xarray, umap-learn, statsmodels, seaborn, omnipath, matplotlib-scalebar, geopandas, dask-expr, aiobotocore, xarray-schema, xarray-datatree, xarray-dataclasses, s3fs, datashader, anndata, xarray-spatial, spatial-image, scanpy, dask-image, ome-zarr, multiscale-spatial-image, spatialdata, squidpy

Successfully installed Dask-2024.12.1 aiobotocore-2.5.4 aiohappyeyeballs-2.6.1 aiohttp-3.13.2 aioitertools-0.13.0 aiosignal-1.4.0 anndata-0.12.6 array-api-compat-1.12.0 asciitree-0.3.3 attrs-25.4.0 botocore-1.31.17 certifi-2025.10.5 charset_normalizer-3.4.4 click-8.3.0 cloudpickle-3.1.2 colorcet-3.1.0 contourpy-1.3.3 cycler-0.12.1 dask-expr-1.1.21 dask-image-2024.5.3 datashader-0.18.2 deprecated-1.3.1 docrep-0.3.2 fasteners-0.20 fonttools-4.60.1 frozenlist-1.8.0 fsspec-2023.6.0 geopandas-1.1.1 h5py-3.15.1 idna-3.11 igraph-1.0.0 imageio-2.37.2 importlib_metadata-8.7.0 inflect-7.5.0 jmespath-1.0.1 joblib-1.5.2 kiwisolver-1.4.9 lazy-loader-0.4 legacy-api-wrap-1.5 leidenalg-0.11.0 locket-1.0.0 markdown-it-py-4.0.0 matplotlib-3.10.7 matplotlib-scalebar-0.9.0 mdurl-0.1.2 more_itertools-10.8.0 multidict-6.7.0 multipledispatch-1.0.0 multiscale-spatial-image-1.0.1 natsort-8.4.0 networkx-3.5 numcodecs-0.15.1 ome-zarr-0.11.1 omnipath-1.0.12 packaging-25.0 pandas-2.3.3 param-2.2.1 partd-1.4.2 patsy-1.0.2 pillow-12.0.0 pims-0.7 platformdirs-4.5.0 pooch-1.8.2 propcache-0.4.1 pyarrow-22.0.0 pyct-0.6.0 pygments-2.19.2 pynndescent-0.5.13 pyogrio-0.11.1 pyparsing-3.2.5 pyproj-3.7.2 python-dateutil-2.9.0.post0 pytz-2025.2 pyyaml-6.0.3 requests-2.32.5 rich-14.2.0 s3fs-2023.6.0 scanpy-1.11.5 scikit-image-0.25.2 scikit-learn-1.7.2 scipy-1.16.3 seaborn-0.13.2 session-info2-0.2.3 shapely-2.1.2 six-1.17.0 slicerator-1.1.0 spatial-image-1.1.0 spatialdata-0.2.5.post0 squidpy-1.6.2 statsmodels-0.14.5 texttable-1.7.0 threadpoolctl-3.6.0 tifffile-2025.10.16 toolz-1.1.0 tqdm-4.67.1 typeguard-4.4.4 typing-extensions-4.15.0 tzdata-2025.2 umap-learn-0.5.9.post2 urllib3-1.26.20 validators-0.35.0 wrapt-1.17.3 xarray-2024.7.0 xarray-dataclasses-1.9.1 xarray-datatree-0.0.15 xarray-schema-0.0.3 xarray-spatial-0.4.0 yarl-1.22.0 zarr-2.18.7 zipp-3.23.0
15/49                    
16/49 [python-reticulate]
17/49                    
18/49 [load-sce]         
19/49                    
20/49 [uniq-celltype]    
21/49                    
22/49 [anndata2sce]      
sys:1: FutureWarning: Use varm (e.g. `k in adata.varm` or `adata.varm.keys() | {'u'}`) instead of AnnData.varm_keys, AnnData.varm_keys is deprecated and will be removed in the future.
sys:1: FutureWarning: Use obsm (e.g. `k in adata.obsm` or `adata.obsm.keys() | {'u'}`) instead of AnnData.obsm_keys, AnnData.obsm_keys is deprecated and will be removed in the future.
23/49                    
24/49 [sce2anndata]      
25/49                    
26/49 [load-spe]         
27/49                    
28/49 [scalefactors]     
29/49                    
30/49 [spe2anndata]      
31/49                    
32/49 [coords]           
33/49                    
34/49 [uns]              
35/49                    
36/49 [writeh5ad]        
37/49                    
38/49 [modules]          
39/49                    
40/49 [spatial-scatter]  
41/49                    
42/49 [unnamed-chunk-2]  
43/49                    
44/49 [env]              
45/49                    
46/49 [load-sce-basilisk]
47/49                    
48/49 [unnamed-chunk-3]  
49/49                    
output file: bkg-python-interoperability.knit.md

Registered S3 method overwritten by 'zellkonverter':
  method                                             from      
  py_to_r.pandas.core.arrays.categorical.Categorical reticulate
Warning message:
In readLines(input) :
  incomplete final line found on 'bkg-python-interoperability.qmd'

[ 9/41] pages/seq-introduction.qmd


processing file: seq-introduction.qmd
1/7                  
2/7 [unnamed-chunk-1]
3/7                  
4/7 [unnamed-chunk-2]
5/7                  
6/7 [unnamed-chunk-3]
7/7                  
output file: seq-introduction.knit.md

Warning message:
In readLines(input) : incomplete final line found on 'seq-introduction.qmd'

[10/41] pages/seq-reads-to-counts.qmd


processing file: seq-reads-to-counts.qmd
1/5                  
2/5 [unnamed-chunk-1]
3/5                  
4/5 [unnamed-chunk-2]
5/5                  
output file: seq-reads-to-counts.knit.md

Warning message:
In readLines(input) :
  incomplete final line found on 'seq-reads-to-counts.qmd'

[11/41] pages/seq-quality-control.qmd


processing file: seq-quality-control.qmd
1/63                   
2/63 [unnamed-chunk-1] 
3/63                   
4/63 [load-libs]       
5/63                   
6/63 [load-data]       
7/63                   
8/63 [unnamed-chunk-2] 
9/63                   
10/63 [unnamed-chunk-3] 
11/63                   
12/63 [unnamed-chunk-4] 
13/63                   
14/63 [unnamed-chunk-5] 
15/63                   
16/63 [unnamed-chunk-6] 
17/63                   
18/63 [unnamed-chunk-7] 
19/63                   
20/63 [unnamed-chunk-8] 
21/63                   
22/63 [unnamed-chunk-9] 
23/63                   
24/63 [unnamed-chunk-10]
25/63                   
26/63 [unnamed-chunk-11]
27/63                   
28/63 [unnamed-chunk-12]
29/63                   
30/63 [unnamed-chunk-13]
31/63                   
32/63 [unnamed-chunk-14]
33/63                   
34/63 [unnamed-chunk-15]
35/63                   
36/63 [unnamed-chunk-16]
37/63                   
38/63 [unnamed-chunk-17]
39/63                   
40/63 [unnamed-chunk-18]
41/63                   
42/63 [unnamed-chunk-19]
43/63                   
44/63 [unnamed-chunk-20]
45/63                   
46/63 [unnamed-chunk-21]
47/63                   
48/63 [unnamed-chunk-22]
49/63                   
50/63 [unnamed-chunk-23]
51/63                   
52/63 [unnamed-chunk-24]
53/63                   
54/63 [unnamed-chunk-25]
55/63                   
56/63 [unnamed-chunk-26]
57/63                   
58/63 [unnamed-chunk-27]
59/63                   
60/63 [unnamed-chunk-28]
61/63                   
62/63 [unnamed-chunk-29]
63/63                   
output file: seq-quality-control.knit.md

Warning message:
In readLines(input) :
  incomplete final line found on 'seq-quality-control.qmd'

[12/41] pages/seq-intermediate-processing.qmd


processing file: seq-intermediate-processing.qmd
1/35                  
2/35 [unnamed-chunk-1]
3/35                  
4/35 [load-libs]      
5/35                  
6/35 [unnamed-chunk-2]
7/35                  
8/35 [load-data]      
9/35                  
10/35 [logcounts]      
11/35                  
12/35 [mt]             
13/35                  
14/35 [hvgs]           
15/35                  
16/35 [pca]            
17/35                  
18/35 [umap]           
19/35                  
20/35 [clu]            
21/35                  
22/35 [plt-xy-clu]     
23/35                  
24/35 [plot-xy-pcs]    
25/35                  
26/35 [mgs]            
27/35                  
28/35 [plt-mgs-hm]     
29/35                  
30/35 [plt-mgs-xy]     
31/35                  
32/35 [save-data]      
33/35                  
34/35 [unnamed-chunk-3]
35/35                  
output file: seq-intermediate-processing.knit.md

Warning message:
In readLines(input) :
  incomplete final line found on 'seq-intermediate-processing.qmd'

[13/41] pages/seq-deconvolution.qmd


processing file: seq-deconvolution.qmd
1/57                   
2/57 [unnamed-chunk-1] 
3/57                   
4/57 [unnamed-chunk-2] 
5/57                   
6/57 [deps]            
7/57                   
8/57 [load-vis]        
9/57                   
10/57 [plt-hne]         
11/57                   
12/57 [qcvis]           
13/57                   
14/57 [plt-xy-qc]       
15/57                   
16/57 [vis-filter]      
17/57                   
18/57 [visanno]         
19/57                   
20/57 [deconvis]        
21/57                   
22/57 [qcchrom_vis]     
23/57                   
24/57 [dec]             
25/57                   
26/57 [dec-res]         
27/57                   
28/57 [unnamed-chunk-3] 
29/57                   
30/57 [card-dec]        
31/57                   
32/57 [pltxy]           
33/57                   
34/57 [plt-dec-xy-rctd] 
35/57                   
36/57 [plt-dec-xy-card] 
37/57                   
38/57 [heatmap]         
39/57                   
40/57 [dec-clu]         
41/57                   
42/57 [plt-clu-xy]      
43/57                   
44/57 [plt-clu-fq]      
45/57                   
46/57 [dec-clu-nostroma]
47/57                   
48/57 [pca]             
49/57                   
50/57 [pcr]             
51/57                   
52/57 [pcr-plot]        
53/57                   
54/57 [plt-pcs-xy]      
55/57                   
56/57 [unnamed-chunk-4] 
57/57                   
output file: seq-deconvolution.knit.md

Warning message:
In readLines(input) :
  incomplete final line found on 'seq-deconvolution.qmd'

[14/41] pages/seq-workflow-dlpfc.qmd


processing file: seq-workflow-dlpfc.qmd
1/79                              
2/79 [unnamed-chunk-1]            
3/79                              
4/79 [unnamed-chunk-2]            
5/79                              
6/79 [unnamed-chunk-3]            
7/79                              
8/79 [unnamed-chunk-4]            
9/79                              
10/79 [unnamed-chunk-5]            
11/79                              
12/79 [unnamed-chunk-6]            
13/79                              
14/79 [unnamed-chunk-7]            
15/79                              
16/79 [unnamed-chunk-8]            
17/79                              
18/79 [unnamed-chunk-9]            
19/79                              
20/79 [unnamed-chunk-10]           
21/79                              
22/79 [unnamed-chunk-11]           
23/79                              
24/79 [unnamed-chunk-12]           
25/79                              
26/79 [unnamed-chunk-13]           
27/79                              
28/79 [unnamed-chunk-14]           
29/79                              
30/79 [unnamed-chunk-15]           
31/79                              
32/79 [hvgs]                       
33/79                              
34/79 [unnamed-chunk-16]           
35/79                              
36/79 [unnamed-chunk-17]           
37/79                              
38/79 [unnamed-chunk-18]           
39/79                              
40/79 [unnamed-chunk-19]           
41/79                              
42/79 [unnamed-chunk-20]           
43/79                              
44/79 [unnamed-chunk-21]           
45/79                              
46/79 [unnamed-chunk-22]           
47/79                              
48/79 [unnamed-chunk-23]           
49/79                              
50/79 [unnamed-chunk-24]           
51/79                              
52/79 [spatiallibd-markers]        
53/79                              
54/79 [spatialLIBD_basic_info]     
55/79                              
56/79 [spatialLIBD_gene_annotation]
57/79                              
58/79 [spatialLIBD_gene_search]    
59/79                              
60/79 [spatialLIBD_final_touches]  
61/79                              
62/79 [spatialLIBD_check]          
63/79                              
64/79 [spatialLIBD_vis_gene]       
65/79                              
66/79 [spatialLIBD_interactive]    
67/79                              
68/79 [unnamed-chunk-25]           
69/79                              
70/79 [spatialLIBD_object_size]    
71/79                              
72/79 [spatialLIBD_app_file]       
73/79                              
74/79 [unnamed-chunk-26]           
75/79                              
76/79 [spatialLIBD_deploy_file]    
77/79                              
78/79 [unnamed-chunk-27]           
79/79                              
output file: seq-workflow-dlpfc.knit.md

Warning message:
In readLines(input) :
  incomplete final line found on 'seq-workflow-dlpfc.qmd'

[15/41] pages/seq-workflow-visium-crc.qmd


processing file: seq-workflow-visium-crc.qmd
1/61                  
2/61 [unnamed-chunk-1]
3/61                  
4/61 [load-libs]      
5/61                  
6/61 [load-spe]       
7/61                  
8/61 [spe]            
9/61                  
10/61 [plt-hne]        
11/61                  
12/61 [add-qc]         
13/61                  
14/61 [plt-xy-qc]      
15/61                  
16/61 [ol]             
17/61                  
18/61 [plt-ol-xy]      
19/61                  
20/61 [pro]            
21/61                  
22/61 [clu]            
23/61                  
24/61 [load-sce]       
25/61                  
26/61 [sce]            
27/61                  
28/61 [dec]            
29/61                  
30/61 [dec-res]        
31/61                  
32/61 [dec-clu]        
33/61                  
34/61 [unnamed-chunk-2]
35/61                  
36/61 [plt-dec-xy]     
37/61                  
38/61 [plt-clu-xy]     
39/61                  
40/61 [plt-clu-fq]     
41/61                  
42/61 [plt-pcs-xy]     
43/61                  
44/61 [plt-clu-qc]     
45/61                  
46/61 [MSigDB]         
47/61                  
48/61 [AUCell]         
49/61                  
50/61 [top]            
51/61                  
52/61 [plt-auc-xy]     
53/61                  
54/61 [plt-auc-hm]     
55/61                  
56/61 [cor-auc-dec]    
57/61                  
58/61 [plt-cor]        
59/61                  
60/61 [unnamed-chunk-3]
61/61                  
output file: seq-workflow-visium-crc.knit.md

Warning message:
In readLines(input) :
  incomplete final line found on 'seq-workflow-visium-crc.qmd'

[16/41] pages/seq-workflow-visium-hd.qmd


processing file: seq-workflow-visium-hd.qmd
1/93                            
2/93 [unnamed-chunk-1]          
3/93                            
4/93 [deps]                     
5/93                            
6/93 [load-vhd8]                
7/93                            
8/93 [load-anno]                
9/93                            
10/93 [plt-lab-xy]               
11/93                            
12/93 [load-vhd16]               
13/93                            
14/93 [vhd16-libsize]            
15/93                            
16/93 [vhd16-empvis]             
17/93                            
18/93 [load-clus]                
19/93                            
20/93 [clusvis]                  
21/93                            
22/93 [plt-xy-box]               
23/93                            
24/93 [vhd16-sub]                
25/93                            
26/93 [qc-vhd16-local]           
27/93                            
28/93 [plt-xy-qc]                
29/93                            
30/93 [qc-vis]                   
31/93                            
32/93 [vhd16-qc-subset]          
33/93                            
34/93 [vhd16-hvg]                
35/93                            
36/93 [Banksy]                   
37/93                            
38/93 [mgs]                      
39/93                            
40/93 [plt-mgs-hm]               
41/93                            
42/93 [plt-mgs-xy]               
43/93                            
44/93 [load-sce]                 
45/93                            
46/93 [sce-heatmap-level12]      
47/93                            
48/93 [sce-level1addprolifimmune]
49/93                            
50/93 [diff-labs-lvl2]           
51/93                            
52/93 [vhd8-lv1]                 
53/93                            
54/93 [vhd8-singlets]            
55/93                            
56/93 [vhd8-doublets]            
57/93                            
58/93 [vhd8-subset-zoom]         
59/93                            
60/93 [RCTD]                     
61/93                            
62/93 [dec-res]                  
63/93                            
64/93 [plt-dec-est]              
65/93                            
66/93 [dec-lab]                  
67/93                            
68/93 [dec-816]                  
69/93                            
70/93 [plt-dec-lab]              
71/93                            
72/93 [plt-dec-clu-xy]           
73/93                            
74/93 [plt-dec-clu-hm]           
75/93                            
76/93 [Statial]                  
77/93                            
78/93 [Statial-df]               
79/93                            
80/93 [Statial-fd]               
81/93                            
82/93 [Statial-plt]              
83/93                            
84/93 [vhd8-getdis]              
85/93                            
86/93 [vhd8-ccm]                 
87/93                            
88/93 [fig-10x-vhdseg]           
89/93                            
90/93 [fig-vhdcell-ge]           
91/93                            
92/93 [unnamed-chunk-2]          
93/93                            
output file: seq-workflow-visium-hd.knit.md

Warning message:
In readLines(input) :
  incomplete final line found on 'seq-workflow-visium-hd.qmd'

[17/41] pages/img-introduction.qmd


processing file: img-introduction.qmd
1/7                  
2/7 [unnamed-chunk-1]
3/7                  
4/7 [unnamed-chunk-2]
5/7                  
6/7 [unnamed-chunk-3]
7/7                  
output file: img-introduction.knit.md

Warning message:
In readLines(input) : incomplete final line found on 'img-introduction.qmd'

[18/41] pages/img-segmentation.qmd


processing file: img-segmentation.qmd
1/9                      
2/9 [unnamed-chunk-1]    
3/9                      
4/9 [fig-10xsegmentation]
5/9                      
6/9 [fig-SSAM]           
7/9                      
8/9 [unnamed-chunk-2]    
9/9                      
output file: img-segmentation.knit.md

Warning message:
In readLines(input) : incomplete final line found on 'img-segmentation.qmd'

[19/41] pages/img-quality-control.qmd


processing file: img-quality-control.qmd
1/57                          
2/57 [deps]                   
3/57                          
4/57 [load-data-xen]          
5/57                          
6/57 [load-data-cos]          
7/57                          
8/57 [plot-xy]                
9/57                          
10/57 [scuttle-qc]             
11/57                          
12/57 [gc-1]                   
13/57                          
14/57 [plot-cos-xy-dapi]       
15/57                          
16/57 [gc-2]                   
17/57                          
18/57 [SpaceTrooper-qc]        
19/57                          
20/57 [gc-3]                   
21/57                          
22/57 [plot-qc-1d]             
23/57                          
24/57 [plot-qc-xy]             
25/57                          
26/57 [plot-qc-2d-one]         
27/57                          
28/57 [plot-cos-fov]           
29/57                          
30/57 [cos-plot-ns]            
31/57                          
32/57 [cos-plot-qc]            
33/57                          
34/57 [cos-est-rad]            
35/57                          
36/57 [cos-plot-ds]            
37/57                          
38/57 [cos-plot-ex]            
39/57                          
40/57 [SpaceTrooper-ol-cos]    
41/57                          
42/57 [SpaceTrooper-calc-score]
43/57                          
44/57 [SpaceTrooper-plot-score]
45/57                          
46/57 [xen-ol]                 
47/57                          
48/57 [xen-plot-ol]            
49/57                          
50/57 [xen-ex]                 
51/57                          
52/57 [cos-ex]                 
53/57                          
54/57 [plot-ex]                
55/57                          
56/57 [save-data]              
57/57                          
output file: img-quality-control.knit.md


[20/41] pages/img-intermediate-processing.qmd


processing file: img-intermediate-processing.qmd
1/23                  
2/23 [unnamed-chunk-1]
3/23                  
4/23 [load-libs]      
5/23                  
6/23 [load-anno]      
7/23                  
8/23 [log]            
9/23                  
10/23 [dr-tx]          
11/23                  
12/23 [dr-sp]          
13/23                  
14/23 [dr-nm]          
15/23                  
16/23 [clu]            
17/23                  
18/23 [plt-clu-xy]     
19/23                  
20/23 [save-data]      
21/23                  
22/23 [unnamed-chunk-2]
23/23                  
output file: img-intermediate-processing.knit.md

Warning message:
In readLines(input) :
  incomplete final line found on 'img-intermediate-processing.qmd'

[21/41] pages/img-neighborhood-analysis.qmd


processing file: img-neighborhood-analysis.qmd
1/53                                        
2/53 [unnamed-chunk-1]                      
3/53                                        
4/53 [deps]                                 
5/53                                        
6/53 [unnamed-chunk-2]                      
7/53                                        
8/53 [unnamed-chunk-3]                      
9/53                                        
10/53 [nns-calc]                             
11/53                                        
12/53 [nns-plot]                             
13/53                                        
14/53 [nns-note-test]                        
15/53                                        
16/53 [nns-note-real]                        
17/53                                        
18/53 [imcRtools-calc]                       
19/53                                        
20/53 [imcRtools-show]                       
21/53                                        
22/53 [imcRtools-plot]                       
23/53                                        
24/53 [hoodscanR-calc]                       
25/53                                        
26/53 [hoodscanR-plot-corr]                  
27/53                                        
28/53 [hoodscanR-calc-mets]                  
29/53                                        
30/53 [hoodscanR-plot-mets-xy]               
31/53                                        
32/53 [hoodscanR-plot-mets-k]                
33/53                                        
34/53 [scider-load-package-and-data]         
35/53                                        
36/53 [scider-cell-type-annotation]          
37/53                                        
38/53 [scider-cal-density]                   
39/53                                        
40/53 [scider-plot-coi-density]              
41/53                                        
42/53 [scider-roi-detection]                 
43/53                                        
44/53 [scider-cell-type-colocalization]      
45/53                                        
46/53 [scider-cal-and-plot-contours]         
47/53                                        
48/53 [scider-cell-type-composition-all-rois]
49/53                                        
50/53 [scider-cell-type-composition-each-roi]
51/53                                        
52/53 [unnamed-chunk-4]                      
53/53                                        
output file: img-neighborhood-analysis.knit.md

Warning message:
In readLines(input) :
  incomplete final line found on 'img-neighborhood-analysis.qmd'

[22/41] pages/img-cell-cell-communication.qmd


processing file: img-cell-cell-communication.qmd
1/35                  
2/35 [unnamed-chunk-1]
3/35                  
4/35 [deps]           
5/35                  
6/35 [env-ccc]        
Source:      /home/biocbuild/.local/share/r-miniconda/envs/py-interop
Destination: /home/biocbuild/.local/share/r-miniconda/envs/env-ccc
Packages: 42
Files: 24148
Preparing transaction: ...working... done
Verifying transaction: ...working... done
Executing transaction: ...working... done
+ . /home/biocbuild/.local/share/r-miniconda/bin/activate
+ conda activate 'env-ccc'
+ '/home/biocbuild/.local/share/r-miniconda/envs/env-ccc/bin/python' -m pip install --upgrade --no-user 'commot==0.0.3' 'anndata==0.12.2' 'pandas==2.3.2' 'numpy==1.26.4'
Collecting commot==0.0.3
  Using cached commot-0.0.3-py3-none-any.whl.metadata (5.0 kB)
Collecting anndata==0.12.2
  Using cached anndata-0.12.2-py3-none-any.whl.metadata (9.6 kB)
Collecting pandas==2.3.2
  Using cached pandas-2.3.2-cp311-cp311-manylinux_2_17_x86_64.manylinux2014_x86_64.whl.metadata (91 kB)
Collecting numpy==1.26.4
  Using cached numpy-1.26.4-cp311-cp311-manylinux_2_17_x86_64.manylinux2014_x86_64.whl.metadata (61 kB)
Collecting karateclub>=1.2.2 (from commot==0.0.3)
  Using cached karateclub-1.3.3.tar.gz (64 kB)
  Preparing metadata (setup.py): started
  Preparing metadata (setup.py): finished with status 'done'
Requirement already satisfied: leidenalg>=0.9.0 in /home/biocbuild/.local/share/r-miniconda/envs/env-ccc/lib/python3.11/site-packages (from commot==0.0.3) (0.11.0)
Requirement already satisfied: networkx>=2.5.1 in /home/biocbuild/.local/share/r-miniconda/envs/env-ccc/lib/python3.11/site-packages (from commot==0.0.3) (3.5)
Collecting plotly>=5.3.1 (from commot==0.0.3)
  Using cached plotly-6.4.0-py3-none-any.whl.metadata (8.5 kB)
Collecting pot>=0.8.0 (from commot==0.0.3)
  Using cached pot-0.9.6.post1-cp311-cp311-manylinux_2_24_x86_64.manylinux_2_28_x86_64.whl.metadata (40 kB)
Collecting pysal>=2.6.0 (from commot==0.0.3)
  Using cached pysal-25.7-py3-none-any.whl.metadata (15 kB)
Collecting python-igraph>=0.9.9 (from commot==0.0.3)
  Using cached python_igraph-1.0.0-py3-none-any.whl.metadata (3.1 kB)
Collecting python-louvain>=0.15 (from commot==0.0.3)
  Using cached python_louvain-0.16-py3-none-any.whl
Requirement already satisfied: scanpy>=1.8.2 in /home/biocbuild/.local/share/r-miniconda/envs/env-ccc/lib/python3.11/site-packages (from commot==0.0.3) (1.11.5)
Requirement already satisfied: scikit-learn>=1.0.2 in /home/biocbuild/.local/share/r-miniconda/envs/env-ccc/lib/python3.11/site-packages (from commot==0.0.3) (1.7.2)
Requirement already satisfied: importlib-metadata in /home/biocbuild/.local/share/r-miniconda/envs/env-ccc/lib/python3.11/site-packages (from commot==0.0.3) (8.7.0)
Requirement already satisfied: array-api-compat>=1.7.1 in /home/biocbuild/.local/share/r-miniconda/envs/env-ccc/lib/python3.11/site-packages (from anndata==0.12.2) (1.12.0)
Requirement already satisfied: h5py>=3.8 in /home/biocbuild/.local/share/r-miniconda/envs/env-ccc/lib/python3.11/site-packages (from anndata==0.12.2) (3.15.1)
Requirement already satisfied: legacy-api-wrap in /home/biocbuild/.local/share/r-miniconda/envs/env-ccc/lib/python3.11/site-packages (from anndata==0.12.2) (1.5)
Requirement already satisfied: natsort in /home/biocbuild/.local/share/r-miniconda/envs/env-ccc/lib/python3.11/site-packages (from anndata==0.12.2) (8.4.0)
Requirement already satisfied: packaging>=24.2 in /home/biocbuild/.local/share/r-miniconda/envs/env-ccc/lib/python3.11/site-packages (from anndata==0.12.2) (25.0)
Requirement already satisfied: scipy>=1.12 in /home/biocbuild/.local/share/r-miniconda/envs/env-ccc/lib/python3.11/site-packages (from anndata==0.12.2) (1.16.3)
Requirement already satisfied: zarr!=3.0.*,>=2.18.7 in /home/biocbuild/.local/share/r-miniconda/envs/env-ccc/lib/python3.11/site-packages (from anndata==0.12.2) (2.18.7)
Requirement already satisfied: python-dateutil>=2.8.2 in /home/biocbuild/.local/share/r-miniconda/envs/env-ccc/lib/python3.11/site-packages (from pandas==2.3.2) (2.9.0.post0)
Requirement already satisfied: pytz>=2020.1 in /home/biocbuild/.local/share/r-miniconda/envs/env-ccc/lib/python3.11/site-packages (from pandas==2.3.2) (2025.2)
Requirement already satisfied: tzdata>=2022.7 in /home/biocbuild/.local/share/r-miniconda/envs/env-ccc/lib/python3.11/site-packages (from pandas==2.3.2) (2025.2)
INFO: pip is looking at multiple versions of karateclub to determine which version is compatible with other requirements. This could take a while.
Collecting karateclub>=1.2.2 (from commot==0.0.3)
  Using cached karateclub-1.3.2.tar.gz (62 kB)
  Preparing metadata (setup.py): started
  Preparing metadata (setup.py): finished with status 'done'
  Using cached karateclub-1.3.1.tar.gz (62 kB)
  Preparing metadata (setup.py): started
  Preparing metadata (setup.py): finished with status 'done'
  Using cached karateclub-1.3.0.tar.gz (62 kB)
  Preparing metadata (setup.py): started
  Preparing metadata (setup.py): finished with status 'done'
Collecting networkx>=2.5.1 (from commot==0.0.3)
  Using cached networkx-2.6.3-py3-none-any.whl.metadata (5.0 kB)
Collecting decorator==4.4.2 (from karateclub>=1.2.2->commot==0.0.3)
  Using cached decorator-4.4.2-py2.py3-none-any.whl.metadata (4.2 kB)
Requirement already satisfied: tqdm in /home/biocbuild/.local/share/r-miniconda/envs/env-ccc/lib/python3.11/site-packages (from karateclub>=1.2.2->commot==0.0.3) (4.67.1)
Collecting pygsp (from karateclub>=1.2.2->commot==0.0.3)
  Using cached pygsp-0.6.1-py3-none-any.whl.metadata (12 kB)
Collecting gensim>=4.0.0 (from karateclub>=1.2.2->commot==0.0.3)
  Using cached gensim-4.4.0-cp311-cp311-manylinux_2_24_x86_64.manylinux_2_28_x86_64.whl.metadata (8.4 kB)
Collecting karateclub>=1.2.2 (from commot==0.0.3)
  Using cached karateclub-1.2.4.tar.gz (62 kB)
  Preparing metadata (setup.py): started
  Preparing metadata (setup.py): finished with status 'done'
  Using cached karateclub-1.2.3.tar.gz (62 kB)
  Preparing metadata (setup.py): started
  Preparing metadata (setup.py): finished with status 'done'
  Using cached karateclub-1.2.2-py3-none-any.whl
Requirement already satisfied: six in /home/biocbuild/.local/share/r-miniconda/envs/env-ccc/lib/python3.11/site-packages (from karateclub>=1.2.2->commot==0.0.3) (1.17.0)
Collecting python-Levenshtein (from karateclub>=1.2.2->commot==0.0.3)
  Using cached python_levenshtein-0.27.3-py3-none-any.whl.metadata (3.9 kB)
Collecting smart_open>=1.8.1 (from gensim>=4.0.0->karateclub>=1.2.2->commot==0.0.3)
  Using cached smart_open-7.4.4-py3-none-any.whl.metadata (24 kB)
Requirement already satisfied: igraph<2.0,>=1.0.0 in /home/biocbuild/.local/share/r-miniconda/envs/env-ccc/lib/python3.11/site-packages (from leidenalg>=0.9.0->commot==0.0.3) (1.0.0)
Requirement already satisfied: texttable>=1.6.2 in /home/biocbuild/.local/share/r-miniconda/envs/env-ccc/lib/python3.11/site-packages (from igraph<2.0,>=1.0.0->leidenalg>=0.9.0->commot==0.0.3) (1.7.0)
Collecting narwhals>=1.15.1 (from plotly>=5.3.1->commot==0.0.3)
  Using cached narwhals-2.10.2-py3-none-any.whl.metadata (11 kB)
Collecting beautifulsoup4>=4.10 (from pysal>=2.6.0->commot==0.0.3)
  Using cached beautifulsoup4-4.14.2-py3-none-any.whl.metadata (3.8 kB)
Requirement already satisfied: geopandas>=0.10.0 in /home/biocbuild/.local/share/r-miniconda/envs/env-ccc/lib/python3.11/site-packages (from pysal>=2.6.0->commot==0.0.3) (1.1.1)
Requirement already satisfied: platformdirs>=2.0.2 in /home/biocbuild/.local/share/r-miniconda/envs/env-ccc/lib/python3.11/site-packages (from pysal>=2.6.0->commot==0.0.3) (4.5.0)
Requirement already satisfied: requests>=2.27 in /home/biocbuild/.local/share/r-miniconda/envs/env-ccc/lib/python3.11/site-packages (from pysal>=2.6.0->commot==0.0.3) (2.32.5)
Requirement already satisfied: shapely>=2.0.1 in /home/biocbuild/.local/share/r-miniconda/envs/env-ccc/lib/python3.11/site-packages (from pysal>=2.6.0->commot==0.0.3) (2.1.2)
Collecting libpysal>=4.13.0 (from pysal>=2.6.0->commot==0.0.3)
  Using cached libpysal-4.13.0-py3-none-any.whl.metadata (4.8 kB)
Collecting access>=1.1.9 (from pysal>=2.6.0->commot==0.0.3)
  Using cached access-1.1.9-py3-none-any.whl.metadata (2.4 kB)
Collecting esda>=2.7.1 (from pysal>=2.6.0->commot==0.0.3)
  Using cached esda-2.8.0-py3-none-any.whl.metadata (2.0 kB)
Collecting giddy>=2.3.6 (from pysal>=2.6.0->commot==0.0.3)
  Using cached giddy-2.3.6-py3-none-any.whl.metadata (6.3 kB)
Collecting inequality>=1.1.2 (from pysal>=2.6.0->commot==0.0.3)
  Using cached inequality-1.1.2-py3-none-any.whl.metadata (3.9 kB)
Collecting pointpats>=2.5.1 (from pysal>=2.6.0->commot==0.0.3)
  Using cached pointpats-2.5.2-py3-none-any.whl.metadata (4.7 kB)
Collecting segregation>=2.5.2 (from pysal>=2.6.0->commot==0.0.3)
  Using cached segregation-2.5.2-py3-none-any.whl.metadata (2.2 kB)
Collecting spaghetti>=1.7.6 (from pysal>=2.6.0->commot==0.0.3)
  Using cached spaghetti-1.7.6-py3-none-any.whl.metadata (12 kB)
Collecting mgwr>=2.2.1 (from pysal>=2.6.0->commot==0.0.3)
  Using cached mgwr-2.2.1-py3-none-any.whl.metadata (1.5 kB)
Collecting momepy>=0.10.0 (from pysal>=2.6.0->commot==0.0.3)
  Using cached momepy-0.10.0-py3-none-any.whl.metadata (1.5 kB)
Collecting spglm>=1.1.0 (from pysal>=2.6.0->commot==0.0.3)
  Using cached spglm-1.1.0-py3-none-any.whl.metadata (3.9 kB)
Collecting spint>=1.0.7 (from pysal>=2.6.0->commot==0.0.3)
  Using cached spint-1.0.7-py3-none-any.whl
Collecting spreg>=1.8.3 (from pysal>=2.6.0->commot==0.0.3)
  Using cached spreg-1.8.3-py3-none-any.whl.metadata (1.7 kB)
Collecting tobler>=0.12.1 (from pysal>=2.6.0->commot==0.0.3)
  Using cached tobler-0.12.1-py3-none-any.whl.metadata (1.9 kB)
Collecting mapclassify>=2.10.0 (from pysal>=2.6.0->commot==0.0.3)
  Using cached mapclassify-2.10.0-py3-none-any.whl.metadata (3.1 kB)
Collecting splot>=1.1.7 (from pysal>=2.6.0->commot==0.0.3)
  Using cached splot-1.1.7-py3-none-any.whl.metadata (8.9 kB)
Collecting spopt>=0.7.0 (from pysal>=2.6.0->commot==0.0.3)
  Using cached spopt-0.7.0-py3-none-any.whl.metadata (10 kB)
Collecting soupsieve>1.2 (from beautifulsoup4>=4.10->pysal>=2.6.0->commot==0.0.3)
  Using cached soupsieve-2.8-py3-none-any.whl.metadata (4.6 kB)
Requirement already satisfied: typing-extensions>=4.0.0 in /home/biocbuild/.local/share/r-miniconda/envs/env-ccc/lib/python3.11/site-packages (from beautifulsoup4>=4.10->pysal>=2.6.0->commot==0.0.3) (4.15.0)
Requirement already satisfied: pyogrio>=0.7.2 in /home/biocbuild/.local/share/r-miniconda/envs/env-ccc/lib/python3.11/site-packages (from geopandas>=0.10.0->pysal>=2.6.0->commot==0.0.3) (0.11.1)
Requirement already satisfied: pyproj>=3.5.0 in /home/biocbuild/.local/share/r-miniconda/envs/env-ccc/lib/python3.11/site-packages (from geopandas>=0.10.0->pysal>=2.6.0->commot==0.0.3) (3.7.2)
Collecting quantecon>=0.7 (from giddy>=2.3.6->pysal>=2.6.0->commot==0.0.3)
  Using cached quantecon-0.10.1-py3-none-any.whl.metadata (5.3 kB)
Requirement already satisfied: matplotlib>=3.8 in /home/biocbuild/.local/share/r-miniconda/envs/env-ccc/lib/python3.11/site-packages (from inequality>=1.1.2->pysal>=2.6.0->commot==0.0.3) (3.10.7)
Requirement already satisfied: contourpy>=1.0.1 in /home/biocbuild/.local/share/r-miniconda/envs/env-ccc/lib/python3.11/site-packages (from matplotlib>=3.8->inequality>=1.1.2->pysal>=2.6.0->commot==0.0.3) (1.3.3)
Requirement already satisfied: cycler>=0.10 in /home/biocbuild/.local/share/r-miniconda/envs/env-ccc/lib/python3.11/site-packages (from matplotlib>=3.8->inequality>=1.1.2->pysal>=2.6.0->commot==0.0.3) (0.12.1)
Requirement already satisfied: fonttools>=4.22.0 in /home/biocbuild/.local/share/r-miniconda/envs/env-ccc/lib/python3.11/site-packages (from matplotlib>=3.8->inequality>=1.1.2->pysal>=2.6.0->commot==0.0.3) (4.60.1)
Requirement already satisfied: kiwisolver>=1.3.1 in /home/biocbuild/.local/share/r-miniconda/envs/env-ccc/lib/python3.11/site-packages (from matplotlib>=3.8->inequality>=1.1.2->pysal>=2.6.0->commot==0.0.3) (1.4.9)
Requirement already satisfied: pillow>=8 in /home/biocbuild/.local/share/r-miniconda/envs/env-ccc/lib/python3.11/site-packages (from matplotlib>=3.8->inequality>=1.1.2->pysal>=2.6.0->commot==0.0.3) (12.0.0)
Requirement already satisfied: pyparsing>=3 in /home/biocbuild/.local/share/r-miniconda/envs/env-ccc/lib/python3.11/site-packages (from matplotlib>=3.8->inequality>=1.1.2->pysal>=2.6.0->commot==0.0.3) (3.2.5)
Requirement already satisfied: certifi in /home/biocbuild/.local/share/r-miniconda/envs/env-ccc/lib/python3.11/site-packages (from pyogrio>=0.7.2->geopandas>=0.10.0->pysal>=2.6.0->commot==0.0.3) (2025.10.5)
Requirement already satisfied: numba>=0.49.0 in /home/biocbuild/.local/share/r-miniconda/envs/env-ccc/lib/python3.11/site-packages (from quantecon>=0.7->giddy>=2.3.6->pysal>=2.6.0->commot==0.0.3) (0.62.1)
Collecting sympy (from quantecon>=0.7->giddy>=2.3.6->pysal>=2.6.0->commot==0.0.3)
  Using cached sympy-1.14.0-py3-none-any.whl.metadata (12 kB)
Requirement already satisfied: llvmlite<0.46,>=0.45.0dev0 in /home/biocbuild/.local/share/r-miniconda/envs/env-ccc/lib/python3.11/site-packages (from numba>=0.49.0->quantecon>=0.7->giddy>=2.3.6->pysal>=2.6.0->commot==0.0.3) (0.45.1)
Requirement already satisfied: charset_normalizer<4,>=2 in /home/biocbuild/.local/share/r-miniconda/envs/env-ccc/lib/python3.11/site-packages (from requests>=2.27->pysal>=2.6.0->commot==0.0.3) (3.4.4)
Requirement already satisfied: idna<4,>=2.5 in /home/biocbuild/.local/share/r-miniconda/envs/env-ccc/lib/python3.11/site-packages (from requests>=2.27->pysal>=2.6.0->commot==0.0.3) (3.11)
Requirement already satisfied: urllib3<3,>=1.21.1 in /home/biocbuild/.local/share/r-miniconda/envs/env-ccc/lib/python3.11/site-packages (from requests>=2.27->pysal>=2.6.0->commot==0.0.3) (1.26.20)
Requirement already satisfied: joblib in /home/biocbuild/.local/share/r-miniconda/envs/env-ccc/lib/python3.11/site-packages (from scanpy>=1.8.2->commot==0.0.3) (1.5.2)
Requirement already satisfied: patsy!=1.0.0 in /home/biocbuild/.local/share/r-miniconda/envs/env-ccc/lib/python3.11/site-packages (from scanpy>=1.8.2->commot==0.0.3) (1.0.2)
Requirement already satisfied: pynndescent>=0.5.13 in /home/biocbuild/.local/share/r-miniconda/envs/env-ccc/lib/python3.11/site-packages (from scanpy>=1.8.2->commot==0.0.3) (0.5.13)
Requirement already satisfied: seaborn>=0.13.2 in /home/biocbuild/.local/share/r-miniconda/envs/env-ccc/lib/python3.11/site-packages (from scanpy>=1.8.2->commot==0.0.3) (0.13.2)
Requirement already satisfied: session-info2 in /home/biocbuild/.local/share/r-miniconda/envs/env-ccc/lib/python3.11/site-packages (from scanpy>=1.8.2->commot==0.0.3) (0.2.3)
Requirement already satisfied: statsmodels>=0.14.5 in /home/biocbuild/.local/share/r-miniconda/envs/env-ccc/lib/python3.11/site-packages (from scanpy>=1.8.2->commot==0.0.3) (0.14.5)
Requirement already satisfied: umap-learn>=0.5.6 in /home/biocbuild/.local/share/r-miniconda/envs/env-ccc/lib/python3.11/site-packages (from scanpy>=1.8.2->commot==0.0.3) (0.5.9.post2)
Requirement already satisfied: threadpoolctl>=3.1.0 in /home/biocbuild/.local/share/r-miniconda/envs/env-ccc/lib/python3.11/site-packages (from scikit-learn>=1.0.2->commot==0.0.3) (3.6.0)
Collecting deprecation (from segregation>=2.5.2->pysal>=2.6.0->commot==0.0.3)
  Using cached deprecation-2.1.0-py2.py3-none-any.whl.metadata (4.6 kB)
Requirement already satisfied: wrapt in /home/biocbuild/.local/share/r-miniconda/envs/env-ccc/lib/python3.11/site-packages (from smart_open>=1.8.1->gensim>=4.0.0->karateclub>=1.2.2->commot==0.0.3) (1.17.3)
Collecting rtree>=1.0 (from spaghetti>=1.7.6->pysal>=2.6.0->commot==0.0.3)
  Using cached rtree-1.4.1-py3-none-manylinux_2_24_x86_64.manylinux_2_28_x86_64.whl.metadata (2.1 kB)
Collecting pulp>=2.8 (from spopt>=0.7.0->pysal>=2.6.0->commot==0.0.3)
  Using cached pulp-3.3.0-py3-none-any.whl.metadata (8.4 kB)
Collecting rasterio (from tobler>=0.12.1->pysal>=2.6.0->commot==0.0.3)
  Using cached rasterio-1.4.3-cp311-cp311-manylinux_2_17_x86_64.manylinux2014_x86_64.whl.metadata (9.1 kB)
Collecting rasterstats (from tobler>=0.12.1->pysal>=2.6.0->commot==0.0.3)
  Using cached rasterstats-0.20.0-py3-none-any.whl.metadata (4.2 kB)
Requirement already satisfied: asciitree in /home/biocbuild/.local/share/r-miniconda/envs/env-ccc/lib/python3.11/site-packages (from zarr!=3.0.*,>=2.18.7->anndata==0.12.2) (0.3.3)
Requirement already satisfied: fasteners in /home/biocbuild/.local/share/r-miniconda/envs/env-ccc/lib/python3.11/site-packages (from zarr!=3.0.*,>=2.18.7->anndata==0.12.2) (0.20)
Requirement already satisfied: numcodecs!=0.14.0,!=0.14.1,<0.16,>=0.10.0 in /home/biocbuild/.local/share/r-miniconda/envs/env-ccc/lib/python3.11/site-packages (from zarr!=3.0.*,>=2.18.7->anndata==0.12.2) (0.15.1)
Requirement already satisfied: deprecated in /home/biocbuild/.local/share/r-miniconda/envs/env-ccc/lib/python3.11/site-packages (from numcodecs!=0.14.0,!=0.14.1,<0.16,>=0.10.0->zarr!=3.0.*,>=2.18.7->anndata==0.12.2) (1.3.1)
Requirement already satisfied: zipp>=3.20 in /home/biocbuild/.local/share/r-miniconda/envs/env-ccc/lib/python3.11/site-packages (from importlib-metadata->commot==0.0.3) (3.23.0)
Collecting Levenshtein==0.27.3 (from python-Levenshtein->karateclub>=1.2.2->commot==0.0.3)
  Using cached levenshtein-0.27.3-cp311-cp311-manylinux_2_24_x86_64.manylinux_2_28_x86_64.whl.metadata (3.7 kB)
Collecting rapidfuzz<4.0.0,>=3.9.0 (from Levenshtein==0.27.3->python-Levenshtein->karateclub>=1.2.2->commot==0.0.3)
  Using cached rapidfuzz-3.14.3-cp311-cp311-manylinux_2_27_x86_64.manylinux_2_28_x86_64.whl.metadata (12 kB)
Collecting affine (from rasterio->tobler>=0.12.1->pysal>=2.6.0->commot==0.0.3)
  Using cached affine-2.4.0-py3-none-any.whl.metadata (4.0 kB)
Requirement already satisfied: attrs in /home/biocbuild/.local/share/r-miniconda/envs/env-ccc/lib/python3.11/site-packages (from rasterio->tobler>=0.12.1->pysal>=2.6.0->commot==0.0.3) (25.4.0)
Requirement already satisfied: click>=4.0 in /home/biocbuild/.local/share/r-miniconda/envs/env-ccc/lib/python3.11/site-packages (from rasterio->tobler>=0.12.1->pysal>=2.6.0->commot==0.0.3) (8.3.0)
Collecting cligj>=0.5 (from rasterio->tobler>=0.12.1->pysal>=2.6.0->commot==0.0.3)
  Using cached cligj-0.7.2-py3-none-any.whl.metadata (5.0 kB)
Collecting click-plugins (from rasterio->tobler>=0.12.1->pysal>=2.6.0->commot==0.0.3)
  Using cached click_plugins-1.1.1.2-py2.py3-none-any.whl.metadata (6.5 kB)
Collecting fiona (from rasterstats->tobler>=0.12.1->pysal>=2.6.0->commot==0.0.3)
  Using cached fiona-1.10.1-cp311-cp311-manylinux_2_17_x86_64.manylinux2014_x86_64.whl.metadata (56 kB)
Collecting simplejson (from rasterstats->tobler>=0.12.1->pysal>=2.6.0->commot==0.0.3)
  Using cached simplejson-3.20.2-cp311-cp311-manylinux_2_5_x86_64.manylinux1_x86_64.manylinux_2_17_x86_64.manylinux2014_x86_64.whl.metadata (3.2 kB)
Collecting mpmath<1.4,>=1.1.0 (from sympy->quantecon>=0.7->giddy>=2.3.6->pysal>=2.6.0->commot==0.0.3)
  Using cached mpmath-1.3.0-py3-none-any.whl.metadata (8.6 kB)
Using cached commot-0.0.3-py3-none-any.whl (118 kB)
Using cached anndata-0.12.2-py3-none-any.whl (169 kB)
Using cached pandas-2.3.2-cp311-cp311-manylinux_2_17_x86_64.manylinux2014_x86_64.whl (12.4 MB)
Using cached numpy-1.26.4-cp311-cp311-manylinux_2_17_x86_64.manylinux2014_x86_64.whl (18.3 MB)
Using cached decorator-4.4.2-py2.py3-none-any.whl (9.2 kB)
Using cached gensim-4.4.0-cp311-cp311-manylinux_2_24_x86_64.manylinux_2_28_x86_64.whl (27.8 MB)
Using cached plotly-6.4.0-py3-none-any.whl (9.9 MB)
Using cached narwhals-2.10.2-py3-none-any.whl (419 kB)
Using cached pot-0.9.6.post1-cp311-cp311-manylinux_2_24_x86_64.manylinux_2_28_x86_64.whl (1.5 MB)
Using cached pysal-25.7-py3-none-any.whl (17 kB)
Using cached access-1.1.9-py3-none-any.whl (21 kB)
Using cached beautifulsoup4-4.14.2-py3-none-any.whl (106 kB)
Using cached esda-2.8.0-py3-none-any.whl (157 kB)
Using cached giddy-2.3.6-py3-none-any.whl (61 kB)
Using cached inequality-1.1.2-py3-none-any.whl (21 kB)
Using cached libpysal-4.13.0-py3-none-any.whl (2.8 MB)
Using cached mapclassify-2.10.0-py3-none-any.whl (882 kB)
Using cached mgwr-2.2.1-py3-none-any.whl (47 kB)
Using cached momepy-0.10.0-py3-none-any.whl (1.7 MB)
Using cached pointpats-2.5.2-py3-none-any.whl (63 kB)
Using cached python_igraph-1.0.0-py3-none-any.whl (9.2 kB)
Using cached quantecon-0.10.1-py3-none-any.whl (325 kB)
Using cached segregation-2.5.2-py3-none-any.whl (141 kB)
Using cached smart_open-7.4.4-py3-none-any.whl (63 kB)
Using cached soupsieve-2.8-py3-none-any.whl (36 kB)
Using cached spaghetti-1.7.6-py3-none-any.whl (53 kB)
Using cached rtree-1.4.1-py3-none-manylinux_2_24_x86_64.manylinux_2_28_x86_64.whl (507 kB)
Using cached spglm-1.1.0-py3-none-any.whl (41 kB)
Using cached splot-1.1.7-py3-none-any.whl (39 kB)
Using cached spopt-0.7.0-py3-none-any.whl (248 kB)
Using cached pulp-3.3.0-py3-none-any.whl (16.4 MB)
Using cached spreg-1.8.3-py3-none-any.whl (389 kB)
Using cached tobler-0.12.1-py3-none-any.whl (28 kB)
Using cached deprecation-2.1.0-py2.py3-none-any.whl (11 kB)
Using cached pygsp-0.6.1-py3-none-any.whl (1.9 MB)
Using cached python_levenshtein-0.27.3-py3-none-any.whl (9.5 kB)
Using cached levenshtein-0.27.3-cp311-cp311-manylinux_2_24_x86_64.manylinux_2_28_x86_64.whl (153 kB)
Using cached rapidfuzz-3.14.3-cp311-cp311-manylinux_2_27_x86_64.manylinux_2_28_x86_64.whl (3.2 MB)
Using cached rasterio-1.4.3-cp311-cp311-manylinux_2_17_x86_64.manylinux2014_x86_64.whl (22.2 MB)
Using cached cligj-0.7.2-py3-none-any.whl (7.1 kB)
Using cached affine-2.4.0-py3-none-any.whl (15 kB)
Using cached click_plugins-1.1.1.2-py2.py3-none-any.whl (11 kB)
Using cached rasterstats-0.20.0-py3-none-any.whl (17 kB)
Using cached fiona-1.10.1-cp311-cp311-manylinux_2_17_x86_64.manylinux2014_x86_64.whl (17.3 MB)
Using cached simplejson-3.20.2-cp311-cp311-manylinux_2_5_x86_64.manylinux1_x86_64.manylinux_2_17_x86_64.manylinux2014_x86_64.whl (144 kB)
Using cached sympy-1.14.0-py3-none-any.whl (6.3 MB)
Using cached mpmath-1.3.0-py3-none-any.whl (536 kB)
Installing collected packages: mpmath, sympy, soupsieve, smart_open, simplejson, rtree, rapidfuzz, pulp, numpy, narwhals, deprecation, decorator, cligj, click-plugins, affine, rasterio, python-louvain, python-igraph, plotly, pandas, Levenshtein, fiona, beautifulsoup4, rasterstats, quantecon, python-Levenshtein, pygsp, pot, gensim, mapclassify, libpysal, karateclub, anndata, access, tobler, spreg, segregation, pointpats, momepy, inequality, esda, spglm, spaghetti, giddy, spopt, splot, spint, mgwr, pysal, commot
  Attempting uninstall: numpy
    Found existing installation: numpy 2.3.4
    Uninstalling numpy-2.3.4:
      Successfully uninstalled numpy-2.3.4
  Attempting uninstall: pandas
    Found existing installation: pandas 2.3.3
    Uninstalling pandas-2.3.3:
      Successfully uninstalled pandas-2.3.3
  Attempting uninstall: anndata
    Found existing installation: anndata 0.12.6
    Uninstalling anndata-0.12.6:
      Successfully uninstalled anndata-0.12.6

Successfully installed Levenshtein-0.27.3 access-1.1.9 affine-2.4.0 anndata-0.12.2 beautifulsoup4-4.14.2 click-plugins-1.1.1.2 cligj-0.7.2 commot-0.0.3 decorator-4.4.2 deprecation-2.1.0 esda-2.8.0 fiona-1.10.1 gensim-4.4.0 giddy-2.3.6 inequality-1.1.2 karateclub-1.2.2 libpysal-4.13.0 mapclassify-2.10.0 mgwr-2.2.1 momepy-0.10.0 mpmath-1.3.0 narwhals-2.10.2 numpy-1.26.4 pandas-2.3.2 plotly-6.4.0 pointpats-2.5.2 pot-0.9.6.post1 pulp-3.3.0 pygsp-0.6.1 pysal-25.7 python-Levenshtein-0.27.3 python-igraph-1.0.0 python-louvain-0.16 quantecon-0.10.1 rapidfuzz-3.14.3 rasterio-1.4.3 rasterstats-0.20.0 rtree-1.4.1 segregation-2.5.2 simplejson-3.20.2 smart_open-7.4.4 soupsieve-2.8 spaghetti-1.7.6 spglm-1.1.0 spint-1.0.7 splot-1.1.7 spopt-0.7.0 spreg-1.8.3 sympy-1.14.0 tobler-0.12.1
7/35                  
8/35 [env-loc]        
9/35                  
10/35 [env]            
11/35                  
12/35 [db-get]         
13/35                  
14/35 [db-fil]         
15/35                  
16/35 [sub]            
17/35                  
18/35 [ccc]            
19/35                  
20/35 [th]             
21/35                  
22/35 [viz-xy]         
23/35                  
24/35 [viz-es]         
25/35                  
26/35 [sce]            
27/35                  
28/35 [viz-hm]         
29/35                  
30/35 [CCPlotR-df]     
31/35                  
32/35 [CCPlotR-viz]    
33/35                  
34/35 [unnamed-chunk-2]
35/35                  
output file: img-cell-cell-communication.knit.md

[WARNING] Citeproc: citation Chen2023-Giotto-Suite not found
Registered S3 method overwritten by 'zellkonverter':
  method                                             from      
  py_to_r.pandas.core.arrays.categorical.Categorical reticulate
Warning message:
In readLines(input) :
  incomplete final line found on 'img-cell-cell-communication.qmd'

[23/41] pages/img-sub-cellular-analysis.qmd


processing file: img-sub-cellular-analysis.qmd
1/15                  
2/15 [unnamed-chunk-1]
3/15                  
4/15 [fig-bento]      
5/15                  
6/15 [fig-spFeatures] 
7/15                  
8/15 [fig-fishFactor] 
9/15                  
10/15 [fig-clustermap] 
11/15                  
12/15 [fig-cellsp]     
13/15                  
14/15 [unnamed-chunk-2]
15/15                  
output file: img-sub-cellular-analysis.knit.md

Warning message:
In readLines(input) :
  incomplete final line found on 'img-sub-cellular-analysis.qmd'

[24/41] pages/img-workflow-xenium.qmd


processing file: img-workflow-xenium.qmd
1/43                  
2/43 [unnamed-chunk-1]
3/43                  
4/43 [load-libs]      
5/43                  
6/43 [load-spe]       
7/43                  
8/43 [utils]          
9/43                  
10/43 [qc]             
11/43                  
12/43 [plt-ol]         
13/43                  
14/43 [fil]            
15/43                  
16/43 [box]            
17/43                  
18/43 [sub]            
19/43                  
20/43 [plt-sub]        
21/43                  
22/43 [pro]            
23/43                  
24/43 [plt-gs-xy]      
25/43                  
26/43 [Leiden]         
27/43                  
28/43 [load-sce]       
29/43                  
30/43 [lv2]            
31/43                  
32/43 [lv1]            
33/43                  
34/43 [lv0]            
35/43                  
36/43 [tbl]            
37/43                  
38/43 [plt-clu]        
39/43                  
40/43 [mgs]            
41/43                  
42/43 [unnamed-chunk-2]
43/43                  
output file: img-workflow-xenium.knit.md

Warning message:
In readLines(input) :
  incomplete final line found on 'img-workflow-xenium.qmd'

[25/41] pages/img-workflow-cosmx.qmd


processing file: img-workflow-cosmx.qmd
1/47                           
2/47 [unnamed-chunk-1]         
3/47                           
4/47 [load-libs]               
5/47                           
6/47 [load-cos]                
7/47                           
8/47 [plot-xy]                 
9/47                           
10/47 [plot-fov-map]            
11/47                           
12/47 [qc-cosmx]                
13/47                           
14/47 [filter-qc-cosmx]         
15/47                           
16/47 [subset-fovs-cosmx]       
17/47                           
18/47 [pro]                     
19/47                           
20/47 [plt-gs-xy]               
21/47                           
22/47 [load-ref-cosmx]          
23/47                           
24/47 [annot-cosmx]             
25/47                           
26/47 [svg-cosmx]               
27/47                           
28/47 [plt-svg]                 
29/47                           
30/47 [plt-svg-genes]           
31/47                           
32/47 [cci-graph-cosmx]         
33/47                           
34/47 [cci-moran-snap25]        
35/47                           
36/47 [cci-moran-scatter-snap25]
37/47                           
38/47 [cci-moran-scatter-sig]   
39/47                           
40/47 [cci-cosmx]               
41/47                           
42/47 [cci-CA1-l]               
43/47                           
44/47 [cci-cross-l]             
45/47                           
46/47 [unnamed-chunk-2]         
47/47                           
output file: img-workflow-cosmx.knit.md

Warning message:
In readLines(input) :
  incomplete final line found on 'img-workflow-cosmx.qmd'

[26/41] pages/ind-normalization.qmd


processing file: ind-normalization.qmd
1/23                            
2/23 [unnamed-chunk-1]          
3/23                            
4/23 [load-deps]                
5/23                            
6/23 [load-data]                
7/23                            
8/23 [norm-log]                 
9/23                            
10/23 [norm-area]                
11/23                            
12/23 [plot-size-factors-boxplot]
13/23                            
14/23 [plot-size-factors-scatter]
15/23                            
16/23 [top-genes]                
17/23                            
18/23 [plot-genes]               
19/23                            
20/23 [plot-genes-box]           
21/23                            
22/23 [unnamed-chunk-2]          
23/23                            
output file: ind-normalization.knit.md

Warning message:
In readLines(input) :
  incomplete final line found on 'ind-normalization.qmd'

[27/41] pages/ind-dimensionality-reduction.qmd


processing file: ind-dimensionality-reduction.qmd
1/25                  
2/25 [unnamed-chunk-1]
3/25                  
4/25 [load-libs]      
5/25                  
6/25 [load-anno]      
7/25                  
8/25 [dr-tx]          
9/25                  
10/25 [dr-sp]          
11/25                  
12/25 [prep-data]      
13/25                  
14/25 [umap]           
15/25                  
16/25 [plot-xy-pcs]    
17/25                  
18/25 [pcs-to-rgb]     
19/25                  
20/25 [plot-xy-rgb]    
21/25                  
22/25 [plt-umap]       
23/25                  
24/25 [unnamed-chunk-2]
25/25                  
output file: ind-dimensionality-reduction.knit.md

Warning message:
In readLines(input) :
  incomplete final line found on 'ind-dimensionality-reduction.qmd'

[28/41] pages/ind-clustering.qmd


processing file: ind-clustering.qmd
1/31                  
2/31 [unnamed-chunk-1]
3/31                  
4/31 [deps]           
5/31                  
6/31 [clu-Leiden]     
7/31                  
8/31 [BayesSpace]     
9/31                  
10/31 [clu-Banksy]     
11/31                  
12/31 [env]            
13/31                  
14/31 [CellCharter]    
15/31                  
16/31 [py2r]           
17/31                  
18/31 [plot-xy-k-joint]
19/31                  
20/31 [plot-xy-k-split]
21/31                  
22/31 [pcr]            
23/31                  
24/31 [plt-pcr]        
25/31                  
26/31 [mgs]            
27/31                  
28/31 [plt-mgs-hm]     
29/31                  
30/31 [unnamed-chunk-2]
31/31                  
output file: ind-clustering.knit.md

Warning message:
In readLines(input) : incomplete final line found on 'ind-clustering.qmd'

[29/41] pages/ind-feature-selection-testing.qmd


processing file: ind-feature-selection-testing.qmd
1/33                    
2/33 [unnamed-chunk-1]  
3/33                    
4/33 [deps]             
5/33                    
6/33 [unnamed-chunk-2]  
7/33                    
8/33 [hvg]              
9/33                    
10/33 [plt-hvgs]         
11/33                    
12/33 [deg]              
13/33                    
14/33 [plt-deg-hm]       
15/33                    
16/33 [plt-deg-xy]       
17/33                    
18/33 [svg-nnSVG]        
19/33                    
20/33 [plt-clu-xy]       
21/33                    
22/33 [svg-DESpace]      
23/33                    
24/33 [top]              
25/33                    
26/33 [plt-xy]           
27/33                    
28/33 [plt-data]         
29/33                    
30/33 [plt-scatter-nnsvg]
31/33                    
32/33 [unnamed-chunk-3]  
33/33                    
output file: ind-feature-selection-testing.knit.md

Warning message:
In readLines(input) :
  incomplete final line found on 'ind-feature-selection-testing.qmd'

[30/41] pages/ind-feature-set-signatures.qmd


processing file: ind-feature-set-signatures.qmd
1/21                  
2/21 [unnamed-chunk-1]
3/21                  
4/21 [load-libs]      
5/21                  
6/21 [load-data]      
7/21                  
8/21 [MSigDB]         
9/21                  
10/21 [AUCell]         
11/21                  
12/21 [fq]             
13/21                  
14/21 [plt-cm]         
15/21                  
16/21 [plt-xy]         
17/21                  
18/21 [plt-hm]         
19/21                  
20/21 [unnamed-chunk-2]
21/21                  
output file: ind-feature-set-signatures.knit.md

Warning message:
In readLines(input) :
  incomplete final line found on 'ind-feature-set-signatures.qmd'

[31/41] pages/ind-spatial-statistics.qmd


processing file: ind-spatial-statistics.qmd
1/43                         
2/43 [unnamed-chunk-1]       
3/43                         
4/43 [deps]                  
5/43                         
6/43 [unnamed-chunk-2]       
7/43                         
8/43 [weight_matrix]         
9/43                         
10/43 [calculate_global_moran]
11/43                         
12/43 [plot_moran_genes]      
13/43                         
14/43 [local_moran]           
15/43                         
16/43 [local_moran_pvals]     
17/43                         
18/43 [lees_l]                
19/43                         
20/43 [select_lees_l]         
21/43                         
22/43 [local_lees_l]          
23/43                         
24/43 [clustering]            
25/43                         
26/43 [join_counts]           
27/43                         
28/43 [plot_object]           
29/43                         
30/43 [estimating_intensity]  
31/43                         
32/43 [ripley]                
33/43                         
34/43 [unnamed-chunk-3]       
35/43                         
36/43 [nndist]                
37/43                         
38/43 [localK_1]              
39/43                         
40/43 [localK_2]              
41/43                         
42/43 [unnamed-chunk-4]       
43/43                         
output file: ind-spatial-statistics.knit.md

Warning message:
In readLines(input) :
  incomplete final line found on 'ind-spatial-statistics.qmd'

[32/41] pages/ind-image-analysis.qmd


processing file: ind-image-analysis.qmd
1/25                          
2/25 [unnamed-chunk-1]        
3/25                          
4/25 [fig-pyr_str]            
5/25                          
6/25 [unnamed-chunk-2]        
7/25                          
8/25 [fig-imageTCGA]          
9/25                          
10/25 [fig-imageTCGA_filtering]
11/25                          
12/25 [fig-imageTCGA_r_code]   
13/25                          
14/25 [fig-imageTCGA_geo]      
15/25                          
16/25 [unnamed-chunk-3]        
17/25                          
18/25 [unnamed-chunk-4]        
19/25                          
20/25 [unnamed-chunk-5]        
21/25                          
22/25 [unnamed-chunk-6]        
23/25                          
24/25 [unnamed-chunk-7]        
25/25                          
output file: ind-image-analysis.knit.md

Warning message:
In readLines(input) :
  incomplete final line found on 'ind-image-analysis.qmd'

[33/41] pages/mult-diff-spatial-patterns.qmd


processing file: mult-diff-spatial-patterns.qmd
1/23                  
2/23 [unnamed-chunk-1]
3/23                  
4/23 [deps]           
5/23                  
6/23 [data]           
7/23                  
8/23 [plt-clu-xy]     
9/23                  
10/23 [dsp-global]     
11/23                  
12/23 [res-global]     
13/23                  
14/23 [dsp-individual] 
15/23                  
16/23 [res-individual] 
17/23                  
18/23 [plt-xy]         
19/23                  
20/23 [plt-cpm]        
21/23                  
22/23 [unnamed-chunk-2]
23/23                  
output file: mult-diff-spatial-patterns.knit.md

Warning message:
In readLines(input) :
  incomplete final line found on 'mult-diff-spatial-patterns.qmd'

[34/41] pages/mult-diff-colocalization.qmd


processing file: mult-diff-colocalization.qmd
1/41                        
2/41 [unnamed-chunk-1]      
3/41                        
4/41 [setup]                
5/41                        
6/41 [load-data-hide]       
7/41                        
8/41 [load-data]            
Error in curl::curl_fetch_disk(x$url$url, x$disk, handle = x$url$handle) : 
  Timeout was reached [storage.googleapis.com]:
Operation too slow. Less than 1 bytes/sec transferred the last 600 seconds
Calls: .main ... <Anonymous> -> crul_fetch -> <Anonymous> -> raise_libcurl_error

Quitting from mult-diff-colocalization.qmd:60-73 [load-data]
~~~~~~~~~~~~~~~~~~~~~~~~~~~~~~~~~~~~~~~~~~~~~~~~~~~~~~~~~~~~~~~~~~~~~~~~~~~~~~~~
<error/rlang_error>
Error in `curl::curl_fetch_disk()`:
! Timeout was reached [storage.googleapis.com]:
Operation too slow. Less than 1 bytes/sec transferred the last 600 seconds
---
Backtrace:
     ▆
  1. ├─osfr::osf_download(osf_files, path = td)
  2. ├─osfr:::osf_download.osf_tbl_file(osf_files, path = td)
  3. │ └─base::Map(...)
  4. │   └─base::mapply(FUN = f, ..., SIMPLIFY = FALSE)
  5. │     └─osfr (local) `<fn>`(...)
  6. │       └─osfr:::.wb_download(...)
  7. │         └─osfr:::.wb_request("get", api_path, query, disk = path, progress = progress)
  8. │           └─cli$retry(...)
  9. │             └─crul (local) verb_func(...)
 10. │               └─private$make_request(rr, mock)
 11. │                 └─crul:::crul_fetch(opts)
 12. │                   └─curl::curl_fetch_disk(x$url$url, x$disk, handle = x$url$handle)
 13. └─curl:::raise_libcurl_error(...)
~~~~~~~~~~~~~~~~~~~~~~~~~~~~~~~~~~~~~~~~~~~~~~~~~~~~~~~~~~~~~~~~~~~~~~~~~~~~~~~~

Execution halted
make: *** [Makefile:4: render] Error 1
Error in tools::buildVignettes(dir = ".", tangle = TRUE) : 
  running 'make' failed
Execution halted