Back to Books build report for BioC 3.22

This page was generated on 2025-11-07 14:30 -0500 (Fri, 07 Nov 2025).

HostnameOSArch (*)R versionInstalled pkgs
nebbiolo2Linux (Ubuntu 24.04.3 LTS)x86_644.5.1 Patched (2025-08-23 r88802) -- "Great Square Root" 4902
lconwaymacOS 12.7.6 Montereyx86_644.5.1 Patched (2025-09-10 r88807) -- "Great Square Root" 4692
kjohnson3macOS 13.7.7 Venturaarm644.5.1 Patched (2025-09-10 r88807) -- "Great Square Root" 4638
Click on any hostname to see more info about the system (e.g. compilers)      (*) as reported by 'uname -p', except on Windows and Mac OS X

Package 5/11HostnameOS / ArchINSTALLBUILDCHECK
OSCA.advanced 1.18.0  (landing page)
Ludwig Geistlinger
Snapshot Date: 2025-11-07 06:30 -0500 (Fri, 07 Nov 2025)
git_url: https://git.bioconductor.org/packages/OSCA.advanced
git_branch: RELEASE_3_22
git_last_commit: 7ca63ba
git_last_commit_date: 2025-10-29 10:13:01 -0500 (Wed, 29 Oct 2025)
nebbiolo2Linux (Ubuntu 24.04.3 LTS) / x86_64  OK    OK    OK  NO, package depends on 'PCAtools' which is not available
lconwaymacOS 12.7.6 Monterey / x86_64  OK    OK    OK  
kjohnson3macOS 13.7.7 Ventura / arm64  OK    ERROR  skipped


BUILD results for OSCA.advanced on kjohnson3

To the developers/maintainers of the OSCA.advanced package:
- Use the following Renviron settings to reproduce errors and warnings.
- If 'R CMD check' started to fail recently on the Linux builder(s) over a missing dependency, add the missing dependency to 'Suggests:' in your DESCRIPTION file. See Renviron.bioc for more information.

raw results


Summary

Package: OSCA.advanced
Version: 1.18.0
Command: /Library/Frameworks/R.framework/Resources/bin/R CMD build --keep-empty-dirs --no-resave-data OSCA.advanced
StartedAt: 2025-11-07 06:46:02 -0500 (Fri, 07 Nov 2025)
EndedAt: 2025-11-07 06:51:49 -0500 (Fri, 07 Nov 2025)
EllapsedTime: 346.3 seconds
RetCode: 1
Status:   ERROR  
PackageFile: None
PackageFileSize: NA

Command output

##############################################################################
##############################################################################
###
### Running command:
###
###   /Library/Frameworks/R.framework/Resources/bin/R CMD build --keep-empty-dirs --no-resave-data OSCA.advanced
###
##############################################################################
##############################################################################


* checking for file ‘OSCA.advanced/DESCRIPTION’ ... OK
* preparing ‘OSCA.advanced’:
* checking DESCRIPTION meta-information ... OK
* installing the package to build vignettes
* creating vignettes ... ERROR
--- re-building ‘stub.Rmd’ using rmarkdown
[WARNING] This document format requires a nonempty <title> element.
  Defaulting to 'stub.knit' as the title.
  To specify a title, use 'title' in metadata or --metadata title="...".
--- finished re-building ‘stub.Rmd’

"/Library/Frameworks/R.framework/Resources/bin/R" -e "work.dir <- rebook::bookCache('OSCA.advanced'); handle <- rebook::preCompileBook('../inst/book', work.dir=work.dir, desc='../DESCRIPTION'); old.dir <- setwd(work.dir); bookdown::render_book('index.Rmd'); setwd(old.dir); rebook::postCompileBook(work.dir=work.dir, final.dir='../inst/doc/book', handle=handle)"

R version 4.5.1 Patched (2025-09-10 r88807) -- "Great Square Root"
Copyright (C) 2025 The R Foundation for Statistical Computing
Platform: aarch64-apple-darwin20

R is free software and comes with ABSOLUTELY NO WARRANTY.
You are welcome to redistribute it under certain conditions.
Type 'license()' or 'licence()' for distribution details.

  Natural language support but running in an English locale

R is a collaborative project with many contributors.
Type 'contributors()' for more information and
'citation()' on how to cite R or R packages in publications.

Type 'demo()' for some demos, 'help()' for on-line help, or
'help.start()' for an HTML browser interface to help.
Type 'q()' to quit R.

> work.dir <- rebook::bookCache('OSCA.advanced'); handle <- rebook::preCompileBook('../inst/book', work.dir=work.dir, desc='../DESCRIPTION'); old.dir <- setwd(work.dir); bookdown::render_book('index.Rmd'); setwd(old.dir); rebook::postCompileBook(work.dir=work.dir, final.dir='../inst/doc/book', handle=handle)
# 
# 
# processing file: more-reddim.Rmd
# 1/64                            
# 2/64 [setup]                    
# 3/64                            
# 4/64 [unnamed-chunk-1]          
# 5/64                            
# 6/64 [unnamed-chunk-2]          
# 7/64                            
# 8/64 [elbow]                    
# 2025-11-07 06:47:45.629 R[88704:654168710] XType: Using static font registry.
# 9/64                            
# 10/64 [unnamed-chunk-3]          
# 11/64                            
# 12/64 [unnamed-chunk-4]          
# 13/64                            
# 14/64 [unnamed-chunk-5]          
# 15/64                            
# 16/64 [unnamed-chunk-6]          
# 17/64                            
# 18/64 [unnamed-chunk-7]          
# 19/64                            
# 20/64 [unnamed-chunk-8]          
# 21/64                            
# 22/64 [unnamed-chunk-9]          
# 23/64                            
# 24/64 [cluster-pc-choice]        
# 25/64                            
# 26/64 [unnamed-chunk-10]         
# 27/64                            
# 28/64 [unnamed-chunk-11]         
# 29/64                            
# 30/64 [unnamed-chunk-12]         
# 31/64                            
# 32/64 [zeisel-parallel-pc-choice]
# 33/64                            
# 34/64 [unnamed-chunk-13]         
# 35/64                            
# 36/64 [unnamed-chunk-14]         
# 37/64                            
# 38/64 [unnamed-chunk-15]         
# 39/64                            
# 40/64 [unnamed-chunk-16]         
# 41/64                            
# 42/64 [unnamed-chunk-17]         
# 43/64                            
# 44/64 [corral-sort]              
# 45/64                            
# 46/64 [unnamed-chunk-18]         
# 47/64                            
# 48/64 [heat-nmf-zeisel]          
# 49/64                            
# 50/64 [unnamed-chunk-19]         
# 51/64                            
# 52/64 [unnamed-chunk-20]         
# 53/64                            
# 54/64 [snifter-scater]           
# 55/64                            
# 56/64 [snifter-embedding]        
# 57/64                            
# 58/64 [unnamed-chunk-21]         
# OMP: Info #276: omp_set_nested routine deprecated, please use omp_set_max_active_levels instead.
# OMP: Warning #96: Cannot form a team with 24 threads, using 2 instead.
# OMP: Hint Consider unsetting KMP_DEVICE_THREAD_LIMIT (KMP_ALL_THREADS), KMP_TEAMS_THREAD_LIMIT, and OMP_THREAD_LIMIT (if any are set).
# /Users/biocbuild/.pyenv/versions/3.12.10/lib/python3.12/multiprocessing/resource_tracker.py:279: UserWarning: resource_tracker: There appear to be 1 leaked semaphore objects to clean up at shutdown
#   warnings.warn('resource_tracker: There appear to be %d '
# 59/64                            
# 60/64 [unnamed-chunk-22]         
# Error: mean(vars_d) > mean(vars_t) is not TRUE
# 
# Quitting from more-reddim.Rmd:485-502 [unnamed-chunk-22]
# ~~~~~~~~~~~~~~~~~~~~~~~~~~~~~~~~~~~~~~~~~~~~~~~~~~~~~~~~~~~~~~~~~~~~~~~~~~~~~~~~
# <error/rlang_error>
# Error:
# ! mean(vars_d) > mean(vars_t) is not TRUE
# ---
# Backtrace:
#     ▆
#  1. └─base::stopifnot(mean(vars_d) > mean(vars_t))
# ~~~~~~~~~~~~~~~~~~~~~~~~~~~~~~~~~~~~~~~~~~~~~~~~~~~~~~~~~~~~~~~~~~~~~~~~~~~~~~~~
# 
# Execution halted

Error in compileChapter(path) : 
  failed to compile '~/Library/Caches/rebook/OSCA.advanced/1.18.0/more-reddim.Rmd'
Calls: <Anonymous> ... .precompile_book -> .locked_compile_chapter -> compileChapter
Execution halted
make: *** [compiled] Error 1
Error in tools::buildVignettes(dir = ".", tangle = TRUE) : 
  running 'make' failed
Execution halted