Back to Multiple platform build/check report for BioC 3.22:   simplified   long
ABCDEFGHIJKLMNOPQRS[T]UVWXYZ

This page was generated on 2025-11-04 12:04 -0500 (Tue, 04 Nov 2025).

HostnameOSArch (*)R versionInstalled pkgs
nebbiolo2Linux (Ubuntu 24.04.3 LTS)x86_644.5.1 Patched (2025-08-23 r88802) -- "Great Square Root" 4902
lconwaymacOS 12.7.6 Montereyx86_644.5.1 Patched (2025-09-10 r88807) -- "Great Square Root" 4692
kjohnson3macOS 13.7.7 Venturaarm644.5.1 Patched (2025-09-10 r88807) -- "Great Square Root" 4638
Click on any hostname to see more info about the system (e.g. compilers)      (*) as reported by 'uname -p', except on Windows and Mac OS X

Package 2248/2361HostnameOS / ArchINSTALLBUILDCHECKBUILD BIN
transcriptR 1.38.0  (landing page)
Armen R. Karapetyan
Snapshot Date: 2025-11-03 13:45 -0500 (Mon, 03 Nov 2025)
git_url: https://git.bioconductor.org/packages/transcriptR
git_branch: RELEASE_3_22
git_last_commit: 15da834
git_last_commit_date: 2025-10-29 10:29:09 -0500 (Wed, 29 Oct 2025)
nebbiolo2Linux (Ubuntu 24.04.3 LTS) / x86_64  OK    OK    ERROR  
lconwaymacOS 12.7.6 Monterey / x86_64  OK    OK    ERROR    OK  
kjohnson3macOS 13.7.7 Ventura / arm64  OK    OK    ERROR    OK  


CHECK results for transcriptR on lconway

To the developers/maintainers of the transcriptR package:
- Allow up to 24 hours (and sometimes 48 hours) for your latest push to git@git.bioconductor.org:packages/transcriptR.git to reflect on this report. See Troubleshooting Build Report for more information.
- Use the following Renviron settings to reproduce errors and warnings.
- If 'R CMD check' started to fail recently on the Linux builder(s) over a missing dependency, add the missing dependency to 'Suggests:' in your DESCRIPTION file. See Renviron.bioc for more information.

raw results


Summary

Package: transcriptR
Version: 1.38.0
Command: /Library/Frameworks/R.framework/Resources/bin/R CMD check --install=check:transcriptR.install-out.txt --library=/Library/Frameworks/R.framework/Resources/library --no-vignettes --timings transcriptR_1.38.0.tar.gz
StartedAt: 2025-11-04 00:54:44 -0500 (Tue, 04 Nov 2025)
EndedAt: 2025-11-04 01:02:43 -0500 (Tue, 04 Nov 2025)
EllapsedTime: 478.2 seconds
RetCode: 1
Status:   ERROR  
CheckDir: transcriptR.Rcheck
Warnings: NA

Command output

##############################################################################
##############################################################################
###
### Running command:
###
###   /Library/Frameworks/R.framework/Resources/bin/R CMD check --install=check:transcriptR.install-out.txt --library=/Library/Frameworks/R.framework/Resources/library --no-vignettes --timings transcriptR_1.38.0.tar.gz
###
##############################################################################
##############################################################################


* using log directory ‘/Users/biocbuild/bbs-3.22-bioc/meat/transcriptR.Rcheck’
* using R version 4.5.1 Patched (2025-09-10 r88807)
* using platform: x86_64-apple-darwin20
* R was compiled by
    Apple clang version 14.0.0 (clang-1400.0.29.202)
    GNU Fortran (GCC) 14.2.0
* running under: macOS Monterey 12.7.6
* using session charset: UTF-8
* using option ‘--no-vignettes’
* checking for file ‘transcriptR/DESCRIPTION’ ... OK
* checking extension type ... Package
* this is package ‘transcriptR’ version ‘1.38.0’
* checking package namespace information ... OK
* checking package dependencies ... OK
* checking if this is a source package ... OK
* checking if there is a namespace ... OK
* checking for hidden files and directories ... OK
* checking for portable file names ... OK
* checking for sufficient/correct file permissions ... OK
* checking whether package ‘transcriptR’ can be installed ... WARNING
Found the following significant warnings:
  Warning: replacing previous import ‘e1071::element’ by ‘ggplot2::element’ when loading ‘transcriptR’
See ‘/Users/biocbuild/bbs-3.22-bioc/meat/transcriptR.Rcheck/00install.out’ for details.
* checking installed package size ... OK
* checking package directory ... OK
* checking ‘build’ directory ... OK
* checking DESCRIPTION meta-information ... OK
* checking top-level files ... OK
* checking for left-over files ... OK
* checking index information ... OK
* checking package subdirectories ... OK
* checking code files for non-ASCII characters ... OK
* checking R files for syntax errors ... OK
* checking whether the package can be loaded ... OK
* checking whether the package can be loaded with stated dependencies ... OK
* checking whether the package can be unloaded cleanly ... OK
* checking whether the namespace can be loaded with stated dependencies ... OK
* checking whether the namespace can be unloaded cleanly ... OK
* checking dependencies in R code ... OK
* checking S3 generic/method consistency ... OK
* checking replacement functions ... OK
* checking foreign function calls ... OK
* checking R code for possible problems ... OK
* checking Rd files ... OK
* checking Rd metadata ... OK
* checking Rd cross-references ... NOTE
Found the following Rd file(s) with Rd \link{} targets missing package
anchors:
  annot.Rd: GRanges
  plotROC-methods.Rd: pROC
  transcriptsToBed-methods.Rd: GRanges
Please provide package anchors for all Rd \link{} targets not in the
package itself and the base packages.
* checking for missing documentation entries ... OK
* checking for code/documentation mismatches ... OK
* checking Rd \usage sections ... OK
* checking Rd contents ... OK
* checking for unstated dependencies in examples ... OK
* checking contents of ‘data’ directory ... OK
* checking data for non-ASCII characters ... OK
* checking data for ASCII and uncompressed saves ... OK
* checking files in ‘vignettes’ ... OK
* checking examples ... OK
Examples with CPU (user + system) or elapsed time > 5s
                                 user system elapsed
breakTranscriptsByPeaks-methods 7.522  0.343   7.922
* checking for unstated dependencies in ‘tests’ ... OK
* checking tests ...
  Running ‘testthat.R’
 ERROR
Running the tests in ‘tests/testthat.R’ failed.
Last 13 lines of output:
  [ FAIL 2 | WARN 0 | SKIP 0 | PASS 85 ]
  
  ══ Failed tests ════════════════════════════════════════════════════════════════
  ── Failure ('test-TranscriptionDataSet-methods.R:25:9'): estimateGapDistance works ──
  `gd.min` not equal to 6900.
  1/1 mismatches
  [1] 7000 - 6900 == 100
  ── Failure ('test-TranscriptionDataSet-methods.R:51:9'): detectTranscripts works ──
  length(getTranscripts(tds)) not equal to 274.
  1/1 mismatches
  [1] 262 - 274 == -12
  
  [ FAIL 2 | WARN 0 | SKIP 0 | PASS 85 ]
  Error: Test failures
  Execution halted
* checking for unstated dependencies in vignettes ... OK
* checking package vignettes ... OK
* checking running R code from vignettes ... SKIPPED
* checking re-building of vignette outputs ... SKIPPED
* checking PDF version of manual ... OK
* DONE

Status: 1 ERROR, 1 WARNING, 1 NOTE
See
  ‘/Users/biocbuild/bbs-3.22-bioc/meat/transcriptR.Rcheck/00check.log’
for details.


Installation output

transcriptR.Rcheck/00install.out

##############################################################################
##############################################################################
###
### Running command:
###
###   /Library/Frameworks/R.framework/Resources/bin/R CMD INSTALL transcriptR
###
##############################################################################
##############################################################################


* installing to library ‘/Library/Frameworks/R.framework/Versions/4.5-x86_64/Resources/library’
* installing *source* package ‘transcriptR’ ...
** this is package ‘transcriptR’ version ‘1.38.0’
** using staged installation
** R
** data
** inst
** byte-compile and prepare package for lazy loading
Warning: replacing previous import ‘e1071::element’ by ‘ggplot2::element’ when loading ‘transcriptR’
** help
*** installing help indices
** building package indices
** installing vignettes
** testing if installed package can be loaded from temporary location
Warning: replacing previous import ‘e1071::element’ by ‘ggplot2::element’ when loading ‘transcriptR’
** testing if installed package can be loaded from final location
Warning: replacing previous import ‘e1071::element’ by ‘ggplot2::element’ when loading ‘transcriptR’
** testing if installed package keeps a record of temporary installation path
* DONE (transcriptR)

Tests output

transcriptR.Rcheck/tests/testthat.Rout.fail


R version 4.5.1 Patched (2025-09-10 r88807) -- "Great Square Root"
Copyright (C) 2025 The R Foundation for Statistical Computing
Platform: x86_64-apple-darwin20

R is free software and comes with ABSOLUTELY NO WARRANTY.
You are welcome to redistribute it under certain conditions.
Type 'license()' or 'licence()' for distribution details.

R is a collaborative project with many contributors.
Type 'contributors()' for more information and
'citation()' on how to cite R or R packages in publications.

Type 'demo()' for some demos, 'help()' for on-line help, or
'help.start()' for an HTML browser interface to help.
Type 'q()' to quit R.

> library(testthat)
> library(transcriptR)
Warning message:
replacing previous import 'e1071::element' by 'ggplot2::element' when loading 'transcriptR' 
> 
> test_check("transcriptR")
[ FAIL 2 | WARN 0 | SKIP 0 | PASS 85 ]

══ Failed tests ════════════════════════════════════════════════════════════════
── Failure ('test-TranscriptionDataSet-methods.R:25:9'): estimateGapDistance works ──
`gd.min` not equal to 6900.
1/1 mismatches
[1] 7000 - 6900 == 100
── Failure ('test-TranscriptionDataSet-methods.R:51:9'): detectTranscripts works ──
length(getTranscripts(tds)) not equal to 274.
1/1 mismatches
[1] 262 - 274 == -12

[ FAIL 2 | WARN 0 | SKIP 0 | PASS 85 ]
Error: Test failures
Execution halted

Example timings

transcriptR.Rcheck/transcriptR-Ex.timings

nameusersystemelapsed
addFeature-methods0.0960.0050.102
annotateTranscripts-methods2.4010.0652.477
breakTranscriptsByPeaks-methods7.5220.3437.922
constructCDS0.0040.0020.006
constructTDS0.1650.0070.171
detectTranscripts-methods1.0720.0521.135
estimateBackground-methods0.2820.0260.312
estimateGapDistance-methods0.8870.0480.946
exportCoverage-methods0.1540.0050.161
getConfusionMatrix-methods0.0020.0010.003
getGenomicAnnot-methods0.0040.0010.006
getPeaks-methods0.0250.0020.028
getPredictorSignificance-methods0.0030.0020.003
getProbTreshold-methods0.0030.0020.003
getQuadProb-methods0.1600.0070.169
getTestedGapDistances-methods0.1620.0050.167
getTranscripts-methods0.1610.0050.167
peaksToBed-methods3.5410.1923.760
plotErrorRate-methods0.8380.0180.860
plotFeatures-methods3.1640.0563.240
plotGenomicAnnot-methods0.7770.0060.790
plotROC-methods0.6840.0160.704
predictStrand-methods4.7710.1804.992
predictTssOverlap-methods0.6430.0340.679
show0.1590.0040.163
transcriptsToBed-methods1.1030.0691.182