Back to Multiple platform build/check report for BioC 3.21:   simplified   long
ABCDEFGHIJKLMNOPQR[S]TUVWXYZ

This page was generated on 2025-05-08 11:48 -0400 (Thu, 08 May 2025).

HostnameOSArch (*)R versionInstalled pkgs
nebbiolo1Linux (Ubuntu 24.04.1 LTS)x86_644.5.0 RC (2025-04-04 r88126) -- "How About a Twenty-Six" 4833
palomino7Windows Server 2022 Datacenterx644.5.0 RC (2025-04-04 r88126 ucrt) -- "How About a Twenty-Six" 4574
merida1macOS 12.7.5 Montereyx86_644.5.0 RC (2025-04-04 r88126) -- "How About a Twenty-Six" 4599
kjohnson1macOS 13.6.6 Venturaarm644.5.0 RC (2025-04-04 r88129) -- "How About a Twenty-Six" 4553
kunpeng2Linux (openEuler 24.03 LTS)aarch64R Under development (unstable) (2025-02-19 r87757) -- "Unsuffered Consequences" 4570
Click on any hostname to see more info about the system (e.g. compilers)      (*) as reported by 'uname -p', except on Windows and Mac OS X

Package 2130/2341HostnameOS / ArchINSTALLBUILDCHECKBUILD BIN
supraHex 1.46.0  (landing page)
Hai Fang
Snapshot Date: 2025-05-05 13:40 -0400 (Mon, 05 May 2025)
git_url: https://git.bioconductor.org/packages/supraHex
git_branch: RELEASE_3_21
git_last_commit: 1ef35e8
git_last_commit_date: 2025-04-15 10:25:55 -0400 (Tue, 15 Apr 2025)
nebbiolo1Linux (Ubuntu 24.04.1 LTS) / x86_64  OK    ERROR  skipped
palomino7Windows Server 2022 Datacenter / x64  OK    ERROR  skippedskipped
merida1macOS 12.7.5 Monterey / x86_64  OK    ERROR  skippedskipped
kjohnson1macOS 13.6.6 Ventura / arm64  OK    ERROR  skippedskipped
kunpeng2Linux (openEuler 24.03 LTS) / aarch64  OK    ERROR  skipped


BUILD results for supraHex on kunpeng2

To the developers/maintainers of the supraHex package:
- Allow up to 24 hours (and sometimes 48 hours) for your latest push to git@git.bioconductor.org:packages/supraHex.git to reflect on this report. See Troubleshooting Build Report for more information.
- Use the following Renviron settings to reproduce errors and warnings.
- If 'R CMD check' started to fail recently on the Linux builder(s) over a missing dependency, add the missing dependency to 'Suggests:' in your DESCRIPTION file. See Renviron.bioc for more information.
- See Martin Grigorov's blog post for how to debug Linux ARM64 related issues on a x86_64 host.

raw results


Summary

Package: supraHex
Version: 1.46.0
Command: /home/biocbuild/R/R/bin/R CMD build --keep-empty-dirs --no-resave-data supraHex
StartedAt: 2025-05-06 04:53:57 -0000 (Tue, 06 May 2025)
EndedAt: 2025-05-06 04:54:13 -0000 (Tue, 06 May 2025)
EllapsedTime: 16.0 seconds
RetCode: 1
Status:   ERROR  
PackageFile: None
PackageFileSize: NA

Command output

##############################################################################
##############################################################################
###
### Running command:
###
###   /home/biocbuild/R/R/bin/R CMD build --keep-empty-dirs --no-resave-data supraHex
###
##############################################################################
##############################################################################


* checking for file ‘supraHex/DESCRIPTION’ ... OK
* preparing ‘supraHex’:
* checking DESCRIPTION meta-information ... OK
* installing the package to build vignettes
* creating vignettes ... ERROR
--- re-building ‘supraHex_vignettes.Rnw’ using Sweave
Loading required package: hexbin
Warning in fun(libname, pkgname) :
  Package 'supraHex' is deprecated and will be removed from Bioconductor
  version 3.22
Start at 2025-05-06 04:54:09.851489

First, define topology of a map grid (2025-05-06 04:54:09.852584)...
Second, initialise the codebook matrix (169 X 6) using 'linear' initialisation, given a topology and input data (2025-05-06 04:54:09.852584)...
Third, get training at the rough stage (2025-05-06 04:54:09.873361)...
	1 out of 2 (2025-05-06 04:54:09.876273)
	updated (2025-05-06 04:54:09.912942)
	2 out of 2 (2025-05-06 04:54:09.913496)
	updated (2025-05-06 04:54:09.949779)
Fourth, get training at the finetune stage (2025-05-06 04:54:09.95037)...
	1 out of 7 (2025-05-06 04:54:09.952261)
	updated (2025-05-06 04:54:09.996815)
	2 out of 7 (2025-05-06 04:54:09.997352)
	updated (2025-05-06 04:54:10.029365)
	3 out of 7 (2025-05-06 04:54:10.029908)
	updated (2025-05-06 04:54:10.061954)
	4 out of 7 (2025-05-06 04:54:10.062524)
	updated (2025-05-06 04:54:10.096049)
	5 out of 7 (2025-05-06 04:54:10.096609)
	updated (2025-05-06 04:54:10.138327)
	6 out of 7 (2025-05-06 04:54:10.138887)
	updated (2025-05-06 04:54:10.171422)
	7 out of 7 (2025-05-06 04:54:10.17197)
	updated (2025-05-06 04:54:10.213636)
Next, identify the best-matching hexagon/rectangle for the input data (2025-05-06 04:54:10.214583)...
Finally, append the response data (hits and mqe) into the sMap object (2025-05-06 04:54:10.263033)...

Below are the summaries of the training results:
   dimension of input data: 1000x6
   xy-dimension of map grid: xdim=15, ydim=15, r=8
   grid lattice: hexa
   grid shape: suprahex
   dimension of grid coord: 169x2
   initialisation method: linear
   dimension of codebook matrix: 169x6
   mean quantization error: 2.04942014347548

Below are the details of trainology:
   training algorithm: batch
   alpha type: invert
   training neighborhood kernel: gaussian
   trainlength (x input data length): 2 at rough stage; 7 at finetune stage
   radius (at rough stage): from 4 to 1
   radius (at finetune stage): from 1 to 1

End at 2025-05-06 04:54:10.862655
Runtime in total is: 1 secs

Warning: The `path` argument of `write_delim()` is deprecated as of readr 1.4.0.
ℹ Please use the `file` argument instead.
ℹ The deprecated feature was likely used in the supraHex package.
  Please report the issue to the authors.

Error: processing vignette 'supraHex_vignettes.Rnw' failed with diagnostics:
 chunk 18 
Error in igraph::as_data_frame(., what = "edge") : 
  `arg` must be one of "edges", "vertices", or "both", not "edge".
ℹ Did you mean "edges"?

--- failed re-building ‘supraHex_vignettes.Rnw’

SUMMARY: processing the following file failed:
  ‘supraHex_vignettes.Rnw’

Error: Vignette re-building failed.
Execution halted