Back to Multiple platform build/check report for BioC 3.22:   simplified   long
ABCDEFGHIJKLMNOPQR[S]TUVWXYZ

This page was generated on 2025-11-20 12:06 -0500 (Thu, 20 Nov 2025).

HostnameOSArch (*)R versionInstalled pkgs
nebbiolo2Linux (Ubuntu 24.04.3 LTS)x86_644.5.2 (2025-10-31) -- "[Not] Part in a Rumble" 4615
merida1macOS 12.7.6 Montereyx86_644.5.2 Patched (2025-11-05 r88990) -- "[Not] Part in a Rumble" 4610
kjohnson1macOS 13.7.5 Venturaarm644.5.2 Patched (2025-11-04 r88984) -- "[Not] Part in a Rumble" 4598
taishanLinux (openEuler 24.03 LTS)aarch644.5.0 (2025-04-11) -- "How About a Twenty-Six" 4668
Click on any hostname to see more info about the system (e.g. compilers)      (*) as reported by 'uname -p', except on Windows and Mac OS X

Package 2052/2361HostnameOS / ArchINSTALLBUILDCHECKBUILD BIN
smoppix 1.2.0  (landing page)
Stijn Hawinkel
Snapshot Date: 2025-11-17 13:45 -0500 (Mon, 17 Nov 2025)
git_url: https://git.bioconductor.org/packages/smoppix
git_branch: RELEASE_3_22
git_last_commit: ff312ee
git_last_commit_date: 2025-10-29 11:33:54 -0500 (Wed, 29 Oct 2025)
nebbiolo2Linux (Ubuntu 24.04.3 LTS) / x86_64  OK    OK    OK  UNNEEDED, same version is already published
merida1macOS 12.7.6 Monterey / x86_64  OK    OK    OK    OK  UNNEEDED, same version is already published
kjohnson1macOS 13.7.5 Ventura / arm64  OK    ERROR  skippedskipped
taishanLinux (openEuler 24.03 LTS) / aarch64  OK    TIMEOUT  skipped


BUILD results for smoppix on kjohnson1

To the developers/maintainers of the smoppix package:
- Allow up to 24 hours (and sometimes 48 hours) for your latest push to git@git.bioconductor.org:packages/smoppix.git to reflect on this report. See Troubleshooting Build Report for more information.
- Use the following Renviron settings to reproduce errors and warnings.
- If 'R CMD check' started to fail recently on the Linux builder(s) over a missing dependency, add the missing dependency to 'Suggests:' in your DESCRIPTION file. See Renviron.bioc for more information.

raw results


Summary

Package: smoppix
Version: 1.2.0
Command: /Library/Frameworks/R.framework/Resources/bin/R CMD build --keep-empty-dirs --no-resave-data smoppix
StartedAt: 2025-11-18 01:06:21 -0500 (Tue, 18 Nov 2025)
EndedAt: 2025-11-18 01:07:49 -0500 (Tue, 18 Nov 2025)
EllapsedTime: 87.8 seconds
RetCode: 1
Status:   ERROR  
PackageFile: None
PackageFileSize: NA

Command output

##############################################################################
##############################################################################
###
### Running command:
###
###   /Library/Frameworks/R.framework/Resources/bin/R CMD build --keep-empty-dirs --no-resave-data smoppix
###
##############################################################################
##############################################################################


* checking for file ‘smoppix/DESCRIPTION’ ... OK
* preparing ‘smoppix’:
* checking DESCRIPTION meta-information ... OK
* cleaning src
* installing the package to process help pages
Loading required namespace: smoppix
* saving partial Rd database
* creating vignettes ... ERROR
--- re-building ‘smoppixVignette.Rmd’ using rmarkdown
2025-11-18 01:06:57.528 R[87201:4096673] XType: Using static font registry.

Quitting from smoppixVignette.Rmd:349-352 [enggrads]
~~~~~~~~~~~~~~~~~~~~~~~~~~~~~~~~~~~~~~~~~~~~~~~~~~~~~~~~~~~~~~~~~~~~~~~~~~~~~~~~
<error/rlang_error>
Error in `reducer$value.cache[[as.character(idx)]] <- values`:
! wrong args for environment subassignment
---
Backtrace:
     ▆
  1. └─smoppix::estGradients(hypEng[seq_len(2), ], features = getFeatures(hypEng)[seq_len(3)])
  2.   └─smoppix::loadBalanceBplapply(...)
  3.     ├─base::unsplit(...)
  4.     │ └─base::is.data.frame(value[[1L]])
  5.     ├─BiocParallel (local) loopFunMatched(...)
  6.     └─BiocParallel (local) loopFunMatched(...)
  7.       ├─BiocParallel::bplapply(...)
  8.       └─BiocParallel::bplapply(...)
  9.         └─BiocParallel:::.bpinit(...)
 10.           ├─BiocParallel::bploop(...)
 11.           └─BiocParallel:::bploop.lapply(...)
 12.             └─BiocParallel:::.bploop_impl(...)
 13.               └─BiocParallel:::.collect_result(manager, reducer, progress, BPPARAM)
 14.                 ├─BiocParallel:::.reducer_add(reducer, njob, value)
 15.                 └─BiocParallel:::.reducer_add(reducer, njob, value)
~~~~~~~~~~~~~~~~~~~~~~~~~~~~~~~~~~~~~~~~~~~~~~~~~~~~~~~~~~~~~~~~~~~~~~~~~~~~~~~~

Error: processing vignette 'smoppixVignette.Rmd' failed with diagnostics:
wrong args for environment subassignment
--- failed re-building ‘smoppixVignette.Rmd’

SUMMARY: processing the following file failed:
  ‘smoppixVignette.Rmd’

Error: Vignette re-building failed.
Execution halted