| Back to Multiple platform build/check report for BioC 3.21: simplified long |
|
This page was generated on 2025-10-16 11:41 -0400 (Thu, 16 Oct 2025).
| Hostname | OS | Arch (*) | R version | Installed pkgs |
|---|---|---|---|---|
| nebbiolo1 | Linux (Ubuntu 24.04.3 LTS) | x86_64 | 4.5.1 (2025-06-13) -- "Great Square Root" | 4833 |
| merida1 | macOS 12.7.6 Monterey | x86_64 | 4.5.1 RC (2025-06-05 r88288) -- "Great Square Root" | 4614 |
| kjohnson1 | macOS 13.7.5 Ventura | arm64 | 4.5.1 Patched (2025-06-14 r88325) -- "Great Square Root" | 4555 |
| kunpeng2 | Linux (openEuler 24.03 LTS) | aarch64 | R Under development (unstable) (2025-02-19 r87757) -- "Unsuffered Consequences" | 4586 |
| Click on any hostname to see more info about the system (e.g. compilers) (*) as reported by 'uname -p', except on Windows and Mac OS X | ||||
| Package 2016/2341 | Hostname | OS / Arch | INSTALL | BUILD | CHECK | BUILD BIN | ||||||||
| singscore 1.28.1 (landing page) Malvika Kharbanda
| nebbiolo1 | Linux (Ubuntu 24.04.3 LTS) / x86_64 | OK | OK | OK | |||||||||
| merida1 | macOS 12.7.6 Monterey / x86_64 | OK | OK | OK | OK | |||||||||
| kjohnson1 | macOS 13.7.5 Ventura / arm64 | OK | OK | OK | OK | |||||||||
| kunpeng2 | Linux (openEuler 24.03 LTS) / aarch64 | OK | OK | ERROR | ||||||||||
|
To the developers/maintainers of the singscore package: - Allow up to 24 hours (and sometimes 48 hours) for your latest push to git@git.bioconductor.org:packages/singscore.git to reflect on this report. See Troubleshooting Build Report for more information. - Use the following Renviron settings to reproduce errors and warnings. - If 'R CMD check' started to fail recently on the Linux builder(s) over a missing dependency, add the missing dependency to 'Suggests:' in your DESCRIPTION file. See Renviron.bioc for more information. - See Martin Grigorov's blog post for how to debug Linux ARM64 related issues on a x86_64 host. |
| Package: singscore |
| Version: 1.28.1 |
| Command: /home/biocbuild/R/R/bin/R CMD check --install=check:singscore.install-out.txt --library=/home/biocbuild/R/R/site-library --no-vignettes --timings singscore_1.28.1.tar.gz |
| StartedAt: 2025-10-14 14:22:31 -0000 (Tue, 14 Oct 2025) |
| EndedAt: 2025-10-14 14:28:53 -0000 (Tue, 14 Oct 2025) |
| EllapsedTime: 382.5 seconds |
| RetCode: 1 |
| Status: ERROR |
| CheckDir: singscore.Rcheck |
| Warnings: NA |
##############################################################################
##############################################################################
###
### Running command:
###
### /home/biocbuild/R/R/bin/R CMD check --install=check:singscore.install-out.txt --library=/home/biocbuild/R/R/site-library --no-vignettes --timings singscore_1.28.1.tar.gz
###
##############################################################################
##############################################################################
* using log directory ‘/home/biocbuild/bbs-3.21-bioc/meat/singscore.Rcheck’
* using R Under development (unstable) (2025-02-19 r87757)
* using platform: aarch64-unknown-linux-gnu
* R was compiled by
aarch64-unknown-linux-gnu-gcc (GCC) 14.2.0
GNU Fortran (GCC) 14.2.0
* running under: openEuler 24.03 (LTS-SP1)
* using session charset: UTF-8
* using option ‘--no-vignettes’
* checking for file ‘singscore/DESCRIPTION’ ... OK
* checking extension type ... Package
* this is package ‘singscore’ version ‘1.28.1’
* package encoding: UTF-8
* checking package namespace information ... OK
* checking package dependencies ... OK
* checking if this is a source package ... OK
* checking if there is a namespace ... OK
* checking for hidden files and directories ... OK
* checking for portable file names ... OK
* checking for sufficient/correct file permissions ... OK
* checking whether package ‘singscore’ can be installed ... OK
* checking installed package size ... OK
* checking package directory ... OK
* checking ‘build’ directory ... OK
* checking DESCRIPTION meta-information ... OK
* checking top-level files ... OK
* checking for left-over files ... OK
* checking index information ... OK
* checking package subdirectories ... OK
* checking code files for non-ASCII characters ... OK
* checking R files for syntax errors ... OK
* checking whether the package can be loaded ... OK
* checking whether the package can be loaded with stated dependencies ... OK
* checking whether the package can be unloaded cleanly ... OK
* checking whether the namespace can be loaded with stated dependencies ... OK
* checking whether the namespace can be unloaded cleanly ... OK
* checking loading without being on the library search path ... OK
* checking dependencies in R code ... OK
* checking S3 generic/method consistency ... OK
* checking replacement functions ... OK
* checking foreign function calls ... OK
* checking R code for possible problems ... NOTE
plotDispersion: no visible binding for global variable ‘Score’
plotDispersion: no visible binding for global variable ‘Dispersion’
plotDispersion: no visible binding for global variable ‘Class’
plotDispersion: no visible binding for global variable ‘SampleText’
plotDispersion: no visible binding for global variable ‘SampleLabel’
plotNull: no visible binding for global variable ‘value’
plotNull: no visible binding for global variable ‘TotalScore’
plotNull: no visible binding for global variable ‘label’
plotRankDensity_intl: no visible binding for global variable ‘Ranks’
plotRankDensity_intl: no visible binding for global variable ‘upDown’
plotRankDensity_intl: no visible binding for global variable ‘hover’
plotScoreLandscape: no visible binding for global variable ‘sc1’
plotScoreLandscape: no visible binding for global variable ‘sc2’
plotScoreLandscape: no visible binding for global variable ‘count’
projectScoreLandscape: no visible binding for global variable ‘Class’
projectScoreLandscape: no visible binding for global variable
‘SampleLabel’
projectScoreLandscape: no visible binding for global variable
‘SampleText’
Undefined global functions or variables:
Class Dispersion Ranks SampleLabel SampleText Score TotalScore count
hover label sc1 sc2 upDown value
* checking Rd files ... OK
* checking Rd metadata ... OK
* checking Rd cross-references ... NOTE
Non-topic package-anchored link(s) in Rd file 'rankGenes.Rd':
‘[Biobase:class.ExpressionSet]{"ExpressionSet"}’
See section 'Cross-references' in the 'Writing R Extensions' manual.
Found the following Rd file(s) with Rd \link{} targets missing package
anchors:
multiScore.Rd: GeneSet-class
plotRankDensity_intl.Rd: GeneSet-class
simpleScore.Rd: GeneSet-class
tgfb_gs_dn.Rd: GeneSet-class
tgfb_gs_up.Rd: GeneSet-class
toy_gs_dn.Rd: GeneSet-class
toy_gs_up.Rd: GeneSet-class
Please provide package anchors for all Rd \link{} targets not in the
package itself and the base packages.
* checking for missing documentation entries ... OK
* checking for code/documentation mismatches ... OK
* checking Rd \usage sections ... OK
* checking Rd contents ... OK
* checking for unstated dependencies in examples ... OK
* checking contents of ‘data’ directory ... OK
* checking data for non-ASCII characters ... OK
* checking LazyData ... OK
* checking data for ASCII and uncompressed saves ... OK
* checking R/sysdata.rda ... OK
* checking files in ‘vignettes’ ... OK
* checking examples ... ERROR
Running examples in ‘singscore-Ex.R’ failed
The error most likely occurred in:
> base::assign(".ptime", proc.time(), pos = "CheckExEnv")
> ### Name: plotDispersion
> ### Title: Plot the score v.s. despersion for all samples
> ### Aliases: plotDispersion
>
> ### ** Examples
>
> ranked <- rankGenes(toy_expr_se)
> scoredf <- simpleScore(ranked, upSet = toy_gs_up, downSet = toy_gs_dn)
> plotDispersion(scoredf)
> plotDispersion(scoredf, isInteractive = TRUE)
Error in pm[[2]] : subscript out of bounds
Calls: plotDispersion -> <Anonymous> -> ggplotly.ggplot -> gg2list
Execution halted
* checking for unstated dependencies in ‘tests’ ... OK
* checking tests ...
Running ‘testthat.R’
ERROR
Running the tests in ‘tests/testthat.R’ failed.
Last 13 lines of output:
3. └─plotly:::ggplotly.ggplot(p1)
4. └─plotly::gg2list(...)
── Error ('test-projectScoreLandscape.R:70:2'): projectScoreLandscape works for interactive plots ──
<subscriptOutOfBoundsError/error/condition>
Error in `pm[[2]]`: subscript out of bounds
Backtrace:
▆
1. └─singscore::projectScoreLandscape(...) at test-projectScoreLandscape.R:70:9
2. ├─plotly::ggplotly(p1, tooltip = c("label", "x", "y", "colour"))
3. └─plotly:::ggplotly.ggplot(p1, tooltip = c("label", "x", "y", "colour"))
4. └─plotly::gg2list(...)
[ FAIL 3 | WARN 11 | SKIP 0 | PASS 128 ]
Error: Test failures
Execution halted
* checking for unstated dependencies in vignettes ... OK
* checking package vignettes ... OK
* checking running R code from vignettes ... SKIPPED
* checking re-building of vignette outputs ... SKIPPED
* checking PDF version of manual ... OK
* DONE
Status: 2 ERRORs, 2 NOTEs
See
‘/home/biocbuild/bbs-3.21-bioc/meat/singscore.Rcheck/00check.log’
for details.
singscore.Rcheck/00install.out
############################################################################## ############################################################################## ### ### Running command: ### ### /home/biocbuild/R/R/bin/R CMD INSTALL singscore ### ############################################################################## ############################################################################## * installing to library ‘/home/biocbuild/R/R-devel_2025-02-19/site-library’ * installing *source* package ‘singscore’ ... ** this is package ‘singscore’ version ‘1.28.1’ ** using staged installation Warning in person1(given = given[[i]], family = family[[i]], middle = middle[[i]], : It is recommended to use ‘given’ instead of ‘middle’. ** R ** data *** moving datasets to lazyload DB ** inst ** byte-compile and prepare package for lazy loading ** help *** installing help indices *** copying figures ** building package indices ** installing vignettes ** testing if installed package can be loaded from temporary location ** testing if installed package can be loaded from final location ** testing if installed package keeps a record of temporary installation path * DONE (singscore)
singscore.Rcheck/tests/testthat.Rout.fail
R Under development (unstable) (2025-02-19 r87757) -- "Unsuffered Consequences"
Copyright (C) 2025 The R Foundation for Statistical Computing
Platform: aarch64-unknown-linux-gnu
R is free software and comes with ABSOLUTELY NO WARRANTY.
You are welcome to redistribute it under certain conditions.
Type 'license()' or 'licence()' for distribution details.
R is a collaborative project with many contributors.
Type 'contributors()' for more information and
'citation()' on how to cite R or R packages in publications.
Type 'demo()' for some demos, 'help()' for on-line help, or
'help.start()' for an HTML browser interface to help.
Type 'q()' to quit R.
> library(testthat)
> library(singscore)
>
> test_check("singscore")
[ FAIL 3 | WARN 11 | SKIP 0 | PASS 128 ]
══ Failed tests ════════════════════════════════════════════════════════════════
── Error ('test-plotDis.R:83:2'): plotDispersion interactive for single sigs ───
<subscriptOutOfBoundsError/error/condition>
Error in `pm[[2]]`: subscript out of bounds
Backtrace:
▆
1. └─singscore::plotDispersion(scoredf, isInteractive = TRUE) at test-plotDis.R:83:9
2. ├─plotly::ggplotly(p1)
3. └─plotly:::ggplotly.ggplot(p1)
4. └─plotly::gg2list(...)
── Error ('test-plotDis.R:112:2'): plotDispersion interactive for up/dn sigs ───
<subscriptOutOfBoundsError/error/condition>
Error in `pm[[2]]`: subscript out of bounds
Backtrace:
▆
1. └─singscore::plotDispersion(scoredf, isInteractive = TRUE) at test-plotDis.R:112:9
2. ├─plotly::ggplotly(p1)
3. └─plotly:::ggplotly.ggplot(p1)
4. └─plotly::gg2list(...)
── Error ('test-projectScoreLandscape.R:70:2'): projectScoreLandscape works for interactive plots ──
<subscriptOutOfBoundsError/error/condition>
Error in `pm[[2]]`: subscript out of bounds
Backtrace:
▆
1. └─singscore::projectScoreLandscape(...) at test-projectScoreLandscape.R:70:9
2. ├─plotly::ggplotly(p1, tooltip = c("label", "x", "y", "colour"))
3. └─plotly:::ggplotly.ggplot(p1, tooltip = c("label", "x", "y", "colour"))
4. └─plotly::gg2list(...)
[ FAIL 3 | WARN 11 | SKIP 0 | PASS 128 ]
Error: Test failures
Execution halted
singscore.Rcheck/singscore-Ex.timings
| name | user | system | elapsed | |
| generateNull | 3.723 | 0.039 | 4.408 | |
| getPvals | 0.106 | 0.000 | 0.130 | |
| getStableGenes | 1.090 | 0.072 | 1.266 | |
| multiScore | 0.02 | 0.00 | 0.02 | |