Back to Multiple platform build/check report for BioC 3.22:   simplified   long
ABCDEFGHIJKLMNOPQR[S]TUVWXYZ

This page was generated on 2025-11-20 12:05 -0500 (Thu, 20 Nov 2025).

HostnameOSArch (*)R versionInstalled pkgs
nebbiolo2Linux (Ubuntu 24.04.3 LTS)x86_644.5.2 (2025-10-31) -- "[Not] Part in a Rumble" 4615
merida1macOS 12.7.6 Montereyx86_644.5.2 Patched (2025-11-05 r88990) -- "[Not] Part in a Rumble" 4610
kjohnson1macOS 13.7.5 Venturaarm644.5.2 Patched (2025-11-04 r88984) -- "[Not] Part in a Rumble" 4598
taishanLinux (openEuler 24.03 LTS)aarch644.5.0 (2025-04-11) -- "How About a Twenty-Six" 4668
Click on any hostname to see more info about the system (e.g. compilers)      (*) as reported by 'uname -p', except on Windows and Mac OS X

Package 2000/2361HostnameOS / ArchINSTALLBUILDCHECKBUILD BIN
shiny.gosling 1.6.0  (landing page)
Appsilon
Snapshot Date: 2025-11-17 13:45 -0500 (Mon, 17 Nov 2025)
git_url: https://git.bioconductor.org/packages/shiny.gosling
git_branch: RELEASE_3_22
git_last_commit: 9b72442
git_last_commit_date: 2025-10-29 11:26:43 -0500 (Wed, 29 Oct 2025)
nebbiolo2Linux (Ubuntu 24.04.3 LTS) / x86_64  OK    ERROR  skipped
merida1macOS 12.7.6 Monterey / x86_64  OK    ERROR  skippedskipped
kjohnson1macOS 13.7.5 Ventura / arm64  OK    ERROR  skippedskipped
taishanLinux (openEuler 24.03 LTS) / aarch64  OK    ERROR  skipped


BUILD results for shiny.gosling on merida1

To the developers/maintainers of the shiny.gosling package:
- Allow up to 24 hours (and sometimes 48 hours) for your latest push to git@git.bioconductor.org:packages/shiny.gosling.git to reflect on this report. See Troubleshooting Build Report for more information.
- Use the following Renviron settings to reproduce errors and warnings.
- If 'R CMD check' started to fail recently on the Linux builder(s) over a missing dependency, add the missing dependency to 'Suggests:' in your DESCRIPTION file. See Renviron.bioc for more information.

raw results


Summary

Package: shiny.gosling
Version: 1.6.0
Command: /Library/Frameworks/R.framework/Resources/bin/R CMD build --keep-empty-dirs --no-resave-data shiny.gosling
StartedAt: 2025-11-18 02:15:26 -0500 (Tue, 18 Nov 2025)
EndedAt: 2025-11-18 02:16:29 -0500 (Tue, 18 Nov 2025)
EllapsedTime: 62.3 seconds
RetCode: 1
Status:   ERROR  
PackageFile: None
PackageFileSize: NA

Command output

##############################################################################
##############################################################################
###
### Running command:
###
###   /Library/Frameworks/R.framework/Resources/bin/R CMD build --keep-empty-dirs --no-resave-data shiny.gosling
###
##############################################################################
##############################################################################


* checking for file ‘shiny.gosling/DESCRIPTION’ ... OK
* preparing ‘shiny.gosling’:
* checking DESCRIPTION meta-information ... OK
* installing the package to build vignettes
* creating vignettes ... ERROR
--- re-building ‘GRanges.Rmd’ using rmarkdown
trying URL 'https://rb.gy/7y3fx'

Quitting from GRanges.Rmd:32-47 [reading-data]
~~~~~~~~~~~~~~~~~~~~~~~~~~~~~~~~~~~~~~~~~~~~~~~~~~~~~~~~~~~~~~~~~~~~~~~~~~~~~~~~
<error/rlang_error>
Error in `download.file()`:
! cannot open URL 'https://rb.gy/7y3fx'
---
Backtrace:
    ▆
 1. └─utils::download.file(...)
~~~~~~~~~~~~~~~~~~~~~~~~~~~~~~~~~~~~~~~~~~~~~~~~~~~~~~~~~~~~~~~~~~~~~~~~~~~~~~~~

Error: processing vignette 'GRanges.Rmd' failed with diagnostics:
cannot open URL 'https://rb.gy/7y3fx'
--- failed re-building ‘GRanges.Rmd’

--- re-building ‘VCF.Rmd’ using rmarkdown
--- finished re-building ‘VCF.Rmd’

--- re-building ‘intro.Rmd’ using rmarkdown
--- finished re-building ‘intro.Rmd’

--- re-building ‘lineChart.Rmd’ using rmarkdown
--- finished re-building ‘lineChart.Rmd’

--- re-building ‘textAnnotation.Rmd’ using rmarkdown
--- finished re-building ‘textAnnotation.Rmd’

SUMMARY: processing the following file failed:
  ‘GRanges.Rmd’

Error: Vignette re-building failed.
Execution halted