| Back to Multiple platform build/check report for BioC 3.21: simplified long |
|
This page was generated on 2025-04-22 13:18 -0400 (Tue, 22 Apr 2025).
| Hostname | OS | Arch (*) | R version | Installed pkgs |
|---|---|---|---|---|
| nebbiolo1 | Linux (Ubuntu 24.04.1 LTS) | x86_64 | 4.5.0 RC (2025-04-04 r88126) -- "How About a Twenty-Six" | 4831 |
| palomino7 | Windows Server 2022 Datacenter | x64 | 4.5.0 RC (2025-04-04 r88126 ucrt) -- "How About a Twenty-Six" | 4573 |
| lconway | macOS 12.7.1 Monterey | x86_64 | 4.5.0 RC (2025-04-04 r88126) -- "How About a Twenty-Six" | 4599 |
| kjohnson3 | macOS 13.7.1 Ventura | arm64 | 4.5.0 RC (2025-04-04 r88126) -- "How About a Twenty-Six" | 4553 |
| kunpeng2 | Linux (openEuler 24.03 LTS) | aarch64 | R Under development (unstable) (2025-02-19 r87757) -- "Unsuffered Consequences" | 4570 |
| Click on any hostname to see more info about the system (e.g. compilers) (*) as reported by 'uname -p', except on Windows and Mac OS X | ||||
| Package 1933/2341 | Hostname | OS / Arch | INSTALL | BUILD | CHECK | BUILD BIN | ||||||||
| scrapper 1.2.0 (landing page) Aaron Lun
| nebbiolo1 | Linux (Ubuntu 24.04.1 LTS) / x86_64 | OK | OK | WARNINGS | |||||||||
| palomino7 | Windows Server 2022 Datacenter / x64 | OK | OK | OK | OK | |||||||||
| lconway | macOS 12.7.1 Monterey / x86_64 | OK | OK | OK | OK | |||||||||
| kjohnson3 | macOS 13.7.1 Ventura / arm64 | OK | OK | WARNINGS | OK | |||||||||
| kunpeng2 | Linux (openEuler 24.03 LTS) / aarch64 | OK | OK | WARNINGS | ||||||||||
|
To the developers/maintainers of the scrapper package: - Allow up to 24 hours (and sometimes 48 hours) for your latest push to git@git.bioconductor.org:packages/scrapper.git to reflect on this report. See Troubleshooting Build Report for more information. - Use the following Renviron settings to reproduce errors and warnings. - If 'R CMD check' started to fail recently on the Linux builder(s) over a missing dependency, add the missing dependency to 'Suggests:' in your DESCRIPTION file. See Renviron.bioc for more information. |
| Package: scrapper |
| Version: 1.2.0 |
| Command: /Library/Frameworks/R.framework/Resources/bin/R CMD check --install=check:scrapper.install-out.txt --library=/Library/Frameworks/R.framework/Resources/library --no-vignettes --timings scrapper_1.2.0.tar.gz |
| StartedAt: 2025-04-21 21:33:14 -0400 (Mon, 21 Apr 2025) |
| EndedAt: 2025-04-21 21:35:08 -0400 (Mon, 21 Apr 2025) |
| EllapsedTime: 114.3 seconds |
| RetCode: 0 |
| Status: WARNINGS |
| CheckDir: scrapper.Rcheck |
| Warnings: 1 |
##############################################################################
##############################################################################
###
### Running command:
###
### /Library/Frameworks/R.framework/Resources/bin/R CMD check --install=check:scrapper.install-out.txt --library=/Library/Frameworks/R.framework/Resources/library --no-vignettes --timings scrapper_1.2.0.tar.gz
###
##############################################################################
##############################################################################
* using log directory ‘/Users/biocbuild/bbs-3.21-bioc/meat/scrapper.Rcheck’
* using R version 4.5.0 RC (2025-04-04 r88126)
* using platform: aarch64-apple-darwin20
* R was compiled by
Apple clang version 14.0.0 (clang-1400.0.29.202)
GNU Fortran (GCC) 14.2.0
* running under: macOS Ventura 13.7.1
* using session charset: UTF-8
* using option ‘--no-vignettes’
* checking for file ‘scrapper/DESCRIPTION’ ... OK
* this is package ‘scrapper’ version ‘1.2.0’
* package encoding: UTF-8
* checking package namespace information ... OK
* checking package dependencies ... OK
* checking if this is a source package ... OK
* checking if there is a namespace ... OK
* checking for hidden files and directories ... OK
* checking for portable file names ... OK
* checking for sufficient/correct file permissions ... OK
* checking whether package ‘scrapper’ can be installed ... OK
* used C++ compiler: ‘Apple clang version 15.0.0 (clang-1500.1.0.2.5)’
* used SDK: ‘MacOSX11.3.sdk’
* checking C++ specification ... OK
* checking installed package size ... OK
* checking package directory ... OK
* checking ‘build’ directory ... OK
* checking DESCRIPTION meta-information ... OK
* checking top-level files ... OK
* checking for left-over files ... OK
* checking index information ... OK
* checking package subdirectories ... OK
* checking code files for non-ASCII characters ... OK
* checking R files for syntax errors ... OK
* checking whether the package can be loaded ... OK
* checking whether the package can be loaded with stated dependencies ... OK
* checking whether the package can be unloaded cleanly ... OK
* checking whether the namespace can be loaded with stated dependencies ... OK
* checking whether the namespace can be unloaded cleanly ... OK
* checking dependencies in R code ... NOTE
Namespace in Imports field not imported from: ‘Rigraphlib’
All declared Imports should be used.
* checking S3 generic/method consistency ... OK
* checking replacement functions ... OK
* checking foreign function calls ... OK
* checking R code for possible problems ... OK
* checking Rd files ... OK
* checking Rd metadata ... OK
* checking Rd cross-references ... OK
* checking for missing documentation entries ... OK
* checking for code/documentation mismatches ... OK
* checking Rd \usage sections ... OK
* checking Rd contents ... OK
* checking for unstated dependencies in examples ... OK
* checking line endings in C/C++/Fortran sources/headers ... OK
* checking line endings in Makefiles ... OK
* checking compilation flags in Makevars ... OK
* checking for GNU extensions in Makefiles ... INFO
GNU make is a SystemRequirements.
* checking for portable use of $(BLAS_LIBS) and $(LAPACK_LIBS) ... OK
* checking use of PKG_*FLAGS in Makefiles ... OK
* checking compiled code ... WARNING
Note: information on .o files is not available
File ‘/Library/Frameworks/R.framework/Versions/4.5-arm64/Resources/library/scrapper/libs/scrapper.so’:
Found ‘___sprintf_chk’, possibly from ‘sprintf’ (C)
Found ‘___stderrp’, possibly from ‘stderr’ (C)
Found ‘___stdoutp’, possibly from ‘stdout’ (C)
Found ‘_abort’, possibly from ‘abort’ (C)
Found ‘_printf’, possibly from ‘printf’ (C)
Found ‘_putchar’, possibly from ‘putchar’ (C)
Found ‘_sprintf’, possibly from ‘sprintf’ (C)
Compiled code should not call entry points which might terminate R nor
write to stdout/stderr instead of to the console, nor use Fortran I/O
nor system RNGs nor [v]sprintf. The detected symbols are linked into
the code but might come from libraries and not actually be called.
See ‘Writing portable packages’ in the ‘Writing R Extensions’ manual.
* checking files in ‘vignettes’ ... OK
* checking examples ... OK
Examples with CPU (user + system) or elapsed time > 5s
user system elapsed
analyze 7.804 0.226 10.088
* checking for unstated dependencies in ‘tests’ ... OK
* checking tests ...
Running ‘testthat.R’
OK
* checking for unstated dependencies in vignettes ... OK
* checking package vignettes ... OK
* checking running R code from vignettes ... SKIPPED
* checking re-building of vignette outputs ... SKIPPED
* checking PDF version of manual ... OK
* DONE
Status: 1 WARNING, 1 NOTE
See
‘/Users/biocbuild/bbs-3.21-bioc/meat/scrapper.Rcheck/00check.log’
for details.
scrapper.Rcheck/00install.out
############################################################################## ############################################################################## ### ### Running command: ### ### /Library/Frameworks/R.framework/Resources/bin/R CMD INSTALL scrapper ### ############################################################################## ############################################################################## * installing to library ‘/Library/Frameworks/R.framework/Versions/4.5-arm64/Resources/library’ * installing *source* package ‘scrapper’ ... ** this is package ‘scrapper’ version ‘1.2.0’ ** using staged installation ** libs using C++ compiler: ‘Apple clang version 15.0.0 (clang-1500.1.0.2.5)’ using C++17 using SDK: ‘MacOSX11.3.sdk’ clang++ -arch arm64 -std=gnu++17 -I"/Library/Frameworks/R.framework/Resources/include" -DNDEBUG -I'/Library/Frameworks/R.framework/Versions/4.5-arm64/Resources/library/Rigraphlib/igraph/include/igraph' -I'/Library/Frameworks/R.framework/Versions/4.5-arm64/Resources/library/Rcpp/include' -I'/Library/Frameworks/R.framework/Versions/4.5-arm64/Resources/library/assorthead/include' -I'/Library/Frameworks/R.framework/Versions/4.5-arm64/Resources/library/beachmat/include' -I'/Library/Frameworks/R.framework/Versions/4.5-arm64/Resources/library/BiocNeighbors/include' -I/opt/R/arm64/include -fPIC -falign-functions=64 -Wall -g -O2 -c RcppExports.cpp -o RcppExports.o clang++ -arch arm64 -std=gnu++17 -I"/Library/Frameworks/R.framework/Resources/include" -DNDEBUG -I'/Library/Frameworks/R.framework/Versions/4.5-arm64/Resources/library/Rigraphlib/igraph/include/igraph' -I'/Library/Frameworks/R.framework/Versions/4.5-arm64/Resources/library/Rcpp/include' -I'/Library/Frameworks/R.framework/Versions/4.5-arm64/Resources/library/assorthead/include' -I'/Library/Frameworks/R.framework/Versions/4.5-arm64/Resources/library/beachmat/include' -I'/Library/Frameworks/R.framework/Versions/4.5-arm64/Resources/library/BiocNeighbors/include' -I/opt/R/arm64/include -fPIC -falign-functions=64 -Wall -g -O2 -c adt_quality_control.cpp -o adt_quality_control.o clang++ -arch arm64 -std=gnu++17 -I"/Library/Frameworks/R.framework/Resources/include" -DNDEBUG -I'/Library/Frameworks/R.framework/Versions/4.5-arm64/Resources/library/Rigraphlib/igraph/include/igraph' -I'/Library/Frameworks/R.framework/Versions/4.5-arm64/Resources/library/Rcpp/include' -I'/Library/Frameworks/R.framework/Versions/4.5-arm64/Resources/library/assorthead/include' -I'/Library/Frameworks/R.framework/Versions/4.5-arm64/Resources/library/beachmat/include' -I'/Library/Frameworks/R.framework/Versions/4.5-arm64/Resources/library/BiocNeighbors/include' -I/opt/R/arm64/include -fPIC -falign-functions=64 -Wall -g -O2 -c aggregate_across_cells.cpp -o aggregate_across_cells.o clang++ -arch arm64 -std=gnu++17 -I"/Library/Frameworks/R.framework/Resources/include" -DNDEBUG -I'/Library/Frameworks/R.framework/Versions/4.5-arm64/Resources/library/Rigraphlib/igraph/include/igraph' -I'/Library/Frameworks/R.framework/Versions/4.5-arm64/Resources/library/Rcpp/include' -I'/Library/Frameworks/R.framework/Versions/4.5-arm64/Resources/library/assorthead/include' -I'/Library/Frameworks/R.framework/Versions/4.5-arm64/Resources/library/beachmat/include' -I'/Library/Frameworks/R.framework/Versions/4.5-arm64/Resources/library/BiocNeighbors/include' -I/opt/R/arm64/include -fPIC -falign-functions=64 -Wall -g -O2 -c aggregate_across_genes.cpp -o aggregate_across_genes.o clang++ -arch arm64 -std=gnu++17 -I"/Library/Frameworks/R.framework/Resources/include" -DNDEBUG -I'/Library/Frameworks/R.framework/Versions/4.5-arm64/Resources/library/Rigraphlib/igraph/include/igraph' -I'/Library/Frameworks/R.framework/Versions/4.5-arm64/Resources/library/Rcpp/include' -I'/Library/Frameworks/R.framework/Versions/4.5-arm64/Resources/library/assorthead/include' -I'/Library/Frameworks/R.framework/Versions/4.5-arm64/Resources/library/beachmat/include' -I'/Library/Frameworks/R.framework/Versions/4.5-arm64/Resources/library/BiocNeighbors/include' -I/opt/R/arm64/include -fPIC -falign-functions=64 -Wall -g -O2 -c build_snn_graph.cpp -o build_snn_graph.o clang++ -arch arm64 -std=gnu++17 -I"/Library/Frameworks/R.framework/Resources/include" -DNDEBUG -I'/Library/Frameworks/R.framework/Versions/4.5-arm64/Resources/library/Rigraphlib/igraph/include/igraph' -I'/Library/Frameworks/R.framework/Versions/4.5-arm64/Resources/library/Rcpp/include' -I'/Library/Frameworks/R.framework/Versions/4.5-arm64/Resources/library/assorthead/include' -I'/Library/Frameworks/R.framework/Versions/4.5-arm64/Resources/library/beachmat/include' -I'/Library/Frameworks/R.framework/Versions/4.5-arm64/Resources/library/BiocNeighbors/include' -I/opt/R/arm64/include -fPIC -falign-functions=64 -Wall -g -O2 -c center_size_factors.cpp -o center_size_factors.o clang++ -arch arm64 -std=gnu++17 -I"/Library/Frameworks/R.framework/Resources/include" -DNDEBUG -I'/Library/Frameworks/R.framework/Versions/4.5-arm64/Resources/library/Rigraphlib/igraph/include/igraph' -I'/Library/Frameworks/R.framework/Versions/4.5-arm64/Resources/library/Rcpp/include' -I'/Library/Frameworks/R.framework/Versions/4.5-arm64/Resources/library/assorthead/include' -I'/Library/Frameworks/R.framework/Versions/4.5-arm64/Resources/library/beachmat/include' -I'/Library/Frameworks/R.framework/Versions/4.5-arm64/Resources/library/BiocNeighbors/include' -I/opt/R/arm64/include -fPIC -falign-functions=64 -Wall -g -O2 -c choose_highly_variable_genes.cpp -o choose_highly_variable_genes.o clang++ -arch arm64 -std=gnu++17 -I"/Library/Frameworks/R.framework/Resources/include" -DNDEBUG -I'/Library/Frameworks/R.framework/Versions/4.5-arm64/Resources/library/Rigraphlib/igraph/include/igraph' -I'/Library/Frameworks/R.framework/Versions/4.5-arm64/Resources/library/Rcpp/include' -I'/Library/Frameworks/R.framework/Versions/4.5-arm64/Resources/library/assorthead/include' -I'/Library/Frameworks/R.framework/Versions/4.5-arm64/Resources/library/beachmat/include' -I'/Library/Frameworks/R.framework/Versions/4.5-arm64/Resources/library/BiocNeighbors/include' -I/opt/R/arm64/include -fPIC -falign-functions=64 -Wall -g -O2 -c choose_pseudo_count.cpp -o choose_pseudo_count.o clang++ -arch arm64 -std=gnu++17 -I"/Library/Frameworks/R.framework/Resources/include" -DNDEBUG -I'/Library/Frameworks/R.framework/Versions/4.5-arm64/Resources/library/Rigraphlib/igraph/include/igraph' -I'/Library/Frameworks/R.framework/Versions/4.5-arm64/Resources/library/Rcpp/include' -I'/Library/Frameworks/R.framework/Versions/4.5-arm64/Resources/library/assorthead/include' -I'/Library/Frameworks/R.framework/Versions/4.5-arm64/Resources/library/beachmat/include' -I'/Library/Frameworks/R.framework/Versions/4.5-arm64/Resources/library/BiocNeighbors/include' -I/opt/R/arm64/include -fPIC -falign-functions=64 -Wall -g -O2 -c cluster_graph.cpp -o cluster_graph.o clang++ -arch arm64 -std=gnu++17 -I"/Library/Frameworks/R.framework/Resources/include" -DNDEBUG -I'/Library/Frameworks/R.framework/Versions/4.5-arm64/Resources/library/Rigraphlib/igraph/include/igraph' -I'/Library/Frameworks/R.framework/Versions/4.5-arm64/Resources/library/Rcpp/include' -I'/Library/Frameworks/R.framework/Versions/4.5-arm64/Resources/library/assorthead/include' -I'/Library/Frameworks/R.framework/Versions/4.5-arm64/Resources/library/beachmat/include' -I'/Library/Frameworks/R.framework/Versions/4.5-arm64/Resources/library/BiocNeighbors/include' -I/opt/R/arm64/include -fPIC -falign-functions=64 -Wall -g -O2 -c cluster_kmeans.cpp -o cluster_kmeans.o clang++ -arch arm64 -std=gnu++17 -I"/Library/Frameworks/R.framework/Resources/include" -DNDEBUG -I'/Library/Frameworks/R.framework/Versions/4.5-arm64/Resources/library/Rigraphlib/igraph/include/igraph' -I'/Library/Frameworks/R.framework/Versions/4.5-arm64/Resources/library/Rcpp/include' -I'/Library/Frameworks/R.framework/Versions/4.5-arm64/Resources/library/assorthead/include' -I'/Library/Frameworks/R.framework/Versions/4.5-arm64/Resources/library/beachmat/include' -I'/Library/Frameworks/R.framework/Versions/4.5-arm64/Resources/library/BiocNeighbors/include' -I/opt/R/arm64/include -fPIC -falign-functions=64 -Wall -g -O2 -c combine_factors.cpp -o combine_factors.o clang++ -arch arm64 -std=gnu++17 -I"/Library/Frameworks/R.framework/Resources/include" -DNDEBUG -I'/Library/Frameworks/R.framework/Versions/4.5-arm64/Resources/library/Rigraphlib/igraph/include/igraph' -I'/Library/Frameworks/R.framework/Versions/4.5-arm64/Resources/library/Rcpp/include' -I'/Library/Frameworks/R.framework/Versions/4.5-arm64/Resources/library/assorthead/include' -I'/Library/Frameworks/R.framework/Versions/4.5-arm64/Resources/library/beachmat/include' -I'/Library/Frameworks/R.framework/Versions/4.5-arm64/Resources/library/BiocNeighbors/include' -I/opt/R/arm64/include -fPIC -falign-functions=64 -Wall -g -O2 -c compute_clrm1_factors.cpp -o compute_clrm1_factors.o clang++ -arch arm64 -std=gnu++17 -I"/Library/Frameworks/R.framework/Resources/include" -DNDEBUG -I'/Library/Frameworks/R.framework/Versions/4.5-arm64/Resources/library/Rigraphlib/igraph/include/igraph' -I'/Library/Frameworks/R.framework/Versions/4.5-arm64/Resources/library/Rcpp/include' -I'/Library/Frameworks/R.framework/Versions/4.5-arm64/Resources/library/assorthead/include' -I'/Library/Frameworks/R.framework/Versions/4.5-arm64/Resources/library/beachmat/include' -I'/Library/Frameworks/R.framework/Versions/4.5-arm64/Resources/library/BiocNeighbors/include' -I/opt/R/arm64/include -fPIC -falign-functions=64 -Wall -g -O2 -c correct_mnn.cpp -o correct_mnn.o clang++ -arch arm64 -std=gnu++17 -I"/Library/Frameworks/R.framework/Resources/include" -DNDEBUG -I'/Library/Frameworks/R.framework/Versions/4.5-arm64/Resources/library/Rigraphlib/igraph/include/igraph' -I'/Library/Frameworks/R.framework/Versions/4.5-arm64/Resources/library/Rcpp/include' -I'/Library/Frameworks/R.framework/Versions/4.5-arm64/Resources/library/assorthead/include' -I'/Library/Frameworks/R.framework/Versions/4.5-arm64/Resources/library/beachmat/include' -I'/Library/Frameworks/R.framework/Versions/4.5-arm64/Resources/library/BiocNeighbors/include' -I/opt/R/arm64/include -fPIC -falign-functions=64 -Wall -g -O2 -c crispr_quality_control.cpp -o crispr_quality_control.o clang++ -arch arm64 -std=gnu++17 -I"/Library/Frameworks/R.framework/Resources/include" -DNDEBUG -I'/Library/Frameworks/R.framework/Versions/4.5-arm64/Resources/library/Rigraphlib/igraph/include/igraph' -I'/Library/Frameworks/R.framework/Versions/4.5-arm64/Resources/library/Rcpp/include' -I'/Library/Frameworks/R.framework/Versions/4.5-arm64/Resources/library/assorthead/include' -I'/Library/Frameworks/R.framework/Versions/4.5-arm64/Resources/library/beachmat/include' -I'/Library/Frameworks/R.framework/Versions/4.5-arm64/Resources/library/BiocNeighbors/include' -I/opt/R/arm64/include -fPIC -falign-functions=64 -Wall -g -O2 -c fit_variance_trend.cpp -o fit_variance_trend.o clang++ -arch arm64 -std=gnu++17 -I"/Library/Frameworks/R.framework/Resources/include" -DNDEBUG -I'/Library/Frameworks/R.framework/Versions/4.5-arm64/Resources/library/Rigraphlib/igraph/include/igraph' -I'/Library/Frameworks/R.framework/Versions/4.5-arm64/Resources/library/Rcpp/include' -I'/Library/Frameworks/R.framework/Versions/4.5-arm64/Resources/library/assorthead/include' -I'/Library/Frameworks/R.framework/Versions/4.5-arm64/Resources/library/beachmat/include' -I'/Library/Frameworks/R.framework/Versions/4.5-arm64/Resources/library/BiocNeighbors/include' -I/opt/R/arm64/include -fPIC -falign-functions=64 -Wall -g -O2 -c model_gene_variances.cpp -o model_gene_variances.o clang++ -arch arm64 -std=gnu++17 -I"/Library/Frameworks/R.framework/Resources/include" -DNDEBUG -I'/Library/Frameworks/R.framework/Versions/4.5-arm64/Resources/library/Rigraphlib/igraph/include/igraph' -I'/Library/Frameworks/R.framework/Versions/4.5-arm64/Resources/library/Rcpp/include' -I'/Library/Frameworks/R.framework/Versions/4.5-arm64/Resources/library/assorthead/include' -I'/Library/Frameworks/R.framework/Versions/4.5-arm64/Resources/library/beachmat/include' -I'/Library/Frameworks/R.framework/Versions/4.5-arm64/Resources/library/BiocNeighbors/include' -I/opt/R/arm64/include -fPIC -falign-functions=64 -Wall -g -O2 -c normalize_counts.cpp -o normalize_counts.o clang++ -arch arm64 -std=gnu++17 -I"/Library/Frameworks/R.framework/Resources/include" -DNDEBUG -I'/Library/Frameworks/R.framework/Versions/4.5-arm64/Resources/library/Rigraphlib/igraph/include/igraph' -I'/Library/Frameworks/R.framework/Versions/4.5-arm64/Resources/library/Rcpp/include' -I'/Library/Frameworks/R.framework/Versions/4.5-arm64/Resources/library/assorthead/include' -I'/Library/Frameworks/R.framework/Versions/4.5-arm64/Resources/library/beachmat/include' -I'/Library/Frameworks/R.framework/Versions/4.5-arm64/Resources/library/BiocNeighbors/include' -I/opt/R/arm64/include -fPIC -falign-functions=64 -Wall -g -O2 -c rna_quality_control.cpp -o rna_quality_control.o clang++ -arch arm64 -std=gnu++17 -I"/Library/Frameworks/R.framework/Resources/include" -DNDEBUG -I'/Library/Frameworks/R.framework/Versions/4.5-arm64/Resources/library/Rigraphlib/igraph/include/igraph' -I'/Library/Frameworks/R.framework/Versions/4.5-arm64/Resources/library/Rcpp/include' -I'/Library/Frameworks/R.framework/Versions/4.5-arm64/Resources/library/assorthead/include' -I'/Library/Frameworks/R.framework/Versions/4.5-arm64/Resources/library/beachmat/include' -I'/Library/Frameworks/R.framework/Versions/4.5-arm64/Resources/library/BiocNeighbors/include' -I/opt/R/arm64/include -fPIC -falign-functions=64 -Wall -g -O2 -c run_pca.cpp -o run_pca.o clang++ -arch arm64 -std=gnu++17 -I"/Library/Frameworks/R.framework/Resources/include" -DNDEBUG -I'/Library/Frameworks/R.framework/Versions/4.5-arm64/Resources/library/Rigraphlib/igraph/include/igraph' -I'/Library/Frameworks/R.framework/Versions/4.5-arm64/Resources/library/Rcpp/include' -I'/Library/Frameworks/R.framework/Versions/4.5-arm64/Resources/library/assorthead/include' -I'/Library/Frameworks/R.framework/Versions/4.5-arm64/Resources/library/beachmat/include' -I'/Library/Frameworks/R.framework/Versions/4.5-arm64/Resources/library/BiocNeighbors/include' -I/opt/R/arm64/include -fPIC -falign-functions=64 -Wall -g -O2 -c run_tsne.cpp -o run_tsne.o clang++ -arch arm64 -std=gnu++17 -I"/Library/Frameworks/R.framework/Resources/include" -DNDEBUG -I'/Library/Frameworks/R.framework/Versions/4.5-arm64/Resources/library/Rigraphlib/igraph/include/igraph' -I'/Library/Frameworks/R.framework/Versions/4.5-arm64/Resources/library/Rcpp/include' -I'/Library/Frameworks/R.framework/Versions/4.5-arm64/Resources/library/assorthead/include' -I'/Library/Frameworks/R.framework/Versions/4.5-arm64/Resources/library/beachmat/include' -I'/Library/Frameworks/R.framework/Versions/4.5-arm64/Resources/library/BiocNeighbors/include' -I/opt/R/arm64/include -fPIC -falign-functions=64 -Wall -g -O2 -c run_umap.cpp -o run_umap.o clang++ -arch arm64 -std=gnu++17 -I"/Library/Frameworks/R.framework/Resources/include" -DNDEBUG -I'/Library/Frameworks/R.framework/Versions/4.5-arm64/Resources/library/Rigraphlib/igraph/include/igraph' -I'/Library/Frameworks/R.framework/Versions/4.5-arm64/Resources/library/Rcpp/include' -I'/Library/Frameworks/R.framework/Versions/4.5-arm64/Resources/library/assorthead/include' -I'/Library/Frameworks/R.framework/Versions/4.5-arm64/Resources/library/beachmat/include' -I'/Library/Frameworks/R.framework/Versions/4.5-arm64/Resources/library/BiocNeighbors/include' -I/opt/R/arm64/include -fPIC -falign-functions=64 -Wall -g -O2 -c sanitize_size_factors.cpp -o sanitize_size_factors.o clang++ -arch arm64 -std=gnu++17 -I"/Library/Frameworks/R.framework/Resources/include" -DNDEBUG -I'/Library/Frameworks/R.framework/Versions/4.5-arm64/Resources/library/Rigraphlib/igraph/include/igraph' -I'/Library/Frameworks/R.framework/Versions/4.5-arm64/Resources/library/Rcpp/include' -I'/Library/Frameworks/R.framework/Versions/4.5-arm64/Resources/library/assorthead/include' -I'/Library/Frameworks/R.framework/Versions/4.5-arm64/Resources/library/beachmat/include' -I'/Library/Frameworks/R.framework/Versions/4.5-arm64/Resources/library/BiocNeighbors/include' -I/opt/R/arm64/include -fPIC -falign-functions=64 -Wall -g -O2 -c scale_by_neighbors.cpp -o scale_by_neighbors.o clang++ -arch arm64 -std=gnu++17 -I"/Library/Frameworks/R.framework/Resources/include" -DNDEBUG -I'/Library/Frameworks/R.framework/Versions/4.5-arm64/Resources/library/Rigraphlib/igraph/include/igraph' -I'/Library/Frameworks/R.framework/Versions/4.5-arm64/Resources/library/Rcpp/include' -I'/Library/Frameworks/R.framework/Versions/4.5-arm64/Resources/library/assorthead/include' -I'/Library/Frameworks/R.framework/Versions/4.5-arm64/Resources/library/beachmat/include' -I'/Library/Frameworks/R.framework/Versions/4.5-arm64/Resources/library/BiocNeighbors/include' -I/opt/R/arm64/include -fPIC -falign-functions=64 -Wall -g -O2 -c score_gene_set.cpp -o score_gene_set.o clang++ -arch arm64 -std=gnu++17 -I"/Library/Frameworks/R.framework/Resources/include" -DNDEBUG -I'/Library/Frameworks/R.framework/Versions/4.5-arm64/Resources/library/Rigraphlib/igraph/include/igraph' -I'/Library/Frameworks/R.framework/Versions/4.5-arm64/Resources/library/Rcpp/include' -I'/Library/Frameworks/R.framework/Versions/4.5-arm64/Resources/library/assorthead/include' -I'/Library/Frameworks/R.framework/Versions/4.5-arm64/Resources/library/beachmat/include' -I'/Library/Frameworks/R.framework/Versions/4.5-arm64/Resources/library/BiocNeighbors/include' -I/opt/R/arm64/include -fPIC -falign-functions=64 -Wall -g -O2 -c score_markers.cpp -o score_markers.o clang++ -arch arm64 -std=gnu++17 -I"/Library/Frameworks/R.framework/Resources/include" -DNDEBUG -I'/Library/Frameworks/R.framework/Versions/4.5-arm64/Resources/library/Rigraphlib/igraph/include/igraph' -I'/Library/Frameworks/R.framework/Versions/4.5-arm64/Resources/library/Rcpp/include' -I'/Library/Frameworks/R.framework/Versions/4.5-arm64/Resources/library/assorthead/include' -I'/Library/Frameworks/R.framework/Versions/4.5-arm64/Resources/library/beachmat/include' -I'/Library/Frameworks/R.framework/Versions/4.5-arm64/Resources/library/BiocNeighbors/include' -I/opt/R/arm64/include -fPIC -falign-functions=64 -Wall -g -O2 -c subsample_by_neighbors.cpp -o subsample_by_neighbors.o clang++ -arch arm64 -std=gnu++17 -I"/Library/Frameworks/R.framework/Resources/include" -DNDEBUG -I'/Library/Frameworks/R.framework/Versions/4.5-arm64/Resources/library/Rigraphlib/igraph/include/igraph' -I'/Library/Frameworks/R.framework/Versions/4.5-arm64/Resources/library/Rcpp/include' -I'/Library/Frameworks/R.framework/Versions/4.5-arm64/Resources/library/assorthead/include' -I'/Library/Frameworks/R.framework/Versions/4.5-arm64/Resources/library/beachmat/include' -I'/Library/Frameworks/R.framework/Versions/4.5-arm64/Resources/library/BiocNeighbors/include' -I/opt/R/arm64/include -fPIC -falign-functions=64 -Wall -g -O2 -c summarize_effects.cpp -o summarize_effects.o clang++ -arch arm64 -std=gnu++17 -I"/Library/Frameworks/R.framework/Resources/include" -DNDEBUG -I'/Library/Frameworks/R.framework/Versions/4.5-arm64/Resources/library/Rigraphlib/igraph/include/igraph' -I'/Library/Frameworks/R.framework/Versions/4.5-arm64/Resources/library/Rcpp/include' -I'/Library/Frameworks/R.framework/Versions/4.5-arm64/Resources/library/assorthead/include' -I'/Library/Frameworks/R.framework/Versions/4.5-arm64/Resources/library/beachmat/include' -I'/Library/Frameworks/R.framework/Versions/4.5-arm64/Resources/library/BiocNeighbors/include' -I/opt/R/arm64/include -fPIC -falign-functions=64 -Wall -g -O2 -c test_enrichment.cpp -o test_enrichment.o clang++ -arch arm64 -std=gnu++17 -dynamiclib -Wl,-headerpad_max_install_names -undefined dynamic_lookup -L/Library/Frameworks/R.framework/Resources/lib -L/opt/R/arm64/lib -o scrapper.so RcppExports.o adt_quality_control.o aggregate_across_cells.o aggregate_across_genes.o build_snn_graph.o center_size_factors.o choose_highly_variable_genes.o choose_pseudo_count.o cluster_graph.o cluster_kmeans.o combine_factors.o compute_clrm1_factors.o correct_mnn.o crispr_quality_control.o fit_variance_trend.o model_gene_variances.o normalize_counts.o rna_quality_control.o run_pca.o run_tsne.o run_umap.o sanitize_size_factors.o scale_by_neighbors.o score_gene_set.o score_markers.o subsample_by_neighbors.o summarize_effects.o test_enrichment.o /Library/Frameworks/R.framework/Versions/4.5-arm64/Resources/library/Rigraphlib/igraph/lib/libigraph.a -L/Library/Frameworks/R.framework/Resources/lib -lRlapack -L/Library/Frameworks/R.framework/Resources/lib -lRblas -L/opt/gfortran/lib/gcc/aarch64-apple-darwin20.0/14.2.0 -L/opt/gfortran/lib -lemutls_w -lheapt_w -lgfortran -lquadmath -F/Library/Frameworks/R.framework/.. -framework R installing to /Library/Frameworks/R.framework/Versions/4.5-arm64/Resources/library/00LOCK-scrapper/00new/scrapper/libs ** R ** inst ** byte-compile and prepare package for lazy loading ** help *** installing help indices ** building package indices ** installing vignettes ** testing if installed package can be loaded from temporary location ** checking absolute paths in shared objects and dynamic libraries ** testing if installed package can be loaded from final location ** testing if installed package keeps a record of temporary installation path * DONE (scrapper)
scrapper.Rcheck/tests/testthat.Rout
R version 4.5.0 RC (2025-04-04 r88126) -- "How About a Twenty-Six"
Copyright (C) 2025 The R Foundation for Statistical Computing
Platform: aarch64-apple-darwin20
R is free software and comes with ABSOLUTELY NO WARRANTY.
You are welcome to redistribute it under certain conditions.
Type 'license()' or 'licence()' for distribution details.
R is a collaborative project with many contributors.
Type 'contributors()' for more information and
'citation()' on how to cite R or R packages in publications.
Type 'demo()' for some demos, 'help()' for on-line help, or
'help.start()' for an HTML browser interface to help.
Type 'q()' to quit R.
> library(testthat)
> library(scrapper)
> test_check("scrapper")
[ FAIL 0 | WARN 0 | SKIP 0 | PASS 804 ]
>
> proc.time()
user system elapsed
21.063 0.751 51.967
scrapper.Rcheck/scrapper-Ex.timings
| name | user | system | elapsed | |
| adt_quality_control | 0.025 | 0.002 | 0.026 | |
| aggregateAcrossCells | 0.010 | 0.001 | 0.011 | |
| aggregateAcrossGenes | 0.006 | 0.001 | 0.007 | |
| analyze | 7.804 | 0.226 | 10.088 | |
| buildSnnGraph | 0.110 | 0.002 | 0.113 | |
| centerSizeFactors | 0.000 | 0.001 | 0.001 | |
| chooseHighlyVariableGenes | 0.001 | 0.000 | 0.001 | |
| choosePseudoCount | 0 | 0 | 0 | |
| clusterGraph | 0.398 | 0.005 | 0.403 | |
| clusterKmeans | 0.001 | 0.000 | 0.001 | |
| combineFactors | 0.001 | 0.001 | 0.001 | |
| computeClrm1Factors | 0.009 | 0.000 | 0.010 | |
| correctMnn | 0.215 | 0.000 | 0.216 | |
| crispr_quality_control | 0.009 | 0.000 | 0.009 | |
| fitVarianceTrend | 0.005 | 0.001 | 0.006 | |
| modelGeneVariances | 0.020 | 0.001 | 0.020 | |
| normalizeCounts | 0.031 | 0.002 | 0.033 | |
| rna_quality_control | 0.011 | 0.001 | 0.013 | |
| runAllNeighborSteps | 0.065 | 0.004 | 2.118 | |
| runPca | 0.037 | 0.003 | 0.040 | |
| runTsne | 0.099 | 0.001 | 0.100 | |
| runUmap | 0.127 | 0.001 | 0.128 | |
| sanitizeSizeFactors | 0 | 0 | 0 | |
| scaleByNeighbors | 0.056 | 0.001 | 0.056 | |
| scoreGeneSet | 0.018 | 0.001 | 0.020 | |
| scoreMarkers | 0.058 | 0.035 | 0.092 | |
| subsampleByNeighbors | 0.772 | 0.007 | 0.779 | |
| summarizeEffects | 0.024 | 0.002 | 0.025 | |
| testEnrichment | 0 | 0 | 0 | |