| Back to Multiple platform build/check report for BioC 3.22: simplified long |
|
This page was generated on 2025-11-20 12:04 -0500 (Thu, 20 Nov 2025).
| Hostname | OS | Arch (*) | R version | Installed pkgs |
|---|---|---|---|---|
| nebbiolo2 | Linux (Ubuntu 24.04.3 LTS) | x86_64 | 4.5.2 (2025-10-31) -- "[Not] Part in a Rumble" | 4615 |
| merida1 | macOS 12.7.6 Monterey | x86_64 | 4.5.2 Patched (2025-11-05 r88990) -- "[Not] Part in a Rumble" | 4610 |
| kjohnson1 | macOS 13.7.5 Ventura | arm64 | 4.5.2 Patched (2025-11-04 r88984) -- "[Not] Part in a Rumble" | 4598 |
| taishan | Linux (openEuler 24.03 LTS) | aarch64 | 4.5.0 (2025-04-11) -- "How About a Twenty-Six" | 4668 |
| Click on any hostname to see more info about the system (e.g. compilers) (*) as reported by 'uname -p', except on Windows and Mac OS X | ||||
| Package 1936/2361 | Hostname | OS / Arch | INSTALL | BUILD | CHECK | BUILD BIN | ||||||||
| scmeth 1.30.0 (landing page) Divy Kangeyan
| nebbiolo2 | Linux (Ubuntu 24.04.3 LTS) / x86_64 | OK | ERROR | skipped | |||||||||
| merida1 | macOS 12.7.6 Monterey / x86_64 | OK | OK | OK | OK | |||||||||
| kjohnson1 | macOS 13.7.5 Ventura / arm64 | OK | OK | OK | OK | |||||||||
| taishan | Linux (openEuler 24.03 LTS) / aarch64 | OK | OK | OK | ||||||||||
|
To the developers/maintainers of the scmeth package: - Allow up to 24 hours (and sometimes 48 hours) for your latest push to git@git.bioconductor.org:packages/scmeth.git to reflect on this report. See Troubleshooting Build Report for more information. - Use the following Renviron settings to reproduce errors and warnings. - If 'R CMD check' started to fail recently on the Linux builder(s) over a missing dependency, add the missing dependency to 'Suggests:' in your DESCRIPTION file. See Renviron.bioc for more information. |
| Package: scmeth |
| Version: 1.30.0 |
| Command: /home/biocbuild/bbs-3.22-bioc/R/bin/R CMD build --keep-empty-dirs --no-resave-data --md5 scmeth |
| StartedAt: 2025-11-17 23:20:23 -0500 (Mon, 17 Nov 2025) |
| EndedAt: 2025-11-17 23:21:36 -0500 (Mon, 17 Nov 2025) |
| EllapsedTime: 73.1 seconds |
| RetCode: 1 |
| Status: ERROR |
| PackageFile: None |
| PackageFileSize: NA |
##############################################################################
##############################################################################
###
### Running command:
###
### /home/biocbuild/bbs-3.22-bioc/R/bin/R CMD build --keep-empty-dirs --no-resave-data --md5 scmeth
###
##############################################################################
##############################################################################
* checking for file ‘scmeth/DESCRIPTION’ ... OK
* preparing ‘scmeth’:
* checking DESCRIPTION meta-information ... OK
* installing the package to build vignettes
* creating vignettes ... ERROR
--- re-building ‘my-vignette.Rmd’ using rmarkdown
Quitting from my-vignette.Rmd:166-170 [unnamed-chunk-8]
~~~~~~~~~~~~~~~~~~~~~~~~~~~~~~~~~~~~~~~~~~~~~~~~~~~~~~~~~~~~~~~~~~~~~~~~~~~~~~~~
<error/rlang_error>
Error:
! failed to load resource
name: AH99012
title: UCSC RepeatMasker annotations (Apr2021) for Mouse (mm10)
reason: 1 resources failed to download
---
Backtrace:
▆
1. └─scmeth::repMask(bs, Mmusculus, "mm10")
2. ├─...[[]]
3. └─...[[]]
4. └─AnnotationHub (local) .local(x, i, j = j, ...)
5. └─AnnotationHub:::.Hub_get1(...)
6. └─base::tryCatch(...)
7. └─base (local) tryCatchList(expr, classes, parentenv, handlers)
8. └─base (local) tryCatchOne(expr, names, parentenv, handlers[[1L]])
9. └─value[[3L]](cond)
10. └─base::tryCatch(...)
11. └─base (local) tryCatchList(expr, classes, parentenv, handlers)
12. └─base (local) tryCatchOne(expr, names, parentenv, handlers[[1L]])
13. └─value[[3L]](cond)
~~~~~~~~~~~~~~~~~~~~~~~~~~~~~~~~~~~~~~~~~~~~~~~~~~~~~~~~~~~~~~~~~~~~~~~~~~~~~~~~
Error: processing vignette 'my-vignette.Rmd' failed with diagnostics:
failed to load resource
name: AH99012
title: UCSC RepeatMasker annotations (Apr2021) for Mouse (mm10)
reason: 1 resources failed to download
--- failed re-building ‘my-vignette.Rmd’
SUMMARY: processing the following file failed:
‘my-vignette.Rmd’
Error: Vignette re-building failed.
Execution halted