Back to Multiple platform build/check report for BioC 3.22:   simplified   long
ABCDEFGHIJKLMNOPQ[R]STUVWXYZ

This page was generated on 2025-11-04 12:04 -0500 (Tue, 04 Nov 2025).

HostnameOSArch (*)R versionInstalled pkgs
nebbiolo2Linux (Ubuntu 24.04.3 LTS)x86_644.5.1 Patched (2025-08-23 r88802) -- "Great Square Root" 4902
lconwaymacOS 12.7.6 Montereyx86_644.5.1 Patched (2025-09-10 r88807) -- "Great Square Root" 4692
kjohnson3macOS 13.7.7 Venturaarm644.5.1 Patched (2025-09-10 r88807) -- "Great Square Root" 4638
Click on any hostname to see more info about the system (e.g. compilers)      (*) as reported by 'uname -p', except on Windows and Mac OS X

Package 1801/2361HostnameOS / ArchINSTALLBUILDCHECKBUILD BIN
rifi 1.14.0  (landing page)
Jens Georg
Snapshot Date: 2025-11-03 13:45 -0500 (Mon, 03 Nov 2025)
git_url: https://git.bioconductor.org/packages/rifi
git_branch: RELEASE_3_22
git_last_commit: ef65993
git_last_commit_date: 2025-10-29 11:16:59 -0500 (Wed, 29 Oct 2025)
nebbiolo2Linux (Ubuntu 24.04.3 LTS) / x86_64  OK    OK    WARNINGS  UNNEEDED, same version is already published
lconwaymacOS 12.7.6 Monterey / x86_64  OK    OK    WARNINGS    OK  UNNEEDED, same version is already published
kjohnson3macOS 13.7.7 Ventura / arm64  OK    OK    WARNINGS    OK  UNNEEDED, same version is already published


CHECK results for rifi on lconway

To the developers/maintainers of the rifi package:
- Allow up to 24 hours (and sometimes 48 hours) for your latest push to git@git.bioconductor.org:packages/rifi.git to reflect on this report. See Troubleshooting Build Report for more information.
- Use the following Renviron settings to reproduce errors and warnings.
- If 'R CMD check' started to fail recently on the Linux builder(s) over a missing dependency, add the missing dependency to 'Suggests:' in your DESCRIPTION file. See Renviron.bioc for more information.

raw results


Summary

Package: rifi
Version: 1.14.0
Command: /Library/Frameworks/R.framework/Resources/bin/R CMD check --install=check:rifi.install-out.txt --library=/Library/Frameworks/R.framework/Resources/library --no-vignettes --timings rifi_1.14.0.tar.gz
StartedAt: 2025-11-03 23:46:13 -0500 (Mon, 03 Nov 2025)
EndedAt: 2025-11-03 23:57:19 -0500 (Mon, 03 Nov 2025)
EllapsedTime: 665.9 seconds
RetCode: 0
Status:   WARNINGS  
CheckDir: rifi.Rcheck
Warnings: 2

Command output

##############################################################################
##############################################################################
###
### Running command:
###
###   /Library/Frameworks/R.framework/Resources/bin/R CMD check --install=check:rifi.install-out.txt --library=/Library/Frameworks/R.framework/Resources/library --no-vignettes --timings rifi_1.14.0.tar.gz
###
##############################################################################
##############################################################################


* using log directory ‘/Users/biocbuild/bbs-3.22-bioc/meat/rifi.Rcheck’
* using R version 4.5.1 Patched (2025-09-10 r88807)
* using platform: x86_64-apple-darwin20
* R was compiled by
    Apple clang version 14.0.0 (clang-1400.0.29.202)
    GNU Fortran (GCC) 14.2.0
* running under: macOS Monterey 12.7.6
* using session charset: UTF-8
* using option ‘--no-vignettes’
* checking for file ‘rifi/DESCRIPTION’ ... OK
* this is package ‘rifi’ version ‘1.14.0’
* package encoding: UTF-8
* checking package namespace information ... OK
* checking package dependencies ... OK
* checking if this is a source package ... OK
* checking if there is a namespace ... OK
* checking for hidden files and directories ... NOTE
Found the following hidden files and directories:
  .BBSoptions
  R/.ipynb_checkpoints
  vignettes/.ipynb_checkpoints
These were most likely included in error. See section ‘Package
structure’ in the ‘Writing R Extensions’ manual.
* checking for portable file names ... OK
* checking for sufficient/correct file permissions ... OK
* checking whether package ‘rifi’ can be installed ... WARNING
Found the following significant warnings:
  Note: next used in wrong context: no loop is visible 
  Warning: /Users/biocbuild/bbs-3.22-bioc/meat/rifi/man/apply_Ttest_delay.Rd:55: unexpected '}'
  Warning: /Users/biocbuild/bbs-3.22-bioc/meat/rifi/man/predict_ps_itss.Rd:57: unexpected '}'
See ‘/Users/biocbuild/bbs-3.22-bioc/meat/rifi.Rcheck/00install.out’ for details.
Information on the location(s) of code generating the ‘Note’s can be
obtained by re-running with environment variable R_KEEP_PKG_SOURCE set
to ‘yes’.
* checking installed package size ... OK
* checking package directory ... OK
* checking ‘build’ directory ... OK
* checking DESCRIPTION meta-information ...Warning: /Users/biocbuild/bbs-3.22-bioc/meat/rifi.Rcheck/00_pkg_src/rifi/man/apply_Ttest_delay.Rd:55: unexpected '}'
Warning: /Users/biocbuild/bbs-3.22-bioc/meat/rifi.Rcheck/00_pkg_src/rifi/man/predict_ps_itss.Rd:57: unexpected '}'
 OK
* checking top-level files ... OK
* checking for left-over files ... OK
* checking index information ... OK
* checking package subdirectories ... OK
* checking code files for non-ASCII characters ... OK
* checking R files for syntax errors ... OK
* checking whether the package can be loaded ... OK
* checking whether the package can be loaded with stated dependencies ... OK
* checking whether the package can be unloaded cleanly ... OK
* checking whether the namespace can be loaded with stated dependencies ... OK
* checking whether the namespace can be unloaded cleanly ... OK
* checking dependencies in R code ... OK
* checking S3 generic/method consistency ... OK
* checking replacement functions ... OK
* checking foreign function calls ... OK
* checking R code for possible problems ... OK
* checking Rd files ... WARNING
prepare_Rd: ./man/apply_Ttest_delay.Rd:55: unexpected '}'
prepare_Rd: ./man/predict_ps_itss.Rd:57: unexpected '}'
* checking Rd metadata ... OK
* checking Rd cross-references ...Warning: /Users/biocbuild/bbs-3.22-bioc/meat/rifi.Rcheck/00_pkg_src/rifi/man/apply_Ttest_delay.Rd:55: unexpected '}'
Warning: /Users/biocbuild/bbs-3.22-bioc/meat/rifi.Rcheck/00_pkg_src/rifi/man/predict_ps_itss.Rd:57: unexpected '}'
 OK
* checking for missing documentation entries ... OK
* checking for code/documentation mismatches ... OK
* checking Rd \usage sections ... OK
* checking Rd contents ... OK
* checking for unstated dependencies in examples ... OK
* checking contents of ‘data’ directory ... OK
* checking data for non-ASCII characters ... OK
* checking data for ASCII and uncompressed saves ... OK
* checking files in ‘vignettes’ ... OK
* checking examples ... OK
Examples with CPU (user + system) or elapsed time > 5s
                      user system elapsed
rifi_wrapper       125.515 56.039 163.045
rifi_penalties      57.895 34.821  89.944
nls2_fit            40.549  1.590  25.593
rifi_visualization  29.813  2.383  32.448
rifi_fit            27.486  0.435  28.077
make_pen            11.073  6.354  16.866
TI_fit              13.843  2.638   9.689
* checking for unstated dependencies in vignettes ... OK
* checking package vignettes ... OK
* checking running R code from vignettes ... SKIPPED
* checking re-building of vignette outputs ... SKIPPED
* checking PDF version of manual ... OK
* DONE

Status: 2 WARNINGs, 1 NOTE
See
  ‘/Users/biocbuild/bbs-3.22-bioc/meat/rifi.Rcheck/00check.log’
for details.


Installation output

rifi.Rcheck/00install.out

##############################################################################
##############################################################################
###
### Running command:
###
###   /Library/Frameworks/R.framework/Resources/bin/R CMD INSTALL rifi
###
##############################################################################
##############################################################################


* installing to library ‘/Library/Frameworks/R.framework/Versions/4.5-x86_64/Resources/library’
* installing *source* package ‘rifi’ ...
** this is package ‘rifi’ version ‘1.14.0’
** using staged installation
** R
** data
** inst
** byte-compile and prepare package for lazy loading
Note: next used in wrong context: no loop is visible 
** help
Warning: /Users/biocbuild/bbs-3.22-bioc/meat/rifi/man/apply_Ttest_delay.Rd:55: unexpected '}'
Warning: /Users/biocbuild/bbs-3.22-bioc/meat/rifi/man/predict_ps_itss.Rd:57: unexpected '}'
*** installing help indices
** building package indices
** installing vignettes
** testing if installed package can be loaded from temporary location
** testing if installed package can be loaded from final location
** testing if installed package keeps a record of temporary installation path
* DONE (rifi)

Tests output


Example timings

rifi.Rcheck/rifi-Ex.timings

nameusersystemelapsed
TI_fit13.843 2.638 9.689
TUgether0.5020.1210.616
apply_Ttest_delay0.1250.0190.146
apply_ancova0.3900.0430.436
apply_event_position0.1290.0100.139
apply_manova0.8300.0350.870
apply_t_test1.7730.1201.904
apply_t_test_ti0.1960.0030.201
check_input0.3910.0050.400
dataframe_summary0.0970.0100.108
dataframe_summary_TI0.0490.0060.055
dataframe_summary_events0.9160.0320.956
dataframe_summary_events_HL_int0.7390.0250.767
dataframe_summary_events_ps_itss0.3200.0180.340
dataframe_summary_events_velocity0.3380.0200.359
event_dataframe0.8460.0270.877
finding_PDD0.2510.1110.347
finding_TI0.4410.1540.577
fold_change3.1780.0783.274
fragment_HL0.6310.1410.748
fragment_TI0.4690.0420.514
fragment_delay1.0600.2941.308
fragment_inty0.7090.1700.853
gff3_preprocess0.6280.0650.697
make_df0.8930.3850.888
make_pen11.073 6.35416.866
nls2_fit40.549 1.59025.593
predict_ps_itss0.2840.0300.315
rifi_fit27.486 0.43528.077
rifi_fragmentation3.4850.8774.294
rifi_penalties57.89534.82189.944
rifi_preprocess1.9950.6312.207
rifi_stats3.3780.0923.488
rifi_summary2.2240.0462.281
rifi_visualization29.813 2.38332.448
rifi_wrapper125.515 56.039163.045
segment_pos0.1960.0030.199
viz_pen_obj0.0060.0010.008