| Back to Multiple platform build/check report for BioC 3.21: simplified long |
|
This page was generated on 2025-04-22 13:18 -0400 (Tue, 22 Apr 2025).
| Hostname | OS | Arch (*) | R version | Installed pkgs |
|---|---|---|---|---|
| nebbiolo1 | Linux (Ubuntu 24.04.1 LTS) | x86_64 | 4.5.0 RC (2025-04-04 r88126) -- "How About a Twenty-Six" | 4831 |
| palomino7 | Windows Server 2022 Datacenter | x64 | 4.5.0 RC (2025-04-04 r88126 ucrt) -- "How About a Twenty-Six" | 4573 |
| lconway | macOS 12.7.1 Monterey | x86_64 | 4.5.0 RC (2025-04-04 r88126) -- "How About a Twenty-Six" | 4599 |
| kjohnson3 | macOS 13.7.1 Ventura | arm64 | 4.5.0 RC (2025-04-04 r88126) -- "How About a Twenty-Six" | 4553 |
| kunpeng2 | Linux (openEuler 24.03 LTS) | aarch64 | R Under development (unstable) (2025-02-19 r87757) -- "Unsuffered Consequences" | 4570 |
| Click on any hostname to see more info about the system (e.g. compilers) (*) as reported by 'uname -p', except on Windows and Mac OS X | ||||
| Package 1664/2341 | Hostname | OS / Arch | INSTALL | BUILD | CHECK | BUILD BIN | ||||||||
| qsmooth 1.24.0 (landing page) Stephanie C. Hicks
| nebbiolo1 | Linux (Ubuntu 24.04.1 LTS) / x86_64 | OK | OK | WARNINGS | |||||||||
| palomino7 | Windows Server 2022 Datacenter / x64 | OK | OK | WARNINGS | OK | |||||||||
| lconway | macOS 12.7.1 Monterey / x86_64 | OK | OK | WARNINGS | OK | |||||||||
| kjohnson3 | macOS 13.7.1 Ventura / arm64 | OK | OK | WARNINGS | OK | |||||||||
| kunpeng2 | Linux (openEuler 24.03 LTS) / aarch64 | OK | OK | WARNINGS | ||||||||||
|
To the developers/maintainers of the qsmooth package: - Allow up to 24 hours (and sometimes 48 hours) for your latest push to git@git.bioconductor.org:packages/qsmooth.git to reflect on this report. See Troubleshooting Build Report for more information. - Use the following Renviron settings to reproduce errors and warnings. - If 'R CMD check' started to fail recently on the Linux builder(s) over a missing dependency, add the missing dependency to 'Suggests:' in your DESCRIPTION file. See Renviron.bioc for more information. |
| Package: qsmooth |
| Version: 1.24.0 |
| Command: /Library/Frameworks/R.framework/Resources/bin/R CMD check --install=check:qsmooth.install-out.txt --library=/Library/Frameworks/R.framework/Resources/library --no-vignettes --timings qsmooth_1.24.0.tar.gz |
| StartedAt: 2025-04-21 21:04:10 -0400 (Mon, 21 Apr 2025) |
| EndedAt: 2025-04-21 21:05:42 -0400 (Mon, 21 Apr 2025) |
| EllapsedTime: 91.1 seconds |
| RetCode: 0 |
| Status: WARNINGS |
| CheckDir: qsmooth.Rcheck |
| Warnings: 1 |
##############################################################################
##############################################################################
###
### Running command:
###
### /Library/Frameworks/R.framework/Resources/bin/R CMD check --install=check:qsmooth.install-out.txt --library=/Library/Frameworks/R.framework/Resources/library --no-vignettes --timings qsmooth_1.24.0.tar.gz
###
##############################################################################
##############################################################################
* using log directory ‘/Users/biocbuild/bbs-3.21-bioc/meat/qsmooth.Rcheck’
* using R version 4.5.0 RC (2025-04-04 r88126)
* using platform: aarch64-apple-darwin20
* R was compiled by
Apple clang version 14.0.0 (clang-1400.0.29.202)
GNU Fortran (GCC) 14.2.0
* running under: macOS Ventura 13.7.1
* using session charset: UTF-8
* using option ‘--no-vignettes’
* checking for file ‘qsmooth/DESCRIPTION’ ... OK
* this is package ‘qsmooth’ version ‘1.24.0’
* package encoding: UTF-8
* checking package namespace information ... OK
* checking package dependencies ... OK
* checking if this is a source package ... OK
* checking if there is a namespace ... OK
* checking for hidden files and directories ... OK
* checking for portable file names ... OK
* checking for sufficient/correct file permissions ... OK
* checking whether package ‘qsmooth’ can be installed ... OK
* checking installed package size ... OK
* checking package directory ... OK
* checking ‘build’ directory ... OK
* checking DESCRIPTION meta-information ... OK
* checking top-level files ... OK
* checking for left-over files ... OK
* checking index information ... OK
* checking package subdirectories ... OK
* checking code files for non-ASCII characters ... OK
* checking R files for syntax errors ... OK
* checking whether the package can be loaded ... OK
* checking whether the package can be loaded with stated dependencies ... OK
* checking whether the package can be unloaded cleanly ... OK
* checking whether the namespace can be loaded with stated dependencies ... OK
* checking whether the namespace can be unloaded cleanly ... OK
* checking dependencies in R code ... OK
* checking S3 generic/method consistency ... OK
* checking replacement functions ... OK
* checking foreign function calls ... OK
* checking R code for possible problems ... OK
* checking Rd files ... OK
* checking Rd metadata ... OK
* checking Rd cross-references ... OK
* checking for missing documentation entries ... WARNING
Undocumented data sets:
‘gc’
All user-level objects in a package should have documentation entries.
See chapter ‘Writing R documentation files’ in the ‘Writing R
Extensions’ manual.
* checking for code/documentation mismatches ... OK
* checking Rd \usage sections ... OK
* checking Rd contents ... OK
* checking for unstated dependencies in examples ... OK
* checking contents of ‘data’ directory ... OK
* checking data for non-ASCII characters ... OK
* checking data for ASCII and uncompressed saves ... OK
* checking files in ‘vignettes’ ... OK
* checking examples ... OK
* checking for unstated dependencies in ‘tests’ ... OK
* checking tests ...
Running ‘testthat.R’
OK
* checking for unstated dependencies in vignettes ... OK
* checking package vignettes ... OK
* checking running R code from vignettes ... SKIPPED
* checking re-building of vignette outputs ... SKIPPED
* checking PDF version of manual ... OK
* DONE
Status: 1 WARNING
See
‘/Users/biocbuild/bbs-3.21-bioc/meat/qsmooth.Rcheck/00check.log’
for details.
qsmooth.Rcheck/00install.out
############################################################################## ############################################################################## ### ### Running command: ### ### /Library/Frameworks/R.framework/Resources/bin/R CMD INSTALL qsmooth ### ############################################################################## ############################################################################## * installing to library ‘/Library/Frameworks/R.framework/Versions/4.5-arm64/Resources/library’ * installing *source* package ‘qsmooth’ ... ** this is package ‘qsmooth’ version ‘1.24.0’ ** using staged installation ** R ** data ** inst ** byte-compile and prepare package for lazy loading ** help *** installing help indices ** building package indices ** installing vignettes ** testing if installed package can be loaded from temporary location ** testing if installed package can be loaded from final location ** testing if installed package keeps a record of temporary installation path * DONE (qsmooth)
qsmooth.Rcheck/tests/testthat.Rout
R version 4.5.0 RC (2025-04-04 r88126) -- "How About a Twenty-Six"
Copyright (C) 2025 The R Foundation for Statistical Computing
Platform: aarch64-apple-darwin20
R is free software and comes with ABSOLUTELY NO WARRANTY.
You are welcome to redistribute it under certain conditions.
Type 'license()' or 'licence()' for distribution details.
R is a collaborative project with many contributors.
Type 'contributors()' for more information and
'citation()' on how to cite R or R packages in publications.
Type 'demo()' for some demos, 'help()' for on-line help, or
'help.start()' for an HTML browser interface to help.
Type 'q()' to quit R.
> library(testthat)
> context("checking the qsmooth function")
>
> library(qsmooth)
>
> test_that("checking dimensions of qsmooth object", {
+ n_genes <- 1000
+ n_samples <- 10
+ set.seed(1234)
+ x <- matrix(rnorm(n_genes*n_samples), n_genes, n_samples)
+ group_factor <- rep(c(1,2),each=5)
+ qs_norm <- qsmooth(object = x,
+ group_factor = group_factor)
+
+ expect_equal(length(qsmoothWeights(qs_norm)), n_genes)
+ expect_equal(nrow(qsmoothData(qs_norm)), n_genes)
+ expect_equal(ncol(qsmoothData(qs_norm)), n_samples)
+ })
Test passed 🥇
>
> test_that("checking qsmooth normalized data", {
+ n_genes <- 1000
+ n_samples <- 10
+ set.seed(1234)
+ x <- matrix(rnorm(n_genes*n_samples), n_genes, n_samples)
+ group_factor <- rep(c(1,2),each=5)
+ qs_norm <- qsmooth(object = x, group_factor = group_factor)
+ expect_equal(qsmoothData(qs_norm)[1,1], -1.25856, tolerance = .0001)
+ expect_equal(qsmoothWeights(qs_norm)[1], 0.97495, tolerance = .0001)
+ })
Test passed 🥇
>
>
> test_that("checking qsmoothGC normalized data", {
+ n_genes <- 1000
+ n_samples <- 10
+ set.seed(1234)
+ x <- matrix(rpois(n_genes*n_samples, lambda=12), n_genes, n_samples)
+ group_factor <- rep(c(1,2),each=5)
+ gc <- runif(n=n_genes, min=0.2, max=0.9)
+ ## one group should be same as qsmooth
+ qs_norm <- qsmooth(object = x, group_factor = group_factor)
+ qs_normGC <- qsmoothGC(object = x,
+ gc = gc,
+ group_factor = group_factor,
+ nGroups = 1,
+ round = FALSE)
+ expect_equal(qsmoothData(qs_norm), qsmoothData(qs_normGC), tolerance = .001)
+ })
Test passed 🥇
>
> proc.time()
user system elapsed
4.216 0.168 4.438
qsmooth.Rcheck/qsmooth-Ex.timings
| name | user | system | elapsed | |
| qsmooth-class | 0.003 | 0.000 | 0.003 | |
| qsmooth | 0.001 | 0.000 | 0.001 | |
| qsmoothData | 0.002 | 0.003 | 0.005 | |
| qsmoothGC | 0.035 | 0.001 | 0.035 | |
| qsmoothPlotWeights | 0.002 | 0.000 | 0.002 | |
| qsmoothWeights | 0.001 | 0.000 | 0.002 | |
| qstats | 0.000 | 0.001 | 0.001 | |