Back to Multiple platform build/check report for BioC 3.20:   simplified   long
ABCDEFGHIJKLMNO[P]QRSTUVWXYZ

This page was generated on 2025-02-03 12:12 -0500 (Mon, 03 Feb 2025).

HostnameOSArch (*)R versionInstalled pkgs
nebbiolo2Linux (Ubuntu 24.04.1 LTS)x86_644.4.2 (2024-10-31) -- "Pile of Leaves" 4746
palomino8Windows Server 2022 Datacenterx644.4.2 (2024-10-31 ucrt) -- "Pile of Leaves" 4494
merida1macOS 12.7.5 Montereyx86_644.4.2 (2024-10-31) -- "Pile of Leaves" 4517
kjohnson1macOS 13.6.6 Venturaarm644.4.2 (2024-10-31) -- "Pile of Leaves" 4469
taishanLinux (openEuler 24.03 LTS)aarch644.4.2 (2024-10-31) -- "Pile of Leaves" 4400
Click on any hostname to see more info about the system (e.g. compilers)      (*) as reported by 'uname -p', except on Windows and Mac OS X

Package 1616/2289HostnameOS / ArchINSTALLBUILDCHECKBUILD BIN
ptairMS 1.14.0  (landing page)
camille Roquencourt
Snapshot Date: 2025-01-30 13:00 -0500 (Thu, 30 Jan 2025)
git_url: https://git.bioconductor.org/packages/ptairMS
git_branch: RELEASE_3_20
git_last_commit: 305ca9a
git_last_commit_date: 2024-10-29 10:58:07 -0500 (Tue, 29 Oct 2024)
nebbiolo2Linux (Ubuntu 24.04.1 LTS) / x86_64  OK    OK    WARNINGS  UNNEEDED, same version is already published
palomino8Windows Server 2022 Datacenter / x64  OK    OK    WARNINGS    OK  UNNEEDED, same version is already published
merida1macOS 12.7.5 Monterey / x86_64  OK    OK    WARNINGS    OK  UNNEEDED, same version is already published
kjohnson1macOS 13.6.6 Ventura / arm64  OK    OK    ERROR    OK  
taishanLinux (openEuler 24.03 LTS) / aarch64  OK    OK    WARNINGS  


CHECK results for ptairMS on taishan

To the developers/maintainers of the ptairMS package:
- Allow up to 24 hours (and sometimes 48 hours) for your latest push to git@git.bioconductor.org:packages/ptairMS.git to reflect on this report. See Troubleshooting Build Report for more information.
- Use the following Renviron settings to reproduce errors and warnings.
- If 'R CMD check' started to fail recently on the Linux builder(s) over a missing dependency, add the missing dependency to 'Suggests:' in your DESCRIPTION file. See Renviron.bioc for more information.
- See Martin Grigorov's blog post for how to debug Linux ARM64 related issues on a x86_64 host.

raw results


Summary

Package: ptairMS
Version: 1.14.0
Command: /home/biocbuild/R/R/bin/R CMD check --install=check:ptairMS.install-out.txt --library=/home/biocbuild/R/R/site-library --no-vignettes --timings ptairMS_1.14.0.tar.gz
StartedAt: 2025-01-31 09:21:36 -0000 (Fri, 31 Jan 2025)
EndedAt: 2025-01-31 09:32:52 -0000 (Fri, 31 Jan 2025)
EllapsedTime: 675.7 seconds
RetCode: 0
Status:   WARNINGS  
CheckDir: ptairMS.Rcheck
Warnings: 2

Command output

##############################################################################
##############################################################################
###
### Running command:
###
###   /home/biocbuild/R/R/bin/R CMD check --install=check:ptairMS.install-out.txt --library=/home/biocbuild/R/R/site-library --no-vignettes --timings ptairMS_1.14.0.tar.gz
###
##############################################################################
##############################################################################


* using log directory ‘/home/biocbuild/bbs-3.20-bioc/meat/ptairMS.Rcheck’
* using R version 4.4.2 (2024-10-31)
* using platform: aarch64-unknown-linux-gnu
* R was compiled by
    aarch64-unknown-linux-gnu-gcc (GCC) 14.2.0
    GNU Fortran (GCC) 12.3.1 (openEuler 12.3.1-36.oe2403)
* running under: openEuler 24.03 (LTS)
* using session charset: UTF-8
* using option ‘--no-vignettes’
* checking for file ‘ptairMS/DESCRIPTION’ ... OK
* this is package ‘ptairMS’ version ‘1.14.0’
* package encoding: UTF-8
* checking package namespace information ... OK
* checking package dependencies ... OK
* checking if this is a source package ... OK
* checking if there is a namespace ... OK
* checking for hidden files and directories ... OK
* checking for portable file names ... OK
* checking for sufficient/correct file permissions ... OK
* checking whether package ‘ptairMS’ can be installed ... WARNING
Found the following significant warnings:
  Warning: replacing previous import ‘Biobase::cache’ by ‘bit64::cache’ when loading ‘ptairMS’
See ‘/home/biocbuild/bbs-3.20-bioc/meat/ptairMS.Rcheck/00install.out’ for details.
* used C++ compiler: ‘aarch64-unknown-linux-gnu-g++ (GCC) 14.2.0’
* checking installed package size ... OK
* checking package directory ... OK
* checking ‘build’ directory ... OK
* checking DESCRIPTION meta-information ... OK
* checking top-level files ... OK
* checking for left-over files ... OK
* checking index information ... OK
* checking package subdirectories ... OK
* checking code files for non-ASCII characters ... OK
* checking R files for syntax errors ... OK
* checking whether the package can be loaded ... OK
* checking whether the package can be loaded with stated dependencies ... OK
* checking whether the package can be unloaded cleanly ... OK
* checking whether the namespace can be loaded with stated dependencies ... OK
* checking whether the namespace can be unloaded cleanly ... OK
* checking loading without being on the library search path ... OK
* checking dependencies in R code ... WARNING
'::' or ':::' imports not declared from:
  ‘htmlwidgets’ ‘plyr’
There are ::: calls to the package's namespace in its code. A package
  almost never needs to use ::: for its own objects:
  ‘getCalibrationInfo’ ‘getPeakList’ ‘getPeaksInfo’ ‘getTimeInfo’
  ‘processFileTemporalNominalMass’ ‘tofToMz’
* checking S3 generic/method consistency ... OK
* checking replacement functions ... OK
* checking foreign function calls ... OK
* checking R code for possible problems ... OK
* checking Rd files ... OK
* checking Rd metadata ... OK
* checking Rd cross-references ... OK
* checking for missing documentation entries ... OK
* checking for code/documentation mismatches ... OK
* checking Rd \usage sections ... OK
* checking Rd contents ... OK
* checking for unstated dependencies in examples ... OK
* checking line endings in C/C++/Fortran sources/headers ... OK
* checking compiled code ... NOTE
Note: information on .o files is not available
* checking files in ‘vignettes’ ... OK
* checking examples ... OK
Examples with CPU (user + system) or elapsed time > 5s
                        user system elapsed
detectPeak           113.594  1.011 115.418
writeEset             22.823  0.048  22.937
alignSamples          21.768  0.157  22.058
imputeMat             21.727  0.120  21.954
getPeakList           20.450  0.075  20.589
impute                19.700  0.082  19.886
annotation            19.370  0.104  19.537
plotTIC               16.003  0.075  16.127
plot                  15.927  0.059  16.051
plotRaw               15.189  0.044  15.299
defineKnots           15.003  0.059  15.127
plotFeatures          14.958  0.016  15.027
resetSampleMetadata   14.532  0.032  14.608
setSampleMetadata     14.314  0.028  14.385
convert_to_mzML       13.852  0.431  14.334
plotCalib             14.211  0.071  14.338
exportSampleMetada    13.808  0.081  13.950
rmPeakList            13.786  0.032  13.859
getDirectory          13.684  0.057  13.793
getSampleMetadata     13.429  0.036  13.505
updatePtrSet          13.371  0.032  13.433
importSampleMetadata  12.765  0.039  12.855
getFileNames          12.731  0.066  12.854
changeTimeLimits      12.573  0.032  12.640
createPtrSet          11.294  0.047  11.455
* checking for unstated dependencies in ‘tests’ ... OK
* checking tests ...
  Running ‘testthat.R’
 OK
* checking for unstated dependencies in vignettes ... OK
* checking package vignettes ... OK
* checking running R code from vignettes ... SKIPPED
* checking re-building of vignette outputs ... SKIPPED
* checking PDF version of manual ... OK
* DONE

Status: 2 WARNINGs, 1 NOTE
See
  ‘/home/biocbuild/bbs-3.20-bioc/meat/ptairMS.Rcheck/00check.log’
for details.


Installation output

ptairMS.Rcheck/00install.out

##############################################################################
##############################################################################
###
### Running command:
###
###   /home/biocbuild/R/R/bin/R CMD INSTALL ptairMS
###
##############################################################################
##############################################################################


* installing to library ‘/home/biocbuild/R/R-4.4.2/site-library’
* installing *source* package ‘ptairMS’ ...
** using staged installation
** libs
using C++ compiler: ‘aarch64-unknown-linux-gnu-g++ (GCC) 14.2.0’
/opt/ohpc/pub/compiler/gcc/14.2.0/bin/aarch64-unknown-linux-gnu-g++ -std=gnu++17 -I"/home/biocbuild/R/R/include" -DNDEBUG  -I'/home/biocbuild/R/R-4.4.2/site-library/Rcpp/include' -I/usr/local/include    -fPIC  -g -O2  -Wall -Werror=format-security  -c RcppExports.cpp -o RcppExports.o
/opt/ohpc/pub/compiler/gcc/14.2.0/bin/aarch64-unknown-linux-gnu-g++ -std=gnu++17 -I"/home/biocbuild/R/R/include" -DNDEBUG  -I'/home/biocbuild/R/R-4.4.2/site-library/Rcpp/include' -I/usr/local/include    -fPIC  -g -O2  -Wall -Werror=format-security  -c align.cpp -o align.o
/opt/ohpc/pub/compiler/gcc/14.2.0/bin/aarch64-unknown-linux-gnu-g++ -std=gnu++17 -I"/home/biocbuild/R/R/include" -DNDEBUG  -I'/home/biocbuild/R/R-4.4.2/site-library/Rcpp/include' -I/usr/local/include    -fPIC  -g -O2  -Wall -Werror=format-security  -c findEqualGreaterM.cpp -o findEqualGreaterM.o
/opt/ohpc/pub/compiler/gcc/14.2.0/bin/aarch64-unknown-linux-gnu-g++ -std=gnu++17 -shared -L/home/biocbuild/R/R/lib -L/usr/local/lib -o ptairMS.so RcppExports.o align.o findEqualGreaterM.o -L/home/biocbuild/R/R/lib -lR
installing to /home/biocbuild/R/R-4.4.2/site-library/00LOCK-ptairMS/00new/ptairMS/libs
** R
** inst
** byte-compile and prepare package for lazy loading
Warning: replacing previous import ‘Biobase::cache’ by ‘bit64::cache’ when loading ‘ptairMS’
** help
*** installing help indices
** building package indices
** installing vignettes
** testing if installed package can be loaded from temporary location
Warning: replacing previous import ‘Biobase::cache’ by ‘bit64::cache’ when loading ‘ptairMS’
** checking absolute paths in shared objects and dynamic libraries
** testing if installed package can be loaded from final location
Warning: replacing previous import ‘Biobase::cache’ by ‘bit64::cache’ when loading ‘ptairMS’
** testing if installed package keeps a record of temporary installation path
* DONE (ptairMS)

Tests output

ptairMS.Rcheck/tests/testthat.Rout


R version 4.4.2 (2024-10-31) -- "Pile of Leaves"
Copyright (C) 2024 The R Foundation for Statistical Computing
Platform: aarch64-unknown-linux-gnu

R is free software and comes with ABSOLUTELY NO WARRANTY.
You are welcome to redistribute it under certain conditions.
Type 'license()' or 'licence()' for distribution details.

R is a collaborative project with many contributors.
Type 'contributors()' for more information and
'citation()' on how to cite R or R packages in publications.

Type 'demo()' for some demos, 'help()' for on-line help, or
'help.start()' for an HTML browser interface to help.
Type 'q()' to quit R.

> library(testthat)
> library(ptairMS)
Warning message:
replacing previous import 'Biobase::cache' by 'bit64::cache' when loading 'ptairMS' 
> 
> test_check("ptairMS")
Control1.h5 : 3 peaks detected 
Control2.h5 : 4 peaks detected 
Specie-a1.h5 : 2 peaks detected 
Specie-a2.h5 : 3 peaks detected 
specie-b1.h5 : 4 peaks detected 
specie-b2.h5 : 3 peaks detected 
Control1.h5 : 2 peaks detected 
Control2.h5 : 2 peaks detected 
Specie-a1.h5 : 3 peaks detected 
Specie-a2.h5 : 3 peaks detected 
specie-b1.h5 : 2 peaks detected 
specie-b2.h5 : 3 peaks detected 
Control1.h5 : 4 peaks detected 
Control2.h5 : 6 peaks detected 
Specie-a1.h5 : 3 peaks detected 
Specie-a2.h5 : 4 peaks detected 
specie-b1.h5 : 5 peaks detected 
specie-b2.h5 : 4 peaks detected 
Control1.h5 : 3 peaks detected 
Control2.h5 : 2 peaks detected 
Specie-a1.h5 : 3 peaks detected 
Specie-a2.h5 : 3 peaks detected 
specie-b1.h5 : 3 peaks detected 
specie-b2.h5 : 4 peaks detected 
[ FAIL 0 | WARN 0 | SKIP 0 | PASS 59 ]
> 
> proc.time()
   user  system elapsed 
101.996   0.576 103.057 

Example timings

ptairMS.Rcheck/ptairMS-Ex.timings

nameusersystemelapsed
LocalMaximaSG0.030.000.03
PeakList1.1410.0801.246
RunShinnyApp000
alignSamples21.768 0.15722.058
annotation19.370 0.10419.537
calibration1.0720.0041.079
changeTimeLimits12.573 0.03212.640
convert_to_mzML13.852 0.43114.334
createPtrSet11.294 0.04711.455
defineKnots15.003 0.05915.127
detectPeak113.594 1.011115.418
exportSampleMetada13.808 0.08113.950
formula2mass0.0000.0040.004
getDirectory13.684 0.05713.793
getFileNames12.731 0.06612.854
getPeakList20.450 0.07520.589
getSampleMetadata13.429 0.03613.505
importSampleMetadata12.765 0.03912.855
impute19.700 0.08219.886
imputeMat21.727 0.12021.954
plot15.927 0.05916.051
plotCalib14.211 0.07114.338
plotFeatures14.958 0.01615.027
plotRaw15.189 0.04415.299
plotTIC16.003 0.07516.127
readRaw0.1710.0000.172
resetSampleMetadata14.532 0.03214.608
rmPeakList13.786 0.03213.859
setSampleMetadata14.314 0.02814.385
timeLimits2.3300.0042.341
updatePtrSet13.371 0.03213.433
writeEset22.823 0.04822.937