| Back to Multiple platform build/check report for BioC 3.21: simplified long |
|
This page was generated on 2025-10-16 11:38 -0400 (Thu, 16 Oct 2025).
| Hostname | OS | Arch (*) | R version | Installed pkgs |
|---|---|---|---|---|
| nebbiolo1 | Linux (Ubuntu 24.04.3 LTS) | x86_64 | 4.5.1 (2025-06-13) -- "Great Square Root" | 4833 |
| merida1 | macOS 12.7.6 Monterey | x86_64 | 4.5.1 RC (2025-06-05 r88288) -- "Great Square Root" | 4614 |
| kjohnson1 | macOS 13.7.5 Ventura | arm64 | 4.5.1 Patched (2025-06-14 r88325) -- "Great Square Root" | 4555 |
| kunpeng2 | Linux (openEuler 24.03 LTS) | aarch64 | R Under development (unstable) (2025-02-19 r87757) -- "Unsuffered Consequences" | 4586 |
| Click on any hostname to see more info about the system (e.g. compilers) (*) as reported by 'uname -p', except on Windows and Mac OS X | ||||
| Package 1578/2341 | Hostname | OS / Arch | INSTALL | BUILD | CHECK | BUILD BIN | ||||||||
| phyloseq 1.52.0 (landing page) Paul J. McMurdie
| nebbiolo1 | Linux (Ubuntu 24.04.3 LTS) / x86_64 | OK | OK | WARNINGS | |||||||||
| merida1 | macOS 12.7.6 Monterey / x86_64 | OK | OK | WARNINGS | OK | |||||||||
| kjohnson1 | macOS 13.7.5 Ventura / arm64 | OK | ERROR | skipped | skipped | |||||||||
| kunpeng2 | Linux (openEuler 24.03 LTS) / aarch64 | OK | OK | WARNINGS | ||||||||||
|
To the developers/maintainers of the phyloseq package: - Allow up to 24 hours (and sometimes 48 hours) for your latest push to git@git.bioconductor.org:packages/phyloseq.git to reflect on this report. See Troubleshooting Build Report for more information. - Use the following Renviron settings to reproduce errors and warnings. - If 'R CMD check' started to fail recently on the Linux builder(s) over a missing dependency, add the missing dependency to 'Suggests:' in your DESCRIPTION file. See Renviron.bioc for more information. |
| Package: phyloseq |
| Version: 1.52.0 |
| Command: /home/biocbuild/bbs-3.21-bioc/R/bin/R CMD check --install=check:phyloseq.install-out.txt --library=/home/biocbuild/bbs-3.21-bioc/R/site-library --timings phyloseq_1.52.0.tar.gz |
| StartedAt: 2025-10-16 02:13:00 -0400 (Thu, 16 Oct 2025) |
| EndedAt: 2025-10-16 02:18:56 -0400 (Thu, 16 Oct 2025) |
| EllapsedTime: 356.5 seconds |
| RetCode: 0 |
| Status: WARNINGS |
| CheckDir: phyloseq.Rcheck |
| Warnings: 1 |
##############################################################################
##############################################################################
###
### Running command:
###
### /home/biocbuild/bbs-3.21-bioc/R/bin/R CMD check --install=check:phyloseq.install-out.txt --library=/home/biocbuild/bbs-3.21-bioc/R/site-library --timings phyloseq_1.52.0.tar.gz
###
##############################################################################
##############################################################################
* using log directory ‘/home/biocbuild/bbs-3.21-bioc/meat/phyloseq.Rcheck’
* using R version 4.5.1 (2025-06-13)
* using platform: x86_64-pc-linux-gnu
* R was compiled by
gcc (Ubuntu 13.3.0-6ubuntu2~24.04) 13.3.0
GNU Fortran (Ubuntu 13.3.0-6ubuntu2~24.04) 13.3.0
* running under: Ubuntu 24.04.3 LTS
* using session charset: UTF-8
* checking for file ‘phyloseq/DESCRIPTION’ ... OK
* this is package ‘phyloseq’ version ‘1.52.0’
* checking package namespace information ... OK
* checking package dependencies ... OK
* checking if this is a source package ... OK
* checking if there is a namespace ... OK
* checking for hidden files and directories ... NOTE
Found the following hidden files and directories:
.travis.yml
These were most likely included in error. See section ‘Package
structure’ in the ‘Writing R Extensions’ manual.
* checking for portable file names ... OK
* checking for sufficient/correct file permissions ... OK
* checking whether package ‘phyloseq’ can be installed ... OK
* checking installed package size ... OK
* checking package directory ... OK
* checking ‘build’ directory ... OK
* checking DESCRIPTION meta-information ... OK
* checking top-level files ... OK
* checking for left-over files ... OK
* checking index information ... OK
* checking package subdirectories ... OK
* checking code files for non-ASCII characters ... OK
* checking R files for syntax errors ... OK
* checking whether the package can be loaded ... OK
* checking whether the package can be loaded with stated dependencies ... OK
* checking whether the package can be unloaded cleanly ... OK
* checking whether the namespace can be loaded with stated dependencies ... OK
* checking whether the namespace can be unloaded cleanly ... OK
* checking loading without being on the library search path ... OK
* checking dependencies in R code ... OK
* checking S3 generic/method consistency ... OK
* checking replacement functions ... OK
* checking foreign function calls ... OK
* checking R code for possible problems ... NOTE
DPCoA: no visible global function definition for ‘as.dist’
chunkReOrder: no visible global function definition for ‘tail’
chunkReOrder: no visible global function definition for ‘head’
export_env_file: no visible global function definition for
‘write.table’
export_mothur_dist: no visible global function definition for ‘as.dist’
export_mothur_dist: no visible global function definition for
‘write.table’
fastUniFrac: no visible global function definition for ‘combn’
fastUniFrac: no visible global function definition for ‘as.dist’
import_RDP_otu: no visible global function definition for ‘read.table’
import_env_file: no visible global function definition for ‘read.table’
import_mothur_constaxonomy: no visible global function definition for
‘read.table’
import_mothur_dist: no visible global function definition for ‘as.dist’
import_mothur_groups: no visible global function definition for
‘read.table’
import_mothur_shared: no visible global function definition for
‘read.table’
import_qiime_otu_tax: no visible global function definition for ‘:=’
import_qiime_otu_tax: no visible binding for global variable ‘Consensus
Lineage’
import_qiime_otu_tax: no visible binding for global variable ‘#OTU ID’
import_qiime_sample_data: no visible global function definition for
‘read.table’
import_uparse: no visible global function definition for ‘:=’
import_uparse: no visible binding for global variable ‘count’
import_uparse: no visible binding for global variable ‘queryString’
import_uparse: no visible binding for global variable ‘queryID’
import_uparse: no visible binding for global variable ‘Classification’
import_uparse: no visible global function definition for
‘dcast.data.table’
import_uparse: no visible binding for global variable ‘OTULabel’
import_usearch_uc: no visible global function definition for ‘:=’
import_usearch_uc: no visible binding for global variable ‘read’
microbio_me_qiime: no visible global function definition for
‘download.file’
microbio_me_qiime: no visible global function definition for ‘unzip’
microbio_me_qiime: no visible global function definition for ‘untar’
nodeplotboot : <anonymous>: no visible global function definition for
‘complete.cases’
nodeplotboot : <anonymous>: no visible binding for global variable ‘x’
nodeplotboot : <anonymous>: no visible binding for global variable ‘y’
nodeplotdefault : <anonymous>: no visible binding for global variable
‘x’
nodeplotdefault : <anonymous>: no visible binding for global variable
‘y’
nodeplotdefault : <anonymous>: no visible binding for global variable
‘label’
ordinate: no visible global function definition for ‘as.formula’
plot_clusgap: no visible binding for global variable ‘k’
plot_clusgap: no visible binding for global variable ‘gap’
plot_clusgap: no visible binding for global variable ‘SE.sim’
plot_heatmap: no visible global function definition for
‘capture.output’
plot_heatmap: no visible binding for global variable ‘Sample’
plot_heatmap: no visible binding for global variable ‘OTU’
plot_heatmap: no visible binding for global variable ‘Abundance’
plot_net : vertex_layout: no visible binding for global variable ‘x’
plot_net : link_layout: no visible binding for global variable ‘x’
plot_net : link_layout: no visible binding for global variable ‘y’
plot_net: no visible binding for global variable ‘x’
plot_net: no visible binding for global variable ‘y’
plot_net: no visible binding for global variable ‘xend’
plot_net: no visible binding for global variable ‘yend’
plot_network: no visible binding for global variable ‘x’
plot_network: no visible binding for global variable ‘y’
plot_richness: no visible binding for global variable ‘value’
plot_richness: no visible binding for global variable ‘se’
plot_scree: no visible binding for global variable ‘axis’
plot_scree: no visible binding for global variable ‘eigenvalue’
plot_tree: no visible binding for global variable ‘xleft’
plot_tree: no visible binding for global variable ‘xright’
plot_tree: no visible binding for global variable ‘y’
plot_tree: no visible binding for global variable ‘x’
plot_tree: no visible binding for global variable ‘vmin’
plot_tree: no visible binding for global variable ‘vmax’
plot_tree: no visible binding for global variable ‘OTU’
plot_tree: no visible binding for global variable ‘label’
plot_tree: no visible binding for global variable ‘Abundance’
plot_tree: no visible binding for global variable ‘Sample’
plot_tree: no visible global function definition for ‘:=’
plot_tree: no visible binding for global variable ‘h.adj.index’
plot_tree: no visible binding for global variable ‘xdodge’
plot_tree: no visible binding for global variable ‘xfartiplab’
plot_tree: no visible binding for global variable ‘.SD’
rp.joint.fill: no visible global function definition for ‘relevel’
tip_glom: no visible global function definition for ‘as.dist’
tip_glom: no visible global function definition for ‘cutree’
tip_glom: no visible global function definition for ‘as.hclust’
tree_layout: no visible global function definition for ‘:=’
tree_layout: no visible binding for global variable ‘OTU’
tree_layout: no visible binding for global variable ‘V2’
tree_layout: no visible binding for global variable ‘xleft’
tree_layout: no visible binding for global variable ‘V1’
tree_layout: no visible binding for global variable ‘xright’
tree_layout: no visible binding for global variable ‘y’
tree_layout: no visible binding for global variable ‘x’
tree_layout: no visible binding for global variable ‘label’
tree_layout: no visible global function definition for ‘J’
tree_layout: no visible binding for global variable ‘vmin’
tree_layout: no visible binding for global variable ‘vmax’
JSD,matrix: no visible global function definition for ‘combn’
JSD,matrix: no visible binding for global variable ‘i’
JSD,matrix: no visible global function definition for ‘as.dist’
capscale.phyloseq,phyloseq-formula-character: no visible global
function definition for ‘as.formula’
capscale.phyloseq,phyloseq-formula-dist: no visible global function
definition for ‘as.formula’
cca.phyloseq,phyloseq-formula: no visible global function definition
for ‘as.formula’
distance,phyloseq-character: no visible global function definition for
‘as.dist’
merge_phyloseq_pair,sample_data-sample_data : <anonymous>: no visible
binding for global variable ‘X0’
merge_samples,sample_data: no visible global function definition for
‘aggregate’
plot_phyloseq,phyloseq: no visible binding for global variable
‘esophagus’
Undefined global functions or variables:
#OTU ID .SD := Abundance Classification Consensus Lineage J OTU
OTULabel SE.sim Sample V1 V2 X0 aggregate as.dist as.formula
as.hclust axis capture.output combn complete.cases count cutree
dcast.data.table download.file eigenvalue esophagus gap h.adj.index
head i k label queryID queryString read read.table relevel se tail
untar unzip value vmax vmin write.table x xdodge xend xfartiplab
xleft xright y yend
Consider adding
importFrom("graphics", "axis")
importFrom("stats", "aggregate", "as.dist", "as.formula", "as.hclust",
"complete.cases", "cutree", "relevel")
importFrom("utils", "capture.output", "combn", "download.file", "head",
"read.table", "tail", "untar", "unzip", "write.table")
to your NAMESPACE file.
* checking Rd files ... WARNING
checkRd: (-1) import_biom.Rd:15: Lost braces
15 | \url{http://www.qiime.org/svn_documentation/documentation/biom_format.html}{the biom-format home page}.
| ^
checkRd: (-1) import_biom.Rd:45: Lost braces
45 | as in the case of the GreenGenes tree mentioned earlier (code{\link{read_tree_greengenes}}).}
| ^
checkRd: (-1) import_biom.Rd:92: Lost braces
92 | \url{http://greengenes.lbl.gov/cgi-bin/nph-index.cgi}{greengenes},
| ^
checkRd: (-1) import_pyrotagger_tab.Rd:55: Lost braces
55 | \code{R}. Rather than add to the dependency requirements of emph{phyloseq}
| ^
checkRd: (-1) import_qiime.Rd:44: Lost braces
44 | as in the case of the GreenGenes tree mentioned earlier (code{\link{read_tree_greengenes}}).}
| ^
checkRd: (7) import_qiime.Rd:120: Invalid URL: "http://www.qiime.org/"
checkRd: (-1) merge_samples-methods.Rd:71: Lost braces
71 | \code{\link{merge_taxa}}, code{\link{merge_phyloseq}}
| ^
* checking Rd metadata ... NOTE
Invalid package aliases in Rd file 'phyloseq-deprecated.Rd':
‘phyloseq-deprecated-package’
* checking Rd cross-references ... NOTE
Found the following Rd file(s) with Rd \link{} targets missing package
anchors:
UniFrac-methods.Rd: foreach-package
distance.Rd: designdist
import_biom.Rd: foreach
import_qiime_otu_tax.Rd: foreach-package
import_uparse.Rd: data.table
ordinate.Rd: cca, rda
phyloseq.Rd: ape-package
plot_bar.Rd: melt, ggplot, qplot
plot_heatmap.Rd: log_trans, ggplot
plot_net.Rd: igraph-package, ggplot, ggsave
plot_network.Rd: ggplot
plot_ordination.Rd: ggplot
plot_richness.Rd: ggplot
plot_scree.Rd: ggplot
plot_tree.Rd: ape, ggplot, plot.phylo
subset_ord_plot.Rd: ggplot
tree_layout.Rd: data.table, ape-package
Please provide package anchors for all Rd \link{} targets not in the
package itself and the base packages.
* checking for missing documentation entries ... OK
* checking for code/documentation mismatches ... OK
* checking Rd \usage sections ... NOTE
S3 methods shown with full name in Rd file 'cca-rda-phyloseq-methods.Rd':
‘cca.phyloseq’
The \usage entries for S3 methods should use the \method markup and not
their full name.
See chapter ‘Writing R documentation files’ in the ‘Writing R
Extensions’ manual.
* checking Rd contents ... OK
* checking for unstated dependencies in examples ... OK
* checking contents of ‘data’ directory ... OK
* checking data for non-ASCII characters ... OK
* checking data for ASCII and uncompressed saves ... OK
* checking installed files from ‘inst/doc’ ... OK
* checking files in ‘vignettes’ ... OK
* checking examples ... OK
* checking for unstated dependencies in ‘tests’ ... OK
* checking tests ...
Running ‘testthat-phyloseq.R’
OK
* checking for unstated dependencies in vignettes ... OK
* checking package vignettes ... OK
* checking re-building of vignette outputs ... OK
* checking PDF version of manual ... OK
* DONE
Status: 1 WARNING, 5 NOTEs
See
‘/home/biocbuild/bbs-3.21-bioc/meat/phyloseq.Rcheck/00check.log’
for details.
phyloseq.Rcheck/00install.out
############################################################################## ############################################################################## ### ### Running command: ### ### /home/biocbuild/bbs-3.21-bioc/R/bin/R CMD INSTALL phyloseq ### ############################################################################## ############################################################################## * installing to library ‘/home/biocbuild/bbs-3.21-bioc/R/site-library’ * installing *source* package ‘phyloseq’ ... ** this is package ‘phyloseq’ version ‘1.52.0’ ** using staged installation ** R ** data ** inst ** byte-compile and prepare package for lazy loading ** help *** installing help indices ** building package indices ** installing vignettes ** testing if installed package can be loaded from temporary location ** testing if installed package can be loaded from final location ** testing if installed package keeps a record of temporary installation path * DONE (phyloseq)
phyloseq.Rcheck/tests/testthat-phyloseq.Rout
R version 4.5.1 (2025-06-13) -- "Great Square Root"
Copyright (C) 2025 The R Foundation for Statistical Computing
Platform: x86_64-pc-linux-gnu
R is free software and comes with ABSOLUTELY NO WARRANTY.
You are welcome to redistribute it under certain conditions.
Type 'license()' or 'licence()' for distribution details.
R is a collaborative project with many contributors.
Type 'contributors()' for more information and
'citation()' on how to cite R or R packages in publications.
Type 'demo()' for some demos, 'help()' for on-line help, or
'help.start()' for an HTML browser interface to help.
Type 'q()' to quit R.
> library("testthat")
> packageVersion("phyloseq")
[1] '1.52.0'
> # As suggested for opt-out option on testing by users, recommended by CRAN
> # http://adv-r.had.co.nz/Testing.html
> # Previously, best practice was to put all test files in inst/tests and ensure that R CMD check ran them by putting the following code in tests/test-all.R:
> # library(testthat)
> # library(yourpackage)
> # test_package("yourpackage")
> # Now, recommended practice is to put your tests in tests/testthat, and ensure R CMD check runs them by putting the following code in tests/test-all.R:
> # library(testthat)
> # test_check("yourpackage")
> # The advantage of this new structure is that the user has control over whether or not tests are installed using the –install-tests parameter to R CMD install, or INSTALL_opts = c(“–install-tests”) argument to install.packages(). I’m not sure why you wouldn’t want to install the tests, but now you have the flexibility as requested by CRAN maintainers.
> test_check("phyloseq")
Loading required package: phyloseq
Found biom-format file, now parsing it...
Done parsing biom...
Importing Sample Metdadata from mapping file...
Merging the imported objects...
Successfully merged, phyloseq-class created.
Returning...
Found biom-format file, now parsing it...
Done parsing biom...
Importing Sample Metdadata from mapping file...
Merging the imported objects...
Successfully merged, phyloseq-class created.
Returning...
Reading `ucfile` into memory and parsing into table
Initially read 100 entries.
... Now removing unassigned OTUs (* or NA)...
Removed 7 entries that had no OTU assignment.
A total of 93 will be assigned to the OTU table.
Processing otu/tax file...
Reading file into memory prior to parsing...
Detecting first header line...
Header is on line 2
Converting input file to a table...
Defining OTU table...
Parsing taxonomy table...
Processing phylogenetic tree...
/home/biocbuild/bbs-3.21-bioc/R/site-library/phyloseq/extdata/GP_tree_rand_short.newick.gz ...
Processing map file...
Processing otu/tax file...
Reading file into memory prior to parsing...
Detecting first header line...
Header is on line 2
Converting input file to a table...
Defining OTU table...
Parsing taxonomy table...
Processing phylogenetic tree...
/home/biocbuild/bbs-3.21-bioc/R/site-library/phyloseq/extdata/GP_tree_rand_short.newick.gz ...
Processing Reference Sequences...
[ FAIL 0 | WARN 51 | SKIP 0 | PASS 604 ]
[ FAIL 0 | WARN 51 | SKIP 0 | PASS 604 ]
>
> proc.time()
user system elapsed
55.622 1.299 56.878
phyloseq.Rcheck/phyloseq-Ex.timings
| name | user | system | elapsed | |
| DPCoA | 2.581 | 0.116 | 2.697 | |
| JSD | 0.000 | 0.000 | 0.001 | |
| UniFrac-methods | 0.072 | 0.002 | 0.074 | |
| access | 0.000 | 0.000 | 0.001 | |
| assign-otu_table | 0.001 | 0.000 | 0.000 | |
| assign-phy_tree | 0.030 | 0.011 | 0.041 | |
| assign-sample_data | 0.080 | 0.024 | 0.104 | |
| assign-sample_names | 0.006 | 0.000 | 0.007 | |
| assign-tax_table | 0.001 | 0.000 | 0.001 | |
| assign-taxa_are_rows | 0.000 | 0.002 | 0.002 | |
| assign-taxa_names | 0.002 | 0.003 | 0.006 | |
| build_tax_table | 0.007 | 0.002 | 0.009 | |
| capscale-phyloseq-methods | 0.503 | 0.008 | 0.511 | |
| cca-rda-phyloseq-methods | 0 | 0 | 0 | |
| chunkReOrder | 0.000 | 0.001 | 0.001 | |
| data-GlobalPatterns | 1.364 | 0.059 | 1.424 | |
| data-enterotype | 0.768 | 0.025 | 0.793 | |
| data-esophagus | 0.429 | 0.044 | 0.473 | |
| data-soilrep | 1.287 | 0.051 | 1.337 | |
| distance | 0.147 | 0.018 | 0.170 | |
| distanceMethodList | 0 | 0 | 0 | |
| envHash2otu_table | 0 | 0 | 0 | |
| estimate_richness | 0.018 | 0.002 | 0.019 | |
| export_env_file | 0 | 0 | 0 | |
| export_mothur_dist | 0.030 | 0.029 | 0.058 | |
| extract-methods | 0.005 | 0.001 | 0.006 | |
| filter_taxa | 0.923 | 0.023 | 0.946 | |
| filterfun_sample | 0.011 | 0.002 | 0.013 | |
| gapstat_ord | 1.829 | 0.012 | 1.841 | |
| genefilter_sample-methods | 0 | 0 | 0 | |
| get.component.classes | 0.000 | 0.001 | 0.000 | |
| get_sample-methods | 0.003 | 0.000 | 0.003 | |
| get_taxa-methods | 0.002 | 0.001 | 0.002 | |
| get_taxa_unique | 0.185 | 0.020 | 0.205 | |
| get_variable | 0.146 | 0.006 | 0.152 | |
| getslots.phyloseq | 0.148 | 0.005 | 0.153 | |
| import | 0 | 0 | 0 | |
| import_RDP_otu | 0.265 | 0.002 | 0.267 | |
| import_biom | 0.115 | 0.000 | 0.115 | |
| import_env_file | 0 | 0 | 0 | |
| import_mothur | 0.000 | 0.001 | 0.000 | |
| import_mothur_dist | 0.000 | 0.000 | 0.001 | |
| import_pyrotagger_tab | 0.001 | 0.000 | 0.000 | |
| import_qiime | 0.764 | 0.005 | 0.770 | |
| import_qiime_otu_tax | 0.708 | 0.097 | 0.804 | |
| import_qiime_sample_data | 0.008 | 0.001 | 0.008 | |
| import_uparse | 0 | 0 | 0 | |
| import_usearch_uc | 0.010 | 0.009 | 0.019 | |
| index_reorder | 0 | 0 | 0 | |
| intersect_taxa | 0 | 0 | 0 | |
| make_network | 1.327 | 0.005 | 1.333 | |
| merge_phyloseq | 0.000 | 0.001 | 0.000 | |
| merge_phyloseq_pair-methods | 0.000 | 0.001 | 0.001 | |
| merge_samples-methods | 0.521 | 0.024 | 0.546 | |
| merge_taxa-methods | 0.044 | 0.000 | 0.043 | |
| microbio_me_qiime | 0.438 | 0.006 | 0.444 | |
| mt-methods | 1.154 | 0.006 | 1.160 | |
| nodeplotblank | 0.377 | 0.000 | 0.367 | |
| nodeplotboot | 0.001 | 0.001 | 0.001 | |
| nodeplotdefault | 0.000 | 0.000 | 0.001 | |
| nsamples-methods | 0.015 | 0.001 | 0.017 | |
| ntaxa-methods | 0.001 | 0.002 | 0.002 | |
| ordinate | 0.000 | 0.001 | 0.000 | |
| otu_table-methods | 0.000 | 0.000 | 0.001 | |
| parseTaxonomy-functions | 0.001 | 0.000 | 0.002 | |
| phy_tree-methods | 0.145 | 0.004 | 0.149 | |
| phyloseq | 0.015 | 0.001 | 0.016 | |
| phyloseq_to_deseq2 | 3.689 | 0.120 | 3.809 | |
| phyloseq_to_metagenomeSeq | 1.768 | 0.047 | 1.816 | |
| plot_bar | 1.628 | 0.152 | 1.780 | |
| plot_clusgap | 2.489 | 0.050 | 2.540 | |
| plot_heatmap | 2.894 | 0.028 | 2.923 | |
| plot_net | 3.866 | 0.037 | 3.780 | |
| plot_network | 1.121 | 0.001 | 1.122 | |
| plot_ordination | 0.515 | 0.026 | 0.541 | |
| plot_phyloseq-methods | 0.239 | 0.001 | 0.233 | |
| plot_richness | 3.915 | 0.122 | 4.037 | |
| plot_scree | 1.521 | 0.011 | 1.533 | |
| plot_tree | 1.460 | 0.004 | 1.444 | |
| prune_samples-methods | 0.340 | 0.004 | 0.343 | |
| prune_taxa-methods | 0.033 | 0.003 | 0.036 | |
| psmelt | 0.578 | 0.006 | 0.583 | |
| rank_names | 0.022 | 0.001 | 0.023 | |
| rarefy_even_depth | 0.064 | 0.002 | 0.065 | |
| read_tree | 0.013 | 0.000 | 0.013 | |
| read_tree_greengenes | 0.007 | 0.001 | 0.008 | |
| reconcile_categories | 0 | 0 | 0 | |
| refseq-methods | 0.139 | 0.008 | 0.147 | |
| rm_outlierf | 0.016 | 0.000 | 0.017 | |
| sample_data-methods | 0.048 | 0.004 | 0.053 | |
| sample_names-methods | 0.000 | 0.001 | 0.002 | |
| sample_sums | 0.023 | 0.006 | 0.029 | |
| sample_variables | 0.023 | 0.000 | 0.023 | |
| show-methods | 0.000 | 0.000 | 0.001 | |
| splat.phyloseq.objects | 0.001 | 0.000 | 0.000 | |
| subset_ord_plot | 0 | 0 | 0 | |
| subset_samples-methods | 0.000 | 0.000 | 0.001 | |
| subset_taxa-methods | 0 | 0 | 0 | |
| tax_glom | 0 | 0 | 0 | |
| tax_table-methods | 0.000 | 0.000 | 0.001 | |
| taxa_names-methods | 0.017 | 0.002 | 0.019 | |
| taxa_sums | 0.023 | 0.013 | 0.036 | |
| threshrank | 1.227 | 1.728 | 2.955 | |
| threshrankfun | 0.043 | 0.000 | 0.042 | |
| tip_glom | 0.734 | 0.002 | 0.680 | |
| topf | 0.012 | 0.000 | 0.012 | |
| topk | 0.011 | 0.000 | 0.011 | |
| topp | 0.010 | 0.001 | 0.011 | |
| transformcounts | 0.074 | 0.001 | 0.076 | |
| transpose-methods | 0.451 | 1.212 | 1.663 | |
| tree_layout | 0.710 | 0.001 | 0.663 | |