| Back to Multiple platform build/check report for BioC 3.21: simplified long |
|
This page was generated on 2025-04-22 13:18 -0400 (Tue, 22 Apr 2025).
| Hostname | OS | Arch (*) | R version | Installed pkgs |
|---|---|---|---|---|
| nebbiolo1 | Linux (Ubuntu 24.04.1 LTS) | x86_64 | 4.5.0 RC (2025-04-04 r88126) -- "How About a Twenty-Six" | 4831 |
| palomino7 | Windows Server 2022 Datacenter | x64 | 4.5.0 RC (2025-04-04 r88126 ucrt) -- "How About a Twenty-Six" | 4573 |
| lconway | macOS 12.7.1 Monterey | x86_64 | 4.5.0 RC (2025-04-04 r88126) -- "How About a Twenty-Six" | 4599 |
| kjohnson3 | macOS 13.7.1 Ventura | arm64 | 4.5.0 RC (2025-04-04 r88126) -- "How About a Twenty-Six" | 4553 |
| kunpeng2 | Linux (openEuler 24.03 LTS) | aarch64 | R Under development (unstable) (2025-02-19 r87757) -- "Unsuffered Consequences" | 4570 |
| Click on any hostname to see more info about the system (e.g. compilers) (*) as reported by 'uname -p', except on Windows and Mac OS X | ||||
| Package 1632/2341 | Hostname | OS / Arch | INSTALL | BUILD | CHECK | BUILD BIN | ||||||||
| pRoloc 1.48.0 (landing page) Lisa Breckels
| nebbiolo1 | Linux (Ubuntu 24.04.1 LTS) / x86_64 | OK | OK | WARNINGS | |||||||||
| palomino7 | Windows Server 2022 Datacenter / x64 | OK | OK | WARNINGS | OK | |||||||||
| lconway | macOS 12.7.1 Monterey / x86_64 | OK | OK | WARNINGS | OK | |||||||||
| kjohnson3 | macOS 13.7.1 Ventura / arm64 | OK | OK | WARNINGS | OK | |||||||||
| kunpeng2 | Linux (openEuler 24.03 LTS) / aarch64 | OK | OK | WARNINGS | ||||||||||
|
To the developers/maintainers of the pRoloc package: - Allow up to 24 hours (and sometimes 48 hours) for your latest push to git@git.bioconductor.org:packages/pRoloc.git to reflect on this report. See Troubleshooting Build Report for more information. - Use the following Renviron settings to reproduce errors and warnings. - If 'R CMD check' started to fail recently on the Linux builder(s) over a missing dependency, add the missing dependency to 'Suggests:' in your DESCRIPTION file. See Renviron.bioc for more information. |
| Package: pRoloc |
| Version: 1.48.0 |
| Command: /Library/Frameworks/R.framework/Resources/bin/R CMD check --install=check:pRoloc.install-out.txt --library=/Library/Frameworks/R.framework/Resources/library --no-vignettes --timings pRoloc_1.48.0.tar.gz |
| StartedAt: 2025-04-21 21:00:28 -0400 (Mon, 21 Apr 2025) |
| EndedAt: 2025-04-21 21:04:10 -0400 (Mon, 21 Apr 2025) |
| EllapsedTime: 222.6 seconds |
| RetCode: 0 |
| Status: WARNINGS |
| CheckDir: pRoloc.Rcheck |
| Warnings: 1 |
##############################################################################
##############################################################################
###
### Running command:
###
### /Library/Frameworks/R.framework/Resources/bin/R CMD check --install=check:pRoloc.install-out.txt --library=/Library/Frameworks/R.framework/Resources/library --no-vignettes --timings pRoloc_1.48.0.tar.gz
###
##############################################################################
##############################################################################
* using log directory ‘/Users/biocbuild/bbs-3.21-bioc/meat/pRoloc.Rcheck’
* using R version 4.5.0 RC (2025-04-04 r88126)
* using platform: aarch64-apple-darwin20
* R was compiled by
Apple clang version 14.0.0 (clang-1400.0.29.202)
GNU Fortran (GCC) 14.2.0
* running under: macOS Ventura 13.7.1
* using session charset: UTF-8
* using option ‘--no-vignettes’
* checking for file ‘pRoloc/DESCRIPTION’ ... OK
* checking extension type ... Package
* this is package ‘pRoloc’ version ‘1.48.0’
* package encoding: UTF-8
* checking package namespace information ... OK
* checking package dependencies ... INFO
Imports includes 28 non-default packages.
Importing from so many packages makes the package vulnerable to any of
them becoming unavailable. Move as many as possible to Suggests and
use conditionally.
* checking if this is a source package ... OK
* checking if there is a namespace ... OK
* checking for hidden files and directories ... OK
* checking for portable file names ... OK
* checking for sufficient/correct file permissions ... OK
* checking whether package ‘pRoloc’ can be installed ... OK
* used C++ compiler: ‘Apple clang version 15.0.0 (clang-1500.1.0.2.5)’
* used SDK: ‘MacOSX11.3.sdk’
* checking installed package size ... OK
* checking package directory ... OK
* checking ‘build’ directory ... OK
* checking DESCRIPTION meta-information ... OK
* checking top-level files ... OK
* checking for left-over files ... OK
* checking index information ... OK
* checking package subdirectories ... OK
* checking code files for non-ASCII characters ... OK
* checking R files for syntax errors ... OK
* checking whether the package can be loaded ... OK
* checking whether the package can be loaded with stated dependencies ... OK
* checking whether the package can be unloaded cleanly ... OK
* checking whether the namespace can be loaded with stated dependencies ... OK
* checking whether the namespace can be unloaded cleanly ... OK
* checking whether startup messages can be suppressed ... OK
* checking dependencies in R code ... NOTE
':::' calls which should be '::':
‘MLInterfaces:::.macroF1’ ‘MLInterfaces:::.precision’
‘MLInterfaces:::.recall’ ‘MLInterfaces:::es2df’
See the note in ?`:::` about the use of this operator.
Unexported objects imported by ':::' calls:
‘MSnbase:::.sameNbCol’ ‘MSnbase:::getVariableName’
‘MSnbase:::logging’ ‘MSnbase:::nologging’ ‘caret:::predict.plsda’
See the note in ?`:::` about the use of this operator.
There are ::: calls to the package's namespace in its code. A package
almost never needs to use ::: for its own objects:
‘getAttributesOfInterest0’ ‘getAttributesOfInterestX’
* checking S3 generic/method consistency ... OK
* checking replacement functions ... OK
* checking foreign function calls ... OK
* checking R code for possible problems ... NOTE
Found the following possibly unsafe calls:
File ‘pRoloc/R/annotation.R’:
unlockBinding("params", .pRolocEnv)
* checking Rd files ... OK
* checking Rd metadata ... OK
* checking Rd cross-references ... NOTE
Found the following Rd file(s) with Rd \link{} targets missing package
anchors:
GenRegRes-class.Rd: MSnSet-class
MLearn-methods.Rd: MSnSet-class, xvalSpec, MLearn
QSep-class.Rd: MSnSet-class, Versioned-class
SpatProtVis-class.Rd: MSnSet-class
clustDist.Rd: MSnSet-class
getMarkerClasses.Rd: MSnSet-class
getMarkers.Rd: MSnSet-class
getPredictions.Rd: MSnSet-class
highlightOnPlot.Rd: FeaturesOfInterest-class
knnClassification.Rd: MSnSet-class, knn
knnOptimisation.Rd: MSnSet-class, knn
knntlClassification.Rd: MSnSet-class
knntlOptimisation.Rd: MSnSet-class
ksvmClassification.Rd: MSnSet-class, ksvm
ksvmOptimisation.Rd: MSnSet-class, ksvm
makeGoSet.Rd: MSnSet-class
minMarkers.Rd: MSnSet-class
move2Ds.Rd: MSnSetList
nbClassification.Rd: MSnSet-class, naiveBayes
nbOptimisation.Rd: MSnSet-class, naiveBayes
nnetClassification.Rd: MSnSet-class, nnet
nnetOptimisation.Rd: MSnSet-class, nnet
orgQuants.Rd: MSnSet-class
perTurboClassification.Rd: MSnSet-class, ginv
perTurboOptimisation.Rd: MSnSet-class, ginv
phenoDisco.Rd: filterNA
plot2Ds.Rd: MSnSet-class, MSnSetList
plsdaClassification.Rd: MSnSet-class, plsda
plsdaOptimisation.Rd: MSnSet-class, plsda
rfClassification.Rd: MSnSet-class, randomForest
rfOptimisation.Rd: MSnSet-class, randomForest
sampleMSnSet.Rd: MSnSet-class
svmClassification.Rd: MSnSet-class, svm
svmOptimisation.Rd: MSnSet-class, svm
testMSnSet.Rd: MSnSet-class
testMarkers.Rd: MSnSet-class
Please provide package anchors for all Rd \link{} targets not in the
package itself and the base packages.
* checking for missing documentation entries ... OK
* checking for code/documentation mismatches ... OK
* checking Rd \usage sections ... OK
* checking Rd contents ... OK
* checking for unstated dependencies in examples ... OK
* checking contents of ‘data’ directory ... OK
* checking data for non-ASCII characters ... OK
* checking data for ASCII and uncompressed saves ... OK
* checking line endings in C/C++/Fortran sources/headers ... OK
* checking line endings in Makefiles ... OK
* checking compilation flags in Makevars ... OK
* checking for GNU extensions in Makefiles ... OK
* checking for portable use of $(BLAS_LIBS) and $(LAPACK_LIBS) ... OK
* checking use of PKG_*FLAGS in Makefiles ... OK
* checking compiled code ... NOTE
Note: information on .o files is not available
* checking files in ‘vignettes’ ... OK
* checking examples ... WARNING
Found the following significant warnings:
Warning in getAnnotationParams() : 'getAnnotationParams' is deprecated.
Warning in showGOEvidenceCodes() : 'showGOEvidenceCodes' is deprecated.
Warning in getGOEvidenceCodes() : 'getGOEvidenceCodes' is deprecated.
Deprecated functions may be defunct as soon as of the next release of
R.
See ?Deprecated.
Examples with CPU (user + system) or elapsed time > 5s
user system elapsed
AnnotationParams-class 0.153 0.04 5.154
* checking for unstated dependencies in ‘tests’ ... OK
* checking tests ...
Running ‘testthat.R’
OK
* checking for unstated dependencies in vignettes ... OK
* checking package vignettes ... OK
* checking running R code from vignettes ... SKIPPED
* checking re-building of vignette outputs ... SKIPPED
* checking PDF version of manual ... OK
* DONE
Status: 1 WARNING, 4 NOTEs
See
‘/Users/biocbuild/bbs-3.21-bioc/meat/pRoloc.Rcheck/00check.log’
for details.
pRoloc.Rcheck/00install.out
############################################################################## ############################################################################## ### ### Running command: ### ### /Library/Frameworks/R.framework/Resources/bin/R CMD INSTALL pRoloc ### ############################################################################## ############################################################################## * installing to library ‘/Library/Frameworks/R.framework/Versions/4.5-arm64/Resources/library’ * installing *source* package ‘pRoloc’ ... ** this is package ‘pRoloc’ version ‘1.48.0’ ** using staged installation ** libs using C++ compiler: ‘Apple clang version 15.0.0 (clang-1500.1.0.2.5)’ using SDK: ‘MacOSX11.3.sdk’ clang++ -arch arm64 -std=gnu++17 -I"/Library/Frameworks/R.framework/Resources/include" -DNDEBUG -I'/Library/Frameworks/R.framework/Versions/4.5-arm64/Resources/library/Rcpp/include' -I'/Library/Frameworks/R.framework/Versions/4.5-arm64/Resources/library/RcppArmadillo/include' -I/opt/R/arm64/include -fPIC -falign-functions=64 -Wall -g -O2 -c RcppExports.cpp -o RcppExports.o clang++ -arch arm64 -std=gnu++17 -I"/Library/Frameworks/R.framework/Resources/include" -DNDEBUG -I'/Library/Frameworks/R.framework/Versions/4.5-arm64/Resources/library/Rcpp/include' -I'/Library/Frameworks/R.framework/Versions/4.5-arm64/Resources/library/RcppArmadillo/include' -I/opt/R/arm64/include -fPIC -falign-functions=64 -Wall -g -O2 -c dmvtCpp.cpp -o dmvtCpp.o clang++ -arch arm64 -std=gnu++17 -I"/Library/Frameworks/R.framework/Resources/include" -DNDEBUG -I'/Library/Frameworks/R.framework/Versions/4.5-arm64/Resources/library/Rcpp/include' -I'/Library/Frameworks/R.framework/Versions/4.5-arm64/Resources/library/RcppArmadillo/include' -I/opt/R/arm64/include -fPIC -falign-functions=64 -Wall -g -O2 -c pRoloc.cpp -o pRoloc.o clang++ -arch arm64 -std=gnu++17 -dynamiclib -Wl,-headerpad_max_install_names -undefined dynamic_lookup -L/Library/Frameworks/R.framework/Resources/lib -L/opt/R/arm64/lib -o pRoloc.so RcppExports.o dmvtCpp.o pRoloc.o -L/Library/Frameworks/R.framework/Resources/lib -lRlapack -L/Library/Frameworks/R.framework/Resources/lib -lRblas -L/opt/gfortran/lib/gcc/aarch64-apple-darwin20.0/14.2.0 -L/opt/gfortran/lib -lemutls_w -lheapt_w -lgfortran -lquadmath -F/Library/Frameworks/R.framework/.. -framework R installing to /Library/Frameworks/R.framework/Versions/4.5-arm64/Resources/library/00LOCK-pRoloc/00new/pRoloc/libs ** R ** data ** inst ** byte-compile and prepare package for lazy loading ** help *** installing help indices ** building package indices ** installing vignettes ** testing if installed package can be loaded from temporary location ** checking absolute paths in shared objects and dynamic libraries ** testing if installed package can be loaded from final location ** testing if installed package keeps a record of temporary installation path * DONE (pRoloc)
pRoloc.Rcheck/tests/testthat.Rout
R version 4.5.0 RC (2025-04-04 r88126) -- "How About a Twenty-Six"
Copyright (C) 2025 The R Foundation for Statistical Computing
Platform: aarch64-apple-darwin20
R is free software and comes with ABSOLUTELY NO WARRANTY.
You are welcome to redistribute it under certain conditions.
Type 'license()' or 'licence()' for distribution details.
R is a collaborative project with many contributors.
Type 'contributors()' for more information and
'citation()' on how to cite R or R packages in publications.
Type 'demo()' for some demos, 'help()' for on-line help, or
'help.start()' for an HTML browser interface to help.
Type 'q()' to quit R.
>
> # The setting of R_TESTS exists to work around an R bug. See
> # https://github.com/hadley/testthat/issues/144
> # We should remove it when the issue is resolved.
> Sys.setenv("R_TESTS" = "")
>
> library("testthat")
> library("pRoloc")
Loading required package: MSnbase
Loading required package: BiocGenerics
Loading required package: generics
Attaching package: 'generics'
The following objects are masked from 'package:base':
as.difftime, as.factor, as.ordered, intersect, is.element, setdiff,
setequal, union
Attaching package: 'BiocGenerics'
The following objects are masked from 'package:stats':
IQR, mad, sd, var, xtabs
The following objects are masked from 'package:base':
Filter, Find, Map, Position, Reduce, anyDuplicated, aperm, append,
as.data.frame, basename, cbind, colnames, dirname, do.call,
duplicated, eval, evalq, get, grep, grepl, is.unsorted, lapply,
mapply, match, mget, order, paste, pmax, pmax.int, pmin, pmin.int,
rank, rbind, rownames, sapply, saveRDS, table, tapply, unique,
unsplit, which.max, which.min
Loading required package: Biobase
Welcome to Bioconductor
Vignettes contain introductory material; view with
'browseVignettes()'. To cite Bioconductor, see
'citation("Biobase")', and for packages 'citation("pkgname")'.
Loading required package: mzR
Loading required package: Rcpp
Loading required package: S4Vectors
Loading required package: stats4
Attaching package: 'S4Vectors'
The following object is masked from 'package:utils':
findMatches
The following objects are masked from 'package:base':
I, expand.grid, unname
Loading required package: ProtGenerics
Attaching package: 'ProtGenerics'
The following object is masked from 'package:stats':
smooth
This is MSnbase version 2.34.0
Visit https://lgatto.github.io/MSnbase/ to get started.
Consider switching to the 'R for Mass Spectrometry'
packages - see https://RforMassSpectrometry.org for details.
Attaching package: 'MSnbase'
The following object is masked from 'package:base':
trimws
Loading required package: MLInterfaces
Loading required package: annotate
Loading required package: AnnotationDbi
Loading required package: IRanges
Loading required package: XML
Attaching package: 'annotate'
The following object is masked from 'package:mzR':
nChrom
Loading required package: cluster
Loading required package: BiocParallel
This is pRoloc version 1.48.0
Visit https://lgatto.github.io/pRoloc/ to get started.
> library("pRolocdata")
This is pRolocdata version 1.46.0.
Use 'pRolocdata()' to list available data sets.
>
> test_check("pRoloc")
Object of class "SpatProtVis"
Data: dunkley2006
Visualisation methods: PCA, MDS, kpca
Done.
GO Term Evidence Code
Experimental Evidence Codes
EXP: Inferred from Experiment
IDA: Inferred from Direct Assay
IPI: Inferred from Physical Interaction
IMP: Inferred from Mutant Phenotype
IGI: Inferred from Genetic Interaction
IEP: Inferred from Expression Pattern
Computational Analysis Evidence Codes
ISS: Inferred from Sequence or Structural Similarity
ISO: Inferred from Sequence Orthology
ISA: Inferred from Sequence Alignment
ISM: Inferred from Sequence Model
IGC: Inferred from Genomic Context
IBA: Inferred from Biological aspect of Ancestor
IBD: Inferred from Biological aspect of Descendant
IKR: Inferred from Key Residues
IRD: Inferred from Rapid Divergence
RCA: inferred from Reviewed Computational Analysis
Author Statement Evidence Codes
TAS: Traceable Author Statement
NAS: Non-traceable Author Statement
Curator Statement Evidence Codes
IC: Inferred by Curator
ND: No biological Data available
Automatically-assigned Evidence Codes
IEA: Inferred from Electronic Annotation
Obsolete Evidence Codes
NR: Not Recorded
organelleMarkers
ORG1 ORG2 ORG3 ORG4 ORG5
3 2 3 1 1
organelleMarkers
ORG1 ORG2 ORG3 ORG4 ORG5
5 2 1 1 1
organelleMarkers
ORG1 unknown
3 7
organelleMarkers
ORG1 unknown
2 8
[1] "markers"
[1] "xx"
[1] "markers"
[1] "xx"
[1] "markers"
[1] "xx"
[1] "markers"
# weights: 269
initial value 666.839513
iter 10 value 207.573433
iter 20 value 34.513121
iter 30 value 1.438035
iter 40 value 0.496168
iter 50 value 0.419018
iter 60 value 0.386372
iter 70 value 0.360129
iter 80 value 0.324298
iter 90 value 0.294123
iter 100 value 0.252996
final value 0.252996
stopped after 100 iterations
[1] "xx"
# weights: 269
initial value 666.839513
iter 10 value 207.573433
iter 20 value 34.513121
iter 30 value 1.438035
iter 40 value 0.496168
iter 50 value 0.419018
iter 60 value 0.386372
iter 70 value 0.360129
iter 80 value 0.324298
iter 90 value 0.294123
iter 100 value 0.252996
final value 0.252996
stopped after 100 iterations
[1] "markers"
[1] "xx"
[1] "pd.markers"
Common markers: 0
Unique x markers: 49
Unique y markers: 34
Common unkowns: 11
Unique x unknowns: 40
Unique y unknowns: 66
my
mx ER lumen ER membrane Golgi Mitochondrion PM Plastid Ribosome
ER lumen 14 0 0 0 0 0 0
ER membrane 0 45 0 0 0 0 0
Golgi 0 0 28 0 0 0 0
Mitochondrion 0 0 0 55 0 0 0
PM 0 0 0 0 46 0 0
Plastid 0 0 0 0 0 20 0
Ribosome 0 0 0 0 0 0 19
TGN 0 0 0 0 0 0 0
unknown 0 0 0 0 0 0 0
vacuole 0 0 0 0 0 0 0
my
mx TGN unknown vacuole
ER lumen 0 0 0
ER membrane 0 0 0
Golgi 0 0 0
Mitochondrion 0 0 0
PM 0 0 0
Plastid 0 0 0
Ribosome 0 0 0
TGN 13 0 0
unknown 0 428 0
vacuole 0 0 21
[ FAIL 0 | WARN 5 | SKIP 0 | PASS 132 ]
[ FAIL 0 | WARN 5 | SKIP 0 | PASS 132 ]
>
> proc.time()
user system elapsed
34.759 1.450 36.230
pRoloc.Rcheck/pRoloc-Ex.timings
| name | user | system | elapsed | |
| AnnotationParams-class | 0.153 | 0.040 | 5.154 | |
| ClustDist-class | 0.224 | 0.010 | 0.244 | |
| ClustDistList-class | 0.050 | 0.003 | 0.055 | |
| GenRegRes-class | 0.001 | 0.000 | 0.000 | |
| QSep-class | 0.130 | 0.010 | 0.145 | |
| SpatProtVis-class | 4.094 | 0.080 | 4.206 | |
| addGoAnnotations | 0.011 | 0.002 | 0.013 | |
| addLegend | 0.071 | 0.004 | 0.075 | |
| addMarkers | 0.069 | 0.006 | 0.078 | |
| checkFeatureNamesOverlap | 0.098 | 0.007 | 0.107 | |
| checkFvarOverlap | 0.013 | 0.002 | 0.014 | |
| chi2-methods | 0.001 | 0.000 | 0.001 | |
| classWeights | 0.053 | 0.004 | 0.057 | |
| clustDist | 0.129 | 0.007 | 0.135 | |
| empPvalues | 0.021 | 0.000 | 0.021 | |
| fDataToUnknown | 0.017 | 0.002 | 0.018 | |
| filterBinMSnSet | 0.045 | 0.005 | 0.050 | |
| filterMinMarkers | 0.022 | 0.003 | 0.025 | |
| filterZeroCols | 0.034 | 0.005 | 0.038 | |
| getGOFromFeatures | 0.163 | 0.019 | 0.185 | |
| getMarkerClasses | 0.015 | 0.002 | 0.017 | |
| getMarkers | 0.016 | 0.002 | 0.017 | |
| getPredictions | 0.096 | 0.004 | 0.100 | |
| getStockcol | 0.037 | 0.004 | 0.042 | |
| goIdToTerm | 0.702 | 0.043 | 0.746 | |
| highlightOnPlot | 0.161 | 0.010 | 0.171 | |
| knnClassification | 0.350 | 0.019 | 0.369 | |
| knntlClassification | 0 | 0 | 0 | |
| ksvmClassification | 1.368 | 0.054 | 1.431 | |
| makeGoSet | 0.207 | 0.012 | 0.220 | |
| markerMSnSet | 0.065 | 0.004 | 0.071 | |
| markers | 0.020 | 0.003 | 0.022 | |
| minMarkers | 0.016 | 0.002 | 0.018 | |
| mixing_posterior_check | 0 | 0 | 0 | |
| move2Ds | 0.898 | 0.048 | 0.949 | |
| mrkConsProfiles | 0.062 | 0.003 | 0.066 | |
| mrkHClust | 0.023 | 0.002 | 0.025 | |
| nbClassification | 0.688 | 0.016 | 0.704 | |
| nicheMeans2D | 0 | 0 | 0 | |
| nndist-methods | 0.070 | 0.004 | 0.075 | |
| nnetClassification | 1.915 | 0.008 | 1.924 | |
| orgQuants | 0.060 | 0.002 | 0.062 | |
| pRolocmarkers | 0.010 | 0.005 | 0.016 | |
| perTurboClassification | 3.245 | 0.070 | 3.319 | |
| phenoDisco | 0.000 | 0.000 | 0.001 | |
| plot2D | 1.719 | 0.056 | 1.779 | |
| plot2Ds | 0.135 | 0.019 | 0.162 | |
| plotConsProfiles | 0.124 | 0.003 | 0.131 | |
| plotDist | 0.048 | 0.003 | 0.051 | |
| plsdaClassification | 0 | 0 | 0 | |
| rfClassification | 2.783 | 0.141 | 2.954 | |
| sampleMSnSet | 0.023 | 0.002 | 0.026 | |
| showGOEvidenceCodes | 0.000 | 0.001 | 0.000 | |
| spatial2D | 0 | 0 | 0 | |
| svmClassification | 1.544 | 0.039 | 1.583 | |
| testMSnSet | 0.078 | 0.003 | 0.081 | |
| testMarkers | 0.011 | 0.001 | 0.013 | |
| thetas | 0.002 | 0.002 | 0.003 | |
| zerosInBinMSnSet | 0.956 | 0.047 | 1.007 | |