| Back to Multiple platform build/check report for BioC 3.21: simplified long |
|
This page was generated on 2025-10-16 11:41 -0400 (Thu, 16 Oct 2025).
| Hostname | OS | Arch (*) | R version | Installed pkgs |
|---|---|---|---|---|
| nebbiolo1 | Linux (Ubuntu 24.04.3 LTS) | x86_64 | 4.5.1 (2025-06-13) -- "Great Square Root" | 4833 |
| merida1 | macOS 12.7.6 Monterey | x86_64 | 4.5.1 RC (2025-06-05 r88288) -- "Great Square Root" | 4614 |
| kjohnson1 | macOS 13.7.5 Ventura | arm64 | 4.5.1 Patched (2025-06-14 r88325) -- "Great Square Root" | 4555 |
| kunpeng2 | Linux (openEuler 24.03 LTS) | aarch64 | R Under development (unstable) (2025-02-19 r87757) -- "Unsuffered Consequences" | 4586 |
| Click on any hostname to see more info about the system (e.g. compilers) (*) as reported by 'uname -p', except on Windows and Mac OS X | ||||
| Package 1498/2341 | Hostname | OS / Arch | INSTALL | BUILD | CHECK | BUILD BIN | ||||||||
| oppti 1.22.0 (landing page) Abdulkadir Elmas
| nebbiolo1 | Linux (Ubuntu 24.04.3 LTS) / x86_64 | OK | ERROR | skipped | |||||||||
| merida1 | macOS 12.7.6 Monterey / x86_64 | OK | ERROR | skipped | skipped | |||||||||
| kjohnson1 | macOS 13.7.5 Ventura / arm64 | OK | ERROR | skipped | skipped | |||||||||
| kunpeng2 | Linux (openEuler 24.03 LTS) / aarch64 | OK | ERROR | skipped | ||||||||||
|
To the developers/maintainers of the oppti package: - Allow up to 24 hours (and sometimes 48 hours) for your latest push to git@git.bioconductor.org:packages/oppti.git to reflect on this report. See Troubleshooting Build Report for more information. - Use the following Renviron settings to reproduce errors and warnings. - If 'R CMD check' started to fail recently on the Linux builder(s) over a missing dependency, add the missing dependency to 'Suggests:' in your DESCRIPTION file. See Renviron.bioc for more information. - See Martin Grigorov's blog post for how to debug Linux ARM64 related issues on a x86_64 host. |
| Package: oppti |
| Version: 1.22.0 |
| Command: /home/biocbuild/R/R/bin/R CMD build --keep-empty-dirs --no-resave-data oppti |
| StartedAt: 2025-10-14 03:14:18 -0000 (Tue, 14 Oct 2025) |
| EndedAt: 2025-10-14 03:14:35 -0000 (Tue, 14 Oct 2025) |
| EllapsedTime: 17.0 seconds |
| RetCode: 1 |
| Status: ERROR |
| PackageFile: None |
| PackageFileSize: NA |
##############################################################################
##############################################################################
###
### Running command:
###
### /home/biocbuild/R/R/bin/R CMD build --keep-empty-dirs --no-resave-data oppti
###
##############################################################################
##############################################################################
* checking for file ‘oppti/DESCRIPTION’ ... OK
* preparing ‘oppti’:
* checking DESCRIPTION meta-information ... OK
* installing the package to build vignettes
* creating vignettes ... ERROR
--- re-building ‘analysis.Rmd’ using knitr
*** caught segfault ***
address 0x1200000057, cause 'memory not mapped'
Traceback:
1: parallelDist::parDist(x = dat.mis.ref, method = "euclidean", diag = TRUE, upper = TRUE)
2: artImpute(dat = pan.dat[[i]], ku = ku, miss.pstat = miss.pstat, marker.proc.list = pan.proc.markers[[i]], verbose = verbose)
3: oppti(cohort1.proteomes)
4: eval(expr, envir)
5: eval(expr, envir)
6: withVisible(eval(expr, envir))
7: withCallingHandlers(code, message = function (cnd) { watcher$capture_plot_and_output() if (on_message$capture) { watcher$push(cnd) } if (on_message$silence) { invokeRestart("muffleMessage") }}, warning = function (cnd) { if (getOption("warn") >= 2 || getOption("warn") < 0) { return() } watcher$capture_plot_and_output() if (on_warning$capture) { cnd <- sanitize_call(cnd) watcher$push(cnd) } if (on_warning$silence) { invokeRestart("muffleWarning") }}, error = function (cnd) { watcher$capture_plot_and_output() cnd <- sanitize_call(cnd) watcher$push(cnd) switch(on_error, continue = invokeRestart("eval_continue"), stop = invokeRestart("eval_stop"), error = NULL)})
8: eval(call)
9: eval(call)
10: with_handlers({ for (expr in tle$exprs) { ev <- withVisible(eval(expr, envir)) watcher$capture_plot_and_output() watcher$print_value(ev$value, ev$visible, envir) } TRUE}, handlers)
11: doWithOneRestart(return(expr), restart)
12: withOneRestart(expr, restarts[[1L]])
13: withRestartList(expr, restarts[-nr])
14: doWithOneRestart(return(expr), restart)
15: withOneRestart(withRestartList(expr, restarts[-nr]), restarts[[nr]])
16: withRestartList(expr, restarts)
17: withRestarts(with_handlers({ for (expr in tle$exprs) { ev <- withVisible(eval(expr, envir)) watcher$capture_plot_and_output() watcher$print_value(ev$value, ev$visible, envir) } TRUE}, handlers), eval_continue = function() TRUE, eval_stop = function() FALSE)
18: evaluate::evaluate(...)
19: evaluate(code, envir = env, new_device = FALSE, keep_warning = if (is.numeric(options$warning)) TRUE else options$warning, keep_message = if (is.numeric(options$message)) TRUE else options$message, stop_on_error = if (is.numeric(options$error)) options$error else { if (options$error && options$include) 0L else 2L }, output_handler = knit_handlers(options$render, options))
20: in_dir(input_dir(), expr)
21: in_input_dir(evaluate(code, envir = env, new_device = FALSE, keep_warning = if (is.numeric(options$warning)) TRUE else options$warning, keep_message = if (is.numeric(options$message)) TRUE else options$message, stop_on_error = if (is.numeric(options$error)) options$error else { if (options$error && options$include) 0L else 2L }, output_handler = knit_handlers(options$render, options)))
22: eng_r(options)
23: block_exec(params)
24: call_block(x)
25: process_group(group)
26: withCallingHandlers(if (tangle) process_tangle(group) else process_group(group), error = function(e) { if (progress && is.function(pb$interrupt)) pb$interrupt() if (xfun::pkg_available("rlang", "1.0.0")) { if (is_R_CMD_build() || is_R_CMD_check()) { cnd = tryCatch(rlang::entrace(e), error = identity) error <<- format(cnd) } else { rlang::entrace(e) } } })
27: xfun:::handle_error(withCallingHandlers(if (tangle) process_tangle(group) else process_group(group), error = function(e) { if (progress && is.function(pb$interrupt)) pb$interrupt() if (xfun::pkg_available("rlang", "1.0.0")) { if (is_R_CMD_build() || is_R_CMD_check()) { cnd = tryCatch(rlang::entrace(e), error = identity) error <<- format(cnd) } else { rlang::entrace(e) } } }), function(loc) { setwd(wd) write_utf8(res, output %n% stdout()) paste0("\nQuitting from ", loc, if (!is.null(error)) paste0("\n", rule(), error, "\n", rule()))}, if (labels[i] != "") sprintf(" [%s]", labels[i]), get_loc)
28: process_file(text, output)
29: knit(input, text = text, envir = envir, quiet = quiet)
30: (if (grepl("\\.[Rr]md$", file)) knit2html else if (grepl("\\.[Rr]rst$", file)) knit2pandoc else knit)(file, encoding = encoding, quiet = quiet, envir = globalenv(), ...)
31: engine$weave(file, quiet = quiet, encoding = enc)
32: doTryCatch(return(expr), name, parentenv, handler)
33: tryCatchOne(expr, names, parentenv, handlers[[1L]])
34: tryCatchList(expr, classes, parentenv, handlers)
35: tryCatch({ engine$weave(file, quiet = quiet, encoding = enc) setwd(startdir) output <- find_vignette_product(name, by = "weave", engine = engine) if (!have.makefile && vignette_is_tex(output)) { texi2pdf(file = output, clean = FALSE, quiet = quiet) output <- find_vignette_product(name, by = "texi2pdf", engine = engine) } outputs <- c(outputs, output)}, error = function(e) { thisOK <<- FALSE fails <<- c(fails, file) message(gettextf("Error: processing vignette '%s' failed with diagnostics:\n%s", file, conditionMessage(e)))})
36: tools::buildVignettes(dir = ".", tangle = TRUE)
An irrecoverable exception occurred. R is aborting now ...