| Back to Multiple platform build/check report for BioC 3.22: simplified long |
|
This page was generated on 2025-11-04 12:04 -0500 (Tue, 04 Nov 2025).
| Hostname | OS | Arch (*) | R version | Installed pkgs |
|---|---|---|---|---|
| nebbiolo2 | Linux (Ubuntu 24.04.3 LTS) | x86_64 | 4.5.1 Patched (2025-08-23 r88802) -- "Great Square Root" | 4902 |
| lconway | macOS 12.7.6 Monterey | x86_64 | 4.5.1 Patched (2025-09-10 r88807) -- "Great Square Root" | 4692 |
| kjohnson3 | macOS 13.7.7 Ventura | arm64 | 4.5.1 Patched (2025-09-10 r88807) -- "Great Square Root" | 4638 |
| Click on any hostname to see more info about the system (e.g. compilers) (*) as reported by 'uname -p', except on Windows and Mac OS X | ||||
| Package 1480/2361 | Hostname | OS / Arch | INSTALL | BUILD | CHECK | BUILD BIN | ||||||||
| nucleR 2.42.0 (landing page) Alba Sala
| nebbiolo2 | Linux (Ubuntu 24.04.3 LTS) / x86_64 | OK | OK | WARNINGS | |||||||||
| lconway | macOS 12.7.6 Monterey / x86_64 | OK | OK | WARNINGS | OK | |||||||||
| kjohnson3 | macOS 13.7.7 Ventura / arm64 | OK | OK | WARNINGS | OK | |||||||||
|
To the developers/maintainers of the nucleR package: - Allow up to 24 hours (and sometimes 48 hours) for your latest push to git@git.bioconductor.org:packages/nucleR.git to reflect on this report. See Troubleshooting Build Report for more information. - Use the following Renviron settings to reproduce errors and warnings. - If 'R CMD check' started to fail recently on the Linux builder(s) over a missing dependency, add the missing dependency to 'Suggests:' in your DESCRIPTION file. See Renviron.bioc for more information. |
| Package: nucleR |
| Version: 2.42.0 |
| Command: /Library/Frameworks/R.framework/Resources/bin/R CMD check --install=check:nucleR.install-out.txt --library=/Library/Frameworks/R.framework/Resources/library --no-vignettes --timings nucleR_2.42.0.tar.gz |
| StartedAt: 2025-11-03 23:00:27 -0500 (Mon, 03 Nov 2025) |
| EndedAt: 2025-11-03 23:05:02 -0500 (Mon, 03 Nov 2025) |
| EllapsedTime: 275.0 seconds |
| RetCode: 0 |
| Status: WARNINGS |
| CheckDir: nucleR.Rcheck |
| Warnings: 1 |
##############################################################################
##############################################################################
###
### Running command:
###
### /Library/Frameworks/R.framework/Resources/bin/R CMD check --install=check:nucleR.install-out.txt --library=/Library/Frameworks/R.framework/Resources/library --no-vignettes --timings nucleR_2.42.0.tar.gz
###
##############################################################################
##############################################################################
* using log directory ‘/Users/biocbuild/bbs-3.22-bioc/meat/nucleR.Rcheck’
* using R version 4.5.1 Patched (2025-09-10 r88807)
* using platform: x86_64-apple-darwin20
* R was compiled by
Apple clang version 14.0.0 (clang-1400.0.29.202)
GNU Fortran (GCC) 14.2.0
* running under: macOS Monterey 12.7.6
* using session charset: UTF-8
* using option ‘--no-vignettes’
* checking for file ‘nucleR/DESCRIPTION’ ... OK
* checking extension type ... Package
* this is package ‘nucleR’ version ‘2.42.0’
* package encoding: UTF-8
* checking package namespace information ... OK
* checking package dependencies ... OK
* checking if this is a source package ... OK
* checking if there is a namespace ... OK
* checking for hidden files and directories ... OK
* checking for portable file names ... OK
* checking for sufficient/correct file permissions ... OK
* checking whether package ‘nucleR’ can be installed ... OK
* checking installed package size ... OK
* checking package directory ... OK
* checking ‘build’ directory ... OK
* checking DESCRIPTION meta-information ... OK
* checking top-level files ... OK
* checking for left-over files ... OK
* checking index information ... OK
* checking package subdirectories ... OK
* checking code files for non-ASCII characters ... OK
* checking R files for syntax errors ... OK
* checking whether the package can be loaded ... OK
* checking whether the package can be loaded with stated dependencies ... OK
* checking whether the package can be unloaded cleanly ... OK
* checking whether the namespace can be loaded with stated dependencies ... OK
* checking whether the namespace can be unloaded cleanly ... OK
* checking dependencies in R code ... OK
* checking S3 generic/method consistency ... OK
* checking replacement functions ... OK
* checking foreign function calls ... OK
* checking R code for possible problems ... OK
* checking Rd files ... OK
* checking Rd metadata ... OK
* checking Rd cross-references ... NOTE
Unknown package ‘Starr’ in Rd xrefs
* checking for missing documentation entries ... OK
* checking for code/documentation mismatches ... OK
* checking Rd \usage sections ... WARNING
Undocumented arguments in Rd file 'dot-fftRegion.Rd'
‘data2’ ‘pcKeepComp’
Undocumented arguments in Rd file 'dot-loadFiles.Rd'
‘singleLoad’ ‘pairedLoad’
Undocumented arguments in Rd file 'dot-loadPairedBam.Rd'
‘file’
Undocumented arguments in Rd file 'dot-loadSingleBam.Rd'
‘exp’
Undocumented arguments in Rd file 'dot-mid.Rd'
‘x’
Undocumented arguments in Rd file 'dot-unlist_as_integer.Rd'
‘x’
Undocumented arguments in Rd file 'dot-xlapply.Rd'
‘X’ ‘FUN’ ‘...’ ‘mc.cores’
Documented arguments not in \usage in Rd file 'pcKeepCompDetect.Rd':
‘...’
Functions with \usage entries need to have the appropriate \alias
entries, and all their arguments documented.
The \usage entries must correspond to syntactically valid R code.
See chapter ‘Writing R documentation files’ in the ‘Writing R
Extensions’ manual.
* checking Rd contents ... OK
* checking for unstated dependencies in examples ... OK
* checking contents of ‘data’ directory ... OK
* checking data for non-ASCII characters ... OK
* checking data for ASCII and uncompressed saves ... OK
* checking files in ‘vignettes’ ... OK
* checking examples ... OK
Examples with CPU (user + system) or elapsed time > 5s
user system elapsed
syntheticNucMap 8.731 0.196 8.999
* checking for unstated dependencies in ‘tests’ ... OK
* checking tests ...
Running ‘testthat.R’
OK
* checking for unstated dependencies in vignettes ... OK
* checking package vignettes ... OK
* checking running R code from vignettes ... SKIPPED
* checking re-building of vignette outputs ... SKIPPED
* checking PDF version of manual ... OK
* DONE
Status: 1 WARNING, 1 NOTE
See
‘/Users/biocbuild/bbs-3.22-bioc/meat/nucleR.Rcheck/00check.log’
for details.
nucleR.Rcheck/00install.out
############################################################################## ############################################################################## ### ### Running command: ### ### /Library/Frameworks/R.framework/Resources/bin/R CMD INSTALL nucleR ### ############################################################################## ############################################################################## * installing to library ‘/Library/Frameworks/R.framework/Versions/4.5-x86_64/Resources/library’ * installing *source* package ‘nucleR’ ... ** this is package ‘nucleR’ version ‘2.42.0’ ** using staged installation ** R ** data ** inst ** byte-compile and prepare package for lazy loading Loading required package: usethis Welcome at Mon Nov 3 15:47:20 2025 Goodbye at Mon Nov 3 15:47:36 2025 ** help *** installing help indices ** building package indices Loading required package: usethis Welcome at Mon Nov 3 15:47:37 2025 Goodbye at Mon Nov 3 15:47:38 2025 ** installing vignettes ** testing if installed package can be loaded from temporary location Loading required package: usethis Welcome at Mon Nov 3 15:47:39 2025 Goodbye at Mon Nov 3 15:47:52 2025 ** testing if installed package can be loaded from final location Loading required package: usethis Welcome at Mon Nov 3 15:47:54 2025 Goodbye at Mon Nov 3 15:48:07 2025 ** testing if installed package keeps a record of temporary installation path * DONE (nucleR)
nucleR.Rcheck/tests/testthat.Rout
R version 4.5.1 Patched (2025-09-10 r88807) -- "Great Square Root"
Copyright (C) 2025 The R Foundation for Statistical Computing
Platform: x86_64-apple-darwin20
R is free software and comes with ABSOLUTELY NO WARRANTY.
You are welcome to redistribute it under certain conditions.
Type 'license()' or 'licence()' for distribution details.
R is a collaborative project with many contributors.
Type 'contributors()' for more information and
'citation()' on how to cite R or R packages in publications.
Type 'demo()' for some demos, 'help()' for on-line help, or
'help.start()' for an HTML browser interface to help.
Type 'q()' to quit R.
> library(testthat)
> library(nucleR)
>
> test_check("nucleR")
[ FAIL 0 | WARN 0 | SKIP 0 | PASS 2 ]
>
> proc.time()
user system elapsed
11.311 0.590 11.998
nucleR.Rcheck/nucleR-Ex.timings
| name | user | system | elapsed | |
| controlCorrection | 0.088 | 0.009 | 0.098 | |
| coverage.rpm | 0.484 | 0.035 | 0.521 | |
| export.bed | 0.208 | 0.013 | 0.224 | |
| export.wig | 0.045 | 0.075 | 0.120 | |
| filterFFT | 1.644 | 0.026 | 1.678 | |
| fragmentLenDetect | 0.563 | 0.043 | 0.610 | |
| mergeCalls | 0.785 | 0.028 | 0.820 | |
| nucleR-package | 2.119 | 0.058 | 2.190 | |
| pcKeepCompDetect | 0.402 | 0.008 | 0.411 | |
| peakDetection | 1.866 | 0.032 | 1.908 | |
| peakScoring | 0.569 | 0.016 | 0.588 | |
| plotPeaks | 2.165 | 0.037 | 2.210 | |
| processReads | 0.405 | 0.015 | 0.422 | |
| processTilingArray | 0.000 | 0.001 | 0.001 | |
| readBAM | 0.133 | 0.005 | 0.138 | |
| syntheticNucMap | 8.731 | 0.196 | 8.999 | |