| Back to Multiple platform build/check report for BioC 3.22: simplified long |
|
This page was generated on 2025-11-20 12:05 -0500 (Thu, 20 Nov 2025).
| Hostname | OS | Arch (*) | R version | Installed pkgs |
|---|---|---|---|---|
| nebbiolo2 | Linux (Ubuntu 24.04.3 LTS) | x86_64 | 4.5.2 (2025-10-31) -- "[Not] Part in a Rumble" | 4615 |
| merida1 | macOS 12.7.6 Monterey | x86_64 | 4.5.2 Patched (2025-11-05 r88990) -- "[Not] Part in a Rumble" | 4610 |
| kjohnson1 | macOS 13.7.5 Ventura | arm64 | 4.5.2 Patched (2025-11-04 r88984) -- "[Not] Part in a Rumble" | 4598 |
| taishan | Linux (openEuler 24.03 LTS) | aarch64 | 4.5.0 (2025-04-11) -- "How About a Twenty-Six" | 4668 |
| Click on any hostname to see more info about the system (e.g. compilers) (*) as reported by 'uname -p', except on Windows and Mac OS X | ||||
| Package 1306/2361 | Hostname | OS / Arch | INSTALL | BUILD | CHECK | BUILD BIN | ||||||||
| mina 1.18.0 (landing page) Rui Guan
| nebbiolo2 | Linux (Ubuntu 24.04.3 LTS) / x86_64 | OK | OK | WARNINGS | |||||||||
| merida1 | macOS 12.7.6 Monterey / x86_64 | OK | OK | WARNINGS | OK | |||||||||
| kjohnson1 | macOS 13.7.5 Ventura / arm64 | OK | OK | WARNINGS | OK | |||||||||
| taishan | Linux (openEuler 24.03 LTS) / aarch64 | OK | ERROR | skipped | ||||||||||
|
To the developers/maintainers of the mina package: - Allow up to 24 hours (and sometimes 48 hours) for your latest push to git@git.bioconductor.org:packages/mina.git to reflect on this report. See Troubleshooting Build Report for more information. - Use the following Renviron settings to reproduce errors and warnings. - If 'R CMD check' started to fail recently on the Linux builder(s) over a missing dependency, add the missing dependency to 'Suggests:' in your DESCRIPTION file. See Renviron.bioc for more information. |
| Package: mina |
| Version: 1.18.0 |
| Command: /Library/Frameworks/R.framework/Resources/bin/R CMD check --install=check:mina.install-out.txt --library=/Library/Frameworks/R.framework/Resources/library --no-vignettes --timings mina_1.18.0.tar.gz |
| StartedAt: 2025-11-18 10:21:00 -0500 (Tue, 18 Nov 2025) |
| EndedAt: 2025-11-18 10:28:22 -0500 (Tue, 18 Nov 2025) |
| EllapsedTime: 441.6 seconds |
| RetCode: 0 |
| Status: WARNINGS |
| CheckDir: mina.Rcheck |
| Warnings: 1 |
##############################################################################
##############################################################################
###
### Running command:
###
### /Library/Frameworks/R.framework/Resources/bin/R CMD check --install=check:mina.install-out.txt --library=/Library/Frameworks/R.framework/Resources/library --no-vignettes --timings mina_1.18.0.tar.gz
###
##############################################################################
##############################################################################
* using log directory ‘/Users/biocbuild/bbs-3.22-bioc/meat/mina.Rcheck’
* using R version 4.5.2 Patched (2025-11-05 r88990)
* using platform: x86_64-apple-darwin20
* R was compiled by
Apple clang version 14.0.0 (clang-1400.0.29.202)
GNU Fortran (GCC) 14.2.0
* running under: macOS Monterey 12.7.6
* using session charset: UTF-8
* using option ‘--no-vignettes’
* checking for file ‘mina/DESCRIPTION’ ... OK
* this is package ‘mina’ version ‘1.18.0’
* package encoding: UTF-8
* checking package namespace information ... OK
* checking package dependencies ... OK
* checking if this is a source package ... OK
* checking if there is a namespace ... OK
* checking for hidden files and directories ... OK
* checking for portable file names ... OK
* checking for sufficient/correct file permissions ... OK
* checking whether package ‘mina’ can be installed ... OK
* used C++ compiler: ‘Apple clang version 14.0.0 (clang-1400.0.29.202)’
* used SDK: ‘MacOSX11.3.1.sdk’
* checking installed package size ... INFO
installed size is 8.2Mb
sub-directories of 1Mb or more:
data 7.6Mb
* checking package directory ... OK
* checking ‘build’ directory ... OK
* checking DESCRIPTION meta-information ... OK
* checking top-level files ... OK
* checking for left-over files ... OK
* checking index information ... OK
* checking package subdirectories ... OK
* checking code files for non-ASCII characters ... OK
* checking R files for syntax errors ... OK
* checking whether the package can be loaded ... OK
* checking whether the package can be loaded with stated dependencies ... OK
* checking whether the package can be unloaded cleanly ... OK
* checking whether the namespace can be loaded with stated dependencies ... OK
* checking whether the namespace can be unloaded cleanly ... OK
* checking dependencies in R code ... OK
* checking S3 generic/method consistency ... OK
* checking replacement functions ... OK
* checking foreign function calls ... OK
* checking R code for possible problems ... NOTE
sparcc: no visible binding for global variable ‘i’
net_dis_pcoa,character: no visible binding for global variable ‘y’
net_dis_pcoa,character: no visible binding for global variable ‘Group’
net_dis_plot,mina: no visible binding for global variable ‘Group1’
net_dis_plot,mina: no visible binding for global variable ‘Group2’
net_dis_plot,mina: no visible binding for global variable ‘Distance’
net_dis_plot,mina: no visible binding for global variable ‘Sig’
Undefined global functions or variables:
Distance Group Group1 Group2 Sig i y
* checking Rd files ... NOTE
checkRd: (-1) re_format_AP.Rd:10: Lost braces; missing escapes or markup?
10 | \item{x}{an {APResult} object from \pkg{apcluster}.}
| ^
* checking Rd metadata ... OK
* checking Rd cross-references ... OK
* checking for missing documentation entries ... OK
* checking for code/documentation mismatches ... OK
* checking Rd \usage sections ... OK
* checking Rd contents ... OK
* checking for unstated dependencies in examples ... OK
* checking contents of ‘data’ directory ... OK
* checking data for non-ASCII characters ... OK
* checking LazyData ... WARNING
LazyData DB of 7.6 MB without LazyDataCompression set
See §1.1.6 of 'Writing R Extensions'
* checking data for ASCII and uncompressed saves ... OK
* checking line endings in C/C++/Fortran sources/headers ... OK
* checking compiled code ... NOTE
Note: information on .o files is not available
* checking files in ‘vignettes’ ... OK
* checking examples ... OK
Examples with CPU (user + system) or elapsed time > 5s
user system elapsed
net_dis_plot 51.138 8.247 55.546
net_cls-mina 31.320 0.478 33.274
net_dis-mina 26.062 4.393 30.354
com_plot-mina 21.201 4.052 4.664
dis_stat_accessor 20.482 2.938 21.944
bs_pm-mina 12.363 1.451 12.558
net_cls 11.208 0.424 12.283
net_cls-matrix 10.633 0.270 11.386
get_net_cls_tab 7.437 0.352 7.649
get_net_cls_tab-matrix-data.frame-method 7.111 0.467 7.827
net_cls_tab 7.097 0.354 8.633
* checking for unstated dependencies in vignettes ... OK
* checking package vignettes ... OK
* checking running R code from vignettes ... SKIPPED
* checking re-building of vignette outputs ... SKIPPED
* checking PDF version of manual ... OK
* DONE
Status: 1 WARNING, 3 NOTEs
See
‘/Users/biocbuild/bbs-3.22-bioc/meat/mina.Rcheck/00check.log’
for details.
mina.Rcheck/00install.out
############################################################################## ############################################################################## ### ### Running command: ### ### /Library/Frameworks/R.framework/Resources/bin/R CMD INSTALL mina ### ############################################################################## ############################################################################## * installing to library ‘/Library/Frameworks/R.framework/Versions/4.5-x86_64/Resources/library’ * installing *source* package ‘mina’ ... ** this is package ‘mina’ version ‘1.18.0’ ** using staged installation ** libs using C++ compiler: ‘Apple clang version 14.0.0 (clang-1400.0.29.202)’ using SDK: ‘MacOSX11.3.1.sdk’ clang++ -arch x86_64 -std=gnu++17 -I"/Library/Frameworks/R.framework/Resources/include" -DNDEBUG -I'/Library/Frameworks/R.framework/Versions/4.5-x86_64/Resources/library/Rcpp/include' -I'/Library/Frameworks/R.framework/Versions/4.5-x86_64/Resources/library/RcppParallel/include' -I'/Library/Frameworks/R.framework/Versions/4.5-x86_64/Resources/library/RcppArmadillo/include' -I/opt/R/x86_64/include -fPIC -falign-functions=64 -Wall -g -O2 -c RcppExports.cpp -o RcppExports.o clang++ -arch x86_64 -std=gnu++17 -I"/Library/Frameworks/R.framework/Resources/include" -DNDEBUG -I'/Library/Frameworks/R.framework/Versions/4.5-x86_64/Resources/library/Rcpp/include' -I'/Library/Frameworks/R.framework/Versions/4.5-x86_64/Resources/library/RcppParallel/include' -I'/Library/Frameworks/R.framework/Versions/4.5-x86_64/Resources/library/RcppArmadillo/include' -I/opt/R/x86_64/include -fPIC -falign-functions=64 -Wall -g -O2 -c cp_cor.cpp -o cp_cor.o clang++ -arch x86_64 -std=gnu++17 -dynamiclib -Wl,-headerpad_max_install_names -undefined dynamic_lookup -L/Library/Frameworks/R.framework/Resources/lib -L/opt/R/x86_64/lib -o mina.so RcppExports.o cp_cor.o -F/Library/Frameworks/R.framework/.. -framework R installing to /Library/Frameworks/R.framework/Versions/4.5-x86_64/Resources/library/00LOCK-mina/00new/mina/libs ** R ** data *** moving datasets to lazyload DB ** byte-compile and prepare package for lazy loading Creating a new generic function for ‘norm’ in package ‘mina’ ** help *** installing help indices ** building package indices ** installing vignettes ** testing if installed package can be loaded from temporary location ** checking absolute paths in shared objects and dynamic libraries ** testing if installed package can be loaded from final location ** testing if installed package keeps a record of temporary installation path * DONE (mina)
mina.Rcheck/mina-Ex.timings
| name | user | system | elapsed | |
| adj-matrix | 0.827 | 0.055 | 0.680 | |
| adj-mina | 1.277 | 0.065 | 1.153 | |
| adj | 1.195 | 0.042 | 1.065 | |
| adj_method_list | 0.128 | 0.076 | 0.232 | |
| bs_pm-mina | 12.363 | 1.451 | 12.558 | |
| bs_pm | 2.619 | 0.331 | 2.994 | |
| check_mina | 0.088 | 0.045 | 0.140 | |
| check_mina_de | 0.081 | 0.035 | 0.135 | |
| check_mina_qu | 0.080 | 0.033 | 0.121 | |
| cls_tab | 0.083 | 0.058 | 0.161 | |
| com_dis-matrix | 1.791 | 0.019 | 0.561 | |
| com_dis-mina | 1.080 | 0.013 | 0.193 | |
| com_dis | 1.756 | 0.026 | 0.509 | |
| com_dis_list | 0.209 | 0.068 | 0.303 | |
| com_plot-mina | 21.201 | 4.052 | 4.664 | |
| com_plot | 0.417 | 0.036 | 0.463 | |
| com_r2-mina | 2.209 | 0.032 | 0.971 | |
| com_r2 | 1.269 | 0.153 | 0.941 | |
| data-hmp | 0.002 | 0.002 | 0.005 | |
| data-maize | 0.001 | 0.002 | 0.003 | |
| des_accessor | 0.005 | 0.002 | 0.008 | |
| dis_accessor | 1.023 | 0.012 | 0.155 | |
| dis_stat_accessor | 20.482 | 2.938 | 21.944 | |
| dmr-matrix | 1.888 | 0.020 | 0.621 | |
| dmr-mina | 1.657 | 0.092 | 0.791 | |
| dmr | 1.821 | 0.025 | 0.640 | |
| dmr_accessor | 1.733 | 0.054 | 0.715 | |
| fit_tabs-mina | 1.018 | 0.228 | 1.259 | |
| fit_tabs | 1.659 | 0.304 | 1.967 | |
| get_net_cls_tab-matrix-data.frame-method | 7.111 | 0.467 | 7.827 | |
| get_net_cls_tab | 7.437 | 0.352 | 7.649 | |
| get_r2-mat | 2.131 | 0.036 | 0.904 | |
| get_r2 | 2.164 | 0.035 | 0.920 | |
| get_rep-matrix | 0.411 | 0.013 | 0.466 | |
| get_rep-mima | 1.110 | 0.111 | 1.323 | |
| hmp_des | 0.001 | 0.002 | 0.003 | |
| hmp_otu | 0.001 | 0.002 | 0.004 | |
| maize_asv | 0.002 | 0.002 | 0.004 | |
| maize_asv2 | 0.001 | 0.002 | 0.003 | |
| maize_des | 0.001 | 0.002 | 0.003 | |
| maize_des2 | 0.001 | 0.002 | 0.003 | |
| mina-class | 0.002 | 0.000 | 0.002 | |
| net_cls-matrix | 10.633 | 0.270 | 11.386 | |
| net_cls-mina | 31.320 | 0.478 | 33.274 | |
| net_cls | 11.208 | 0.424 | 12.283 | |
| net_cls_tab-mina-method | 2.781 | 0.046 | 3.067 | |
| net_cls_tab | 7.097 | 0.354 | 8.633 | |
| net_dis-mina | 26.062 | 4.393 | 30.354 | |
| net_dis | 2.528 | 0.510 | 3.122 | |
| net_dis_indi | 0.000 | 0.001 | 0.002 | |
| net_dis_pcoa | 0.001 | 0.001 | 0.006 | |
| net_dis_plot | 51.138 | 8.247 | 55.546 | |
| net_grp_cmp | 0.000 | 0.001 | 0.001 | |
| net_node_cmp | 0.000 | 0.001 | 0.001 | |
| norm_accessor | 0.050 | 0.001 | 0.054 | |
| norm_tab-matrix | 1.186 | 0.012 | 1.276 | |
| norm_tab-mina | 1.167 | 0.075 | 1.301 | |
| norm_tab | 0.051 | 0.001 | 0.052 | |
| norm_tab_method_list | 0.103 | 0.042 | 0.149 | |
| pcoa_plot | 4.059 | 0.074 | 2.018 | |
| sim_par | 0.001 | 0.002 | 0.001 | |
| sparcc | 0.000 | 0.000 | 0.001 | |
| tab_accessor | 0.001 | 0.002 | 0.002 | |
| tina-matrix-method | 0.000 | 0.001 | 0.001 | |
| tina | 0.000 | 0.001 | 0.001 | |