Back to Multiple platform build/check report for BioC 3.22:   simplified   long
ABCDEFGHIJKL[M]NOPQRSTUVWXYZ

This page was generated on 2025-11-20 12:05 -0500 (Thu, 20 Nov 2025).

HostnameOSArch (*)R versionInstalled pkgs
nebbiolo2Linux (Ubuntu 24.04.3 LTS)x86_644.5.2 (2025-10-31) -- "[Not] Part in a Rumble" 4615
merida1macOS 12.7.6 Montereyx86_644.5.2 Patched (2025-11-05 r88990) -- "[Not] Part in a Rumble" 4610
kjohnson1macOS 13.7.5 Venturaarm644.5.2 Patched (2025-11-04 r88984) -- "[Not] Part in a Rumble" 4598
taishanLinux (openEuler 24.03 LTS)aarch644.5.0 (2025-04-11) -- "How About a Twenty-Six" 4668
Click on any hostname to see more info about the system (e.g. compilers)      (*) as reported by 'uname -p', except on Windows and Mac OS X

Package 1283/2361HostnameOS / ArchINSTALLBUILDCHECKBUILD BIN
mfa 1.32.0  (landing page)
Kieran Campbell
Snapshot Date: 2025-11-17 13:45 -0500 (Mon, 17 Nov 2025)
git_url: https://git.bioconductor.org/packages/mfa
git_branch: RELEASE_3_22
git_last_commit: 739de2b
git_last_commit_date: 2025-10-29 10:39:09 -0500 (Wed, 29 Oct 2025)
nebbiolo2Linux (Ubuntu 24.04.3 LTS) / x86_64  OK    ERROR  skipped
merida1macOS 12.7.6 Monterey / x86_64  OK    ERROR  skippedskipped
kjohnson1macOS 13.7.5 Ventura / arm64  OK    ERROR  skippedskipped
taishanLinux (openEuler 24.03 LTS) / aarch64  OK    ERROR  skipped


BUILD results for mfa on merida1

To the developers/maintainers of the mfa package:
- Allow up to 24 hours (and sometimes 48 hours) for your latest push to git@git.bioconductor.org:packages/mfa.git to reflect on this report. See Troubleshooting Build Report for more information.
- Use the following Renviron settings to reproduce errors and warnings.
- If 'R CMD check' started to fail recently on the Linux builder(s) over a missing dependency, add the missing dependency to 'Suggests:' in your DESCRIPTION file. See Renviron.bioc for more information.

raw results


Summary

Package: mfa
Version: 1.32.0
Command: /Library/Frameworks/R.framework/Resources/bin/R CMD build --keep-empty-dirs --no-resave-data mfa
StartedAt: 2025-11-18 00:00:23 -0500 (Tue, 18 Nov 2025)
EndedAt: 2025-11-18 00:01:19 -0500 (Tue, 18 Nov 2025)
EllapsedTime: 56.2 seconds
RetCode: 1
Status:   ERROR  
PackageFile: None
PackageFileSize: NA

Command output

##############################################################################
##############################################################################
###
### Running command:
###
###   /Library/Frameworks/R.framework/Resources/bin/R CMD build --keep-empty-dirs --no-resave-data mfa
###
##############################################################################
##############################################################################


* checking for file ‘mfa/DESCRIPTION’ ... OK
* preparing ‘mfa’:
* checking DESCRIPTION meta-information ... OK
* cleaning src
* installing the package to build vignettes
* creating vignettes ... ERROR
--- re-building ‘introduction_to_mfa.Rmd’ using rmarkdown
2025-11-18 00:01:06.920 R[38544:23333382] XType: com.apple.fonts is not accessible.
2025-11-18 00:01:06.921 R[38544:23333382] XType: XTFontStaticRegistry is enabled.

Quitting from introduction_to_mfa.Rmd:94-97 [diagnostics]
~~~~~~~~~~~~~~~~~~~~~~~~~~~~~~~~~~~~~~~~~~~~~~~~~~~~~~~~~~~~~~~~~~~~~~~~~~~~~~~~
NULL
~~~~~~~~~~~~~~~~~~~~~~~~~~~~~~~~~~~~~~~~~~~~~~~~~~~~~~~~~~~~~~~~~~~~~~~~~~~~~~~~

Error: processing vignette 'introduction_to_mfa.Rmd' failed with diagnostics:
Problem while computing stat.
ℹ Error occurred in the 2nd layer.
Caused by error in `get()`:
! object 'LOESS' of mode 'function' was not found
--- failed re-building ‘introduction_to_mfa.Rmd’

SUMMARY: processing the following file failed:
  ‘introduction_to_mfa.Rmd’

Error: Vignette re-building failed.
Execution halted