Back to Multiple platform build/check report for BioC 3.21: simplified long |
|
This page was generated on 2025-05-12 11:47 -0400 (Mon, 12 May 2025).
Hostname | OS | Arch (*) | R version | Installed pkgs |
---|---|---|---|---|
nebbiolo1 | Linux (Ubuntu 24.04.1 LTS) | x86_64 | 4.5.0 RC (2025-04-04 r88126) -- "How About a Twenty-Six" | 4833 |
palomino7 | Windows Server 2022 Datacenter | x64 | 4.5.0 RC (2025-04-04 r88126 ucrt) -- "How About a Twenty-Six" | 4575 |
merida1 | macOS 12.7.5 Monterey | x86_64 | 4.5.0 RC (2025-04-04 r88126) -- "How About a Twenty-Six" | 4600 |
kjohnson1 | macOS 13.6.6 Ventura | arm64 | 4.5.0 RC (2025-04-04 r88129) -- "How About a Twenty-Six" | 4554 |
kunpeng2 | Linux (openEuler 24.03 LTS) | aarch64 | R Under development (unstable) (2025-02-19 r87757) -- "Unsuffered Consequences" | 4571 |
Click on any hostname to see more info about the system (e.g. compilers) (*) as reported by 'uname -p', except on Windows and Mac OS X |
Package 1259/2341 | Hostname | OS / Arch | INSTALL | BUILD | CHECK | BUILD BIN | ||||||||
methylPipe 1.42.1 (landing page) Mattia Furlan
| nebbiolo1 | Linux (Ubuntu 24.04.1 LTS) / x86_64 | OK | OK | ERROR | |||||||||
palomino7 | Windows Server 2022 Datacenter / x64 | OK | OK | WARNINGS | OK | ![]() | ||||||||
merida1 | macOS 12.7.5 Monterey / x86_64 | OK | OK | WARNINGS | OK | ![]() | ||||||||
kjohnson1 | macOS 13.6.6 Ventura / arm64 | OK | OK | WARNINGS | OK | ![]() | ||||||||
kunpeng2 | Linux (openEuler 24.03 LTS) / aarch64 | OK | OK | WARNINGS | ||||||||||
To the developers/maintainers of the methylPipe package: - Allow up to 24 hours (and sometimes 48 hours) for your latest push to git@git.bioconductor.org:packages/methylPipe.git to reflect on this report. See Troubleshooting Build Report for more information. - Use the following Renviron settings to reproduce errors and warnings. - If 'R CMD check' started to fail recently on the Linux builder(s) over a missing dependency, add the missing dependency to 'Suggests:' in your DESCRIPTION file. See Renviron.bioc for more information. - See Martin Grigorov's blog post for how to debug Linux ARM64 related issues on a x86_64 host. |
Package: methylPipe |
Version: 1.42.1 |
Command: /home/biocbuild/R/R/bin/R CMD check --install=check:methylPipe.install-out.txt --library=/home/biocbuild/R/R/site-library --no-vignettes --timings methylPipe_1.42.1.tar.gz |
StartedAt: 2025-05-09 10:42:22 -0000 (Fri, 09 May 2025) |
EndedAt: 2025-05-09 10:52:54 -0000 (Fri, 09 May 2025) |
EllapsedTime: 632.7 seconds |
RetCode: 0 |
Status: WARNINGS |
CheckDir: methylPipe.Rcheck |
Warnings: 2 |
############################################################################## ############################################################################## ### ### Running command: ### ### /home/biocbuild/R/R/bin/R CMD check --install=check:methylPipe.install-out.txt --library=/home/biocbuild/R/R/site-library --no-vignettes --timings methylPipe_1.42.1.tar.gz ### ############################################################################## ############################################################################## * using log directory ‘/home/biocbuild/bbs-3.21-bioc/meat/methylPipe.Rcheck’ * using R Under development (unstable) (2025-02-19 r87757) * using platform: aarch64-unknown-linux-gnu * R was compiled by aarch64-unknown-linux-gnu-gcc (GCC) 14.2.0 GNU Fortran (GCC) 14.2.0 * running under: openEuler 24.03 (LTS-SP1) * using session charset: UTF-8 * using option ‘--no-vignettes’ * checking for file ‘methylPipe/DESCRIPTION’ ... OK * checking extension type ... Package * this is package ‘methylPipe’ version ‘1.42.1’ * checking package namespace information ... OK * checking package dependencies ... OK * checking if this is a source package ... OK * checking if there is a namespace ... OK * checking for hidden files and directories ... OK * checking for portable file names ... OK * checking for sufficient/correct file permissions ... OK * checking whether package ‘methylPipe’ can be installed ... OK * used C compiler: ‘aarch64-unknown-linux-gnu-gcc (GCC) 14.2.0’ * checking installed package size ... OK * checking package directory ... OK * checking ‘build’ directory ... OK * checking DESCRIPTION meta-information ... OK * checking top-level files ... OK * checking for left-over files ... OK * checking index information ... OK * checking package subdirectories ... OK * checking code files for non-ASCII characters ... OK * checking R files for syntax errors ... OK * checking whether the package can be loaded ... OK * checking whether the package can be loaded with stated dependencies ... OK * checking whether the package can be unloaded cleanly ... OK * checking whether the namespace can be loaded with stated dependencies ... OK * checking whether the namespace can be unloaded cleanly ... OK * checking loading without being on the library search path ... OK * checking whether startup messages can be suppressed ... OK * checking dependencies in R code ... OK * checking S3 generic/method consistency ... OK * checking replacement functions ... OK * checking foreign function calls ... OK * checking R code for possible problems ... NOTE findPMDs,BSdata : PMDchr: no visible global function definition for 'segmentPMDs' show,BSdata: no visible global function definition for 'organism' show,BSdataSet: no visible global function definition for 'organism' Undefined global functions or variables: organism segmentPMDs * checking Rd files ... OK * checking Rd metadata ... OK * checking Rd cross-references ... NOTE Found the following Rd file(s) with Rd \link{} targets missing package anchors: BSdata-class.Rd: GRanges GEcollection-class.Rd: RangedSummarizedExperiment, GRanges consolidateDMRs.Rd: GRanges extractBinGRanges.Rd: GRanges findDMR.Rd: GRanges getCpos.Rd: GRanges, DNAString getCposDensity.Rd: GRanges mapBSdata2GRanges.Rd: GRanges meth.call.Rd: GRanges plotMeth.Rd: GRanges, GRangesList process.hmc.Rd: GRanges, coverage, GenomicRanges profileDNAmetBin.Rd: GRanges Please provide package anchors for all Rd \link{} targets not in the package itself and the base packages. * checking for missing documentation entries ... WARNING Undocumented S4 methods: generic '[' and siglist 'BSdataSet,ANY,ANY,ANY' generic '[' and siglist 'GElist,ANY,ANY,ANY' generic '[[<-' and siglist 'BSdataSet,ANY,ANY,ANY' generic '[[<-' and siglist 'GElist,ANY,ANY,ANY' All user-level objects in a package (including S4 classes and methods) should have documentation entries. See chapter ‘Writing R documentation files’ in the ‘Writing R Extensions’ manual. * checking for code/documentation mismatches ... OK * checking Rd \usage sections ... OK * checking Rd contents ... OK * checking for unstated dependencies in examples ... OK * checking line endings in C/C++/Fortran sources/headers ... OK * checking compiled code ... NOTE Note: information on .o files is not available * checking files in ‘vignettes’ ... OK * checking examples ... WARNING Found the following significant warnings: Warning: working directory was changed to '/home/biocbuild/tmp/RtmpfhyeZr', resetting Examples with CPU (user + system) or elapsed time > 5s user system elapsed plotMeth 28.270 1.434 37.954 findDMR 1.201 0.418 42.990 methstats 1.113 0.154 29.356 findPMDs 0.188 0.068 29.693 * checking for unstated dependencies in vignettes ... OK * checking package vignettes ... OK * checking running R code from vignettes ... SKIPPED * checking re-building of vignette outputs ... SKIPPED * checking PDF version of manual ... OK * DONE Status: 2 WARNINGs, 3 NOTEs See ‘/home/biocbuild/bbs-3.21-bioc/meat/methylPipe.Rcheck/00check.log’ for details.
methylPipe.Rcheck/00install.out
############################################################################## ############################################################################## ### ### Running command: ### ### /home/biocbuild/R/R/bin/R CMD INSTALL methylPipe ### ############################################################################## ############################################################################## * installing to library ‘/home/biocbuild/R/R-devel_2025-02-19/site-library’ * installing *source* package ‘methylPipe’ ... ** this is package ‘methylPipe’ version ‘1.42.1’ ** using staged installation ** libs using C compiler: ‘aarch64-unknown-linux-gnu-gcc (GCC) 14.2.0’ /opt/ohpc/pub/compiler/gcc/14.2.0/bin/aarch64-unknown-linux-gnu-gcc -std=gnu23 -I"/home/biocbuild/R/R/include" -DNDEBUG -I/usr/local/include -fPIC -g -O2 -Wall -Werror=format-security -c R_init_methylPipe.c -o R_init_methylPipe.o /opt/ohpc/pub/compiler/gcc/14.2.0/bin/aarch64-unknown-linux-gnu-gcc -std=gnu23 -I"/home/biocbuild/R/R/include" -DNDEBUG -I/usr/local/include -fPIC -g -O2 -Wall -Werror=format-security -c binning.c -o binning.o /opt/ohpc/pub/compiler/gcc/14.2.0/bin/aarch64-unknown-linux-gnu-gcc -std=gnu23 -shared -L/home/biocbuild/R/R/lib -L/usr/local/lib -o methylPipe.so R_init_methylPipe.o binning.o -L/home/biocbuild/R/R/lib -lR installing to /home/biocbuild/R/R-devel_2025-02-19/site-library/00LOCK-methylPipe/00new/methylPipe/libs ** R ** exec ** inst ** byte-compile and prepare package for lazy loading ** help *** installing help indices ** building package indices ** installing vignettes ** testing if installed package can be loaded from temporary location ** checking absolute paths in shared objects and dynamic libraries ** testing if installed package can be loaded from final location ** testing if installed package keeps a record of temporary installation path * DONE (methylPipe)
methylPipe.Rcheck/methylPipe-Ex.timings
name | user | system | elapsed | |
BSdata-class | 0.278 | 0.005 | 0.367 | |
BSdataSet-class | 0.352 | 0.032 | 0.601 | |
BSprepare | 0 | 0 | 0 | |
GEcollection-class | 3.220 | 0.180 | 3.648 | |
GElist-class | 0.040 | 0.000 | 0.062 | |
chiCombP | 0.001 | 0.000 | 0.001 | |
consolidateDMRs | 0.256 | 0.003 | 0.374 | |
extractBinGRanges | 0.030 | 0.000 | 0.043 | |
findDMR | 1.201 | 0.418 | 42.990 | |
findPMDs | 0.188 | 0.068 | 29.693 | |
getCpos | 0.125 | 0.012 | 0.136 | |
getCposDensity | 0.121 | 0.004 | 0.125 | |
mCsmoothing | 0.339 | 0.048 | 0.488 | |
mapBSdata2GRanges | 1.174 | 0.117 | 1.293 | |
methstats | 1.113 | 0.154 | 29.356 | |
plotMeth | 28.270 | 1.434 | 37.954 | |
pool.reads | 0 | 0 | 0 | |
process.hmc | 0 | 0 | 0 | |
profileDNAmetBin | 1.677 | 0.028 | 1.710 | |