| Back to Multiple platform build/check report for BioC 3.21: simplified long |
|
This page was generated on 2025-10-16 11:41 -0400 (Thu, 16 Oct 2025).
| Hostname | OS | Arch (*) | R version | Installed pkgs |
|---|---|---|---|---|
| nebbiolo1 | Linux (Ubuntu 24.04.3 LTS) | x86_64 | 4.5.1 (2025-06-13) -- "Great Square Root" | 4833 |
| merida1 | macOS 12.7.6 Monterey | x86_64 | 4.5.1 RC (2025-06-05 r88288) -- "Great Square Root" | 4614 |
| kjohnson1 | macOS 13.7.5 Ventura | arm64 | 4.5.1 Patched (2025-06-14 r88325) -- "Great Square Root" | 4555 |
| kunpeng2 | Linux (openEuler 24.03 LTS) | aarch64 | R Under development (unstable) (2025-02-19 r87757) -- "Unsuffered Consequences" | 4586 |
| Click on any hostname to see more info about the system (e.g. compilers) (*) as reported by 'uname -p', except on Windows and Mac OS X | ||||
| Package 1232/2341 | Hostname | OS / Arch | INSTALL | BUILD | CHECK | BUILD BIN | ||||||||
| metagene2 1.24.0 (landing page) Eric Fournier
| nebbiolo1 | Linux (Ubuntu 24.04.3 LTS) / x86_64 | OK | OK | WARNINGS | |||||||||
| merida1 | macOS 12.7.6 Monterey / x86_64 | OK | OK | WARNINGS | OK | |||||||||
| kjohnson1 | macOS 13.7.5 Ventura / arm64 | OK | OK | WARNINGS | OK | |||||||||
| kunpeng2 | Linux (openEuler 24.03 LTS) / aarch64 | OK | OK | WARNINGS | ||||||||||
|
To the developers/maintainers of the metagene2 package: - Allow up to 24 hours (and sometimes 48 hours) for your latest push to git@git.bioconductor.org:packages/metagene2.git to reflect on this report. See Troubleshooting Build Report for more information. - Use the following Renviron settings to reproduce errors and warnings. - If 'R CMD check' started to fail recently on the Linux builder(s) over a missing dependency, add the missing dependency to 'Suggests:' in your DESCRIPTION file. See Renviron.bioc for more information. - See Martin Grigorov's blog post for how to debug Linux ARM64 related issues on a x86_64 host. |
| Package: metagene2 |
| Version: 1.24.0 |
| Command: /home/biocbuild/R/R/bin/R CMD check --install=check:metagene2.install-out.txt --library=/home/biocbuild/R/R/site-library --no-vignettes --timings metagene2_1.24.0.tar.gz |
| StartedAt: 2025-10-14 10:59:26 -0000 (Tue, 14 Oct 2025) |
| EndedAt: 2025-10-14 11:06:39 -0000 (Tue, 14 Oct 2025) |
| EllapsedTime: 432.3 seconds |
| RetCode: 0 |
| Status: WARNINGS |
| CheckDir: metagene2.Rcheck |
| Warnings: 1 |
##############################################################################
##############################################################################
###
### Running command:
###
### /home/biocbuild/R/R/bin/R CMD check --install=check:metagene2.install-out.txt --library=/home/biocbuild/R/R/site-library --no-vignettes --timings metagene2_1.24.0.tar.gz
###
##############################################################################
##############################################################################
* using log directory ‘/home/biocbuild/bbs-3.21-bioc/meat/metagene2.Rcheck’
* using R Under development (unstable) (2025-02-19 r87757)
* using platform: aarch64-unknown-linux-gnu
* R was compiled by
aarch64-unknown-linux-gnu-gcc (GCC) 14.2.0
GNU Fortran (GCC) 14.2.0
* running under: openEuler 24.03 (LTS-SP1)
* using session charset: UTF-8
* using option ‘--no-vignettes’
* checking for file ‘metagene2/DESCRIPTION’ ... OK
* this is package ‘metagene2’ version ‘1.24.0’
* checking package namespace information ... OK
* checking package dependencies ... OK
* checking if this is a source package ... OK
* checking if there is a namespace ... OK
* checking for hidden files and directories ... OK
* checking for portable file names ... OK
* checking for sufficient/correct file permissions ... OK
* checking whether package ‘metagene2’ can be installed ... OK
* checking installed package size ... OK
* checking package directory ... OK
* checking ‘build’ directory ... OK
* checking DESCRIPTION meta-information ... OK
* checking top-level files ... OK
* checking for left-over files ... OK
* checking index information ... OK
* checking package subdirectories ... OK
* checking code files for non-ASCII characters ... OK
* checking R files for syntax errors ... OK
* checking whether the package can be loaded ... OK
* checking whether the package can be loaded with stated dependencies ... OK
* checking whether the package can be unloaded cleanly ... OK
* checking whether the namespace can be loaded with stated dependencies ... OK
* checking whether the namespace can be unloaded cleanly ... OK
* checking loading without being on the library search path ... OK
* checking dependencies in R code ... OK
* checking S3 generic/method consistency ... OK
* checking replacement functions ... OK
* checking foreign function calls ... OK
* checking R code for possible problems ... OK
* checking Rd files ... WARNING
checkRd: (5) Bam_Handler.Rd:20: \item in \describe must have non-empty label
checkRd: (5) Bam_Handler.Rd:40: \item in \describe must have non-empty label
checkRd: (5) Bam_Handler.Rd:44: \item in \describe must have non-empty label
checkRd: (5) Bam_Handler.Rd:48: \item in \describe must have non-empty label
checkRd: (5) Bam_Handler.Rd:52: \item in \describe must have non-empty label
checkRd: (5) Bam_Handler.Rd:56: \item in \describe must have non-empty label
checkRd: (5) Bam_Handler.Rd:59-60: \item in \describe must have non-empty label
checkRd: (5) Bam_Handler.Rd:69-70: \item in \describe must have non-empty label
checkRd: (5) metagene2.Rd:451: \item in \describe must have non-empty label
checkRd: (5) metagene2.Rd:456: \item in \describe must have non-empty label
checkRd: (5) metagene2.Rd:461: \item in \describe must have non-empty label
checkRd: (5) metagene2.Rd:466: \item in \describe must have non-empty label
checkRd: (5) metagene2.Rd:475: \item in \describe must have non-empty label
checkRd: (5) metagene2.Rd:480: \item in \describe must have non-empty label
checkRd: (5) metagene2.Rd:485: \item in \describe must have non-empty label
* checking Rd metadata ... OK
* checking Rd cross-references ... OK
* checking for missing documentation entries ... OK
* checking for code/documentation mismatches ... OK
* checking Rd \usage sections ... OK
* checking Rd contents ... OK
* checking for unstated dependencies in examples ... OK
* checking line endings in Makefiles ... OK
* checking for GNU extensions in Makefiles ... OK
* checking include directives in Makefiles ... OK
* checking files in ‘vignettes’ ... OK
* checking examples ... OK
Examples with CPU (user + system) or elapsed time > 5s
user system elapsed
plot_metagene 6.735 0.06 6.815
* checking for unstated dependencies in ‘tests’ ... OK
* checking tests ...
Running ‘runTests.R’
OK
* checking for unstated dependencies in vignettes ... OK
* checking package vignettes ... OK
* checking running R code from vignettes ... SKIPPED
* checking re-building of vignette outputs ... SKIPPED
* checking PDF version of manual ... OK
* DONE
Status: 1 WARNING
See
‘/home/biocbuild/bbs-3.21-bioc/meat/metagene2.Rcheck/00check.log’
for details.
metagene2.Rcheck/00install.out
############################################################################## ############################################################################## ### ### Running command: ### ### /home/biocbuild/R/R/bin/R CMD INSTALL metagene2 ### ############################################################################## ############################################################################## * installing to library ‘/home/biocbuild/R/R-devel_2025-02-19/site-library’ * installing *source* package ‘metagene2’ ... ** this is package ‘metagene2’ version ‘1.24.0’ ** using staged installation ** R ** inst ** byte-compile and prepare package for lazy loading ** help *** installing help indices ** building package indices ** installing vignettes ** testing if installed package can be loaded from temporary location ** testing if installed package can be loaded from final location ** testing if installed package keeps a record of temporary installation path * DONE (metagene2)
metagene2.Rcheck/tests/runTests.Rout
R Under development (unstable) (2025-02-19 r87757) -- "Unsuffered Consequences"
Copyright (C) 2025 The R Foundation for Statistical Computing
Platform: aarch64-unknown-linux-gnu
R is free software and comes with ABSOLUTELY NO WARRANTY.
You are welcome to redistribute it under certain conditions.
Type 'license()' or 'licence()' for distribution details.
R is a collaborative project with many contributors.
Type 'contributors()' for more information and
'citation()' on how to cite R or R packages in publications.
Type 'demo()' for some demos, 'help()' for on-line help, or
'help.start()' for an HTML browser interface to help.
Type 'q()' to quit R.
> ## Run all tests in the metagene package
> BiocGenerics:::testPackage("metagene2")
Attaching package: 'generics'
The following objects are masked from 'package:base':
as.difftime, as.factor, as.ordered, intersect, is.element, setdiff,
setequal, union
Attaching package: 'BiocGenerics'
The following objects are masked from 'package:stats':
IQR, mad, sd, var, xtabs
The following objects are masked from 'package:base':
Filter, Find, Map, Position, Reduce, anyDuplicated, aperm, append,
as.data.frame, basename, cbind, colnames, dirname, do.call,
duplicated, eval, evalq, get, grep, grepl, is.unsorted, lapply,
mapply, match, mget, order, paste, pmax, pmax.int, pmin, pmin.int,
rank, rbind, rownames, sapply, saveRDS, table, tapply, unique,
unsplit, which.max, which.min
Attaching package: 'S4Vectors'
The following object is masked from 'package:utils':
findMatches
The following objects are masked from 'package:base':
I, expand.grid, unname
region_name is missing from the new metadata. Recreating it.
region_name is missing from the new metadata. Recreating it.
region_name is missing from the new metadata. Recreating it.
Replace region_metadata with metadata which would result in a different region split. All caches at the 'split_regions' step will be invalidated, and split_by will be reset to its default value.
RUNIT TEST PROTOCOL -- Tue Oct 14 11:06:35 2025
***********************************************
Number of test functions: 128
Number of errors: 0
Number of failures: 0
1 Test Suite :
metagene2 RUnit Tests - 128 test functions, 0 errors, 0 failures
Number of test functions: 128
Number of errors: 0
Number of failures: 0
Warning messages:
1: In checkIdentical(obs, warning(exp)) :
Some bam files have discrepancies in their seqnames.
This could be caused by chromosome names present only in a subset of the bam files (i.e.: chrY in some bam files, but absent in others.
This could also be caused by discrepancies in the seqlevels style (i.e.: UCSC:chr1 versus NCBI:1)
2: `aes_string()` was deprecated in ggplot2 3.0.0.
ℹ Please use tidy evaluation idioms with `aes()`.
ℹ See also `vignette("ggplot2-in-packages")` for more information.
ℹ The deprecated feature was likely used in the metagene2 package.
Please report the issue at
<https://github.com/ArnaudDroitLab/metagene2/issues>.
3: Using `size` aesthetic for lines was deprecated in ggplot2 3.4.0.
ℹ Please use `linewidth` instead.
ℹ The deprecated feature was likely used in the metagene2 package.
Please report the issue at
<https://github.com/ArnaudDroitLab/metagene2/issues>.
4: In valid.GenomicRanges.seqinfo(x, suggest.trim = TRUE) :
GRanges object contains 100 out-of-bound ranges located on sequence chr1.
Note that ranges located on a sequence whose length is unknown (NA) or on a
circular sequence are not considered out-of-bound (use seqlengths() and
isCircular() to get the lengths and circularity flags of the underlying
sequences). You can use trim() to trim these ranges. See
?`trim,GenomicRanges-method` for more information.
5: In valid.GenomicRanges.seqinfo(x, suggest.trim = TRUE) :
GRanges object contains 200 out-of-bound ranges located on sequence chr1.
Note that ranges located on a sequence whose length is unknown (NA) or on a
circular sequence are not considered out-of-bound (use seqlengths() and
isCircular() to get the lengths and circularity flags of the underlying
sequences). You can use trim() to trim these ranges. See
?`trim,GenomicRanges-method` for more information.
6: In valid.GenomicRanges.seqinfo(x, suggest.trim = TRUE) :
GRanges object contains 600 out-of-bound ranges located on sequence chr1.
Note that ranges located on a sequence whose length is unknown (NA) or on a
circular sequence are not considered out-of-bound (use seqlengths() and
isCircular() to get the lengths and circularity flags of the underlying
sequences). You can use trim() to trim these ranges. See
?`trim,GenomicRanges-method` for more information.
> #BiocGenerics:::testPackage("metagene2", pattern="^test_demo.*\\.R$")
>
> proc.time()
user system elapsed
113.723 1.697 115.609
metagene2.Rcheck/metagene2-Ex.timings
| name | user | system | elapsed | |
| Bam_Handler | 0.090 | 0.004 | 0.096 | |
| as_is_region_order | 3.844 | 0.064 | 3.929 | |
| coverage_order | 2.372 | 0.008 | 2.387 | |
| get_demo_bam_files | 0.001 | 0.000 | 0.001 | |
| get_demo_design | 0.002 | 0.000 | 0.002 | |
| get_demo_metagene | 2.025 | 0.016 | 2.047 | |
| get_demo_region_filenames | 0.111 | 0.000 | 0.111 | |
| get_demo_regions | 0.112 | 0.000 | 0.112 | |
| get_demo_rna_bam_files | 0.001 | 0.000 | 0.001 | |
| get_demo_rna_regions | 0.112 | 0.000 | 0.113 | |
| metagene2 | 1.906 | 0.048 | 1.961 | |
| metagene2_heatmap | 4.909 | 0.063 | 4.986 | |
| plot_metagene | 6.735 | 0.060 | 6.815 | |