| Back to Multiple platform build/check report for BioC 3.21: simplified long |
|
This page was generated on 2025-10-16 11:41 -0400 (Thu, 16 Oct 2025).
| Hostname | OS | Arch (*) | R version | Installed pkgs |
|---|---|---|---|---|
| nebbiolo1 | Linux (Ubuntu 24.04.3 LTS) | x86_64 | 4.5.1 (2025-06-13) -- "Great Square Root" | 4833 |
| merida1 | macOS 12.7.6 Monterey | x86_64 | 4.5.1 RC (2025-06-05 r88288) -- "Great Square Root" | 4614 |
| kjohnson1 | macOS 13.7.5 Ventura | arm64 | 4.5.1 Patched (2025-06-14 r88325) -- "Great Square Root" | 4555 |
| kunpeng2 | Linux (openEuler 24.03 LTS) | aarch64 | R Under development (unstable) (2025-02-19 r87757) -- "Unsuffered Consequences" | 4586 |
| Click on any hostname to see more info about the system (e.g. compilers) (*) as reported by 'uname -p', except on Windows and Mac OS X | ||||
| Package 1101/2341 | Hostname | OS / Arch | INSTALL | BUILD | CHECK | BUILD BIN | ||||||||
| kebabs 1.42.0 (landing page) Ulrich Bodenhofer
| nebbiolo1 | Linux (Ubuntu 24.04.3 LTS) / x86_64 | OK | OK | OK | |||||||||
| merida1 | macOS 12.7.6 Monterey / x86_64 | OK | OK | OK | OK | |||||||||
| kjohnson1 | macOS 13.7.5 Ventura / arm64 | OK | OK | OK | OK | |||||||||
| kunpeng2 | Linux (openEuler 24.03 LTS) / aarch64 | OK | OK | WARNINGS | ||||||||||
|
To the developers/maintainers of the kebabs package: - Allow up to 24 hours (and sometimes 48 hours) for your latest push to git@git.bioconductor.org:packages/kebabs.git to reflect on this report. See Troubleshooting Build Report for more information. - Use the following Renviron settings to reproduce errors and warnings. - If 'R CMD check' started to fail recently on the Linux builder(s) over a missing dependency, add the missing dependency to 'Suggests:' in your DESCRIPTION file. See Renviron.bioc for more information. - See Martin Grigorov's blog post for how to debug Linux ARM64 related issues on a x86_64 host. |
| Package: kebabs |
| Version: 1.42.0 |
| Command: /home/biocbuild/R/R/bin/R CMD check --install=check:kebabs.install-out.txt --library=/home/biocbuild/R/R/site-library --no-vignettes --timings kebabs_1.42.0.tar.gz |
| StartedAt: 2025-10-14 10:34:25 -0000 (Tue, 14 Oct 2025) |
| EndedAt: 2025-10-14 10:38:10 -0000 (Tue, 14 Oct 2025) |
| EllapsedTime: 225.2 seconds |
| RetCode: 0 |
| Status: WARNINGS |
| CheckDir: kebabs.Rcheck |
| Warnings: 1 |
##############################################################################
##############################################################################
###
### Running command:
###
### /home/biocbuild/R/R/bin/R CMD check --install=check:kebabs.install-out.txt --library=/home/biocbuild/R/R/site-library --no-vignettes --timings kebabs_1.42.0.tar.gz
###
##############################################################################
##############################################################################
* using log directory ‘/home/biocbuild/bbs-3.21-bioc/meat/kebabs.Rcheck’
* using R Under development (unstable) (2025-02-19 r87757)
* using platform: aarch64-unknown-linux-gnu
* R was compiled by
aarch64-unknown-linux-gnu-gcc (GCC) 14.2.0
GNU Fortran (GCC) 14.2.0
* running under: openEuler 24.03 (LTS-SP1)
* using session charset: UTF-8
* using option ‘--no-vignettes’
* checking for file ‘kebabs/DESCRIPTION’ ... OK
* checking extension type ... Package
* this is package ‘kebabs’ version ‘1.42.0’
* checking package namespace information ... OK
* checking package dependencies ... OK
* checking if this is a source package ... OK
* checking if there is a namespace ... OK
* checking for hidden files and directories ... OK
* checking for portable file names ... OK
* checking for sufficient/correct file permissions ... OK
* checking whether package ‘kebabs’ can be installed ... WARNING
Found the following significant warnings:
svm.cpp:42:38: warning: argument 1 range [18446744056529682432, 18446744073709551608] exceeds maximum object size 9223372036854775807 [-Walloc-size-larger-than=]
See ‘/home/biocbuild/bbs-3.21-bioc/meat/kebabs.Rcheck/00install.out’ for details.
* used C compiler: ‘aarch64-unknown-linux-gnu-gcc (GCC) 14.2.0’
* used C++ compiler: ‘aarch64-unknown-linux-gnu-g++ (GCC) 14.2.0’
* checking installed package size ... INFO
installed size is 11.4Mb
sub-directories of 1Mb or more:
R 1.5Mb
data 1.2Mb
libs 8.2Mb
* checking package directory ... OK
* checking ‘build’ directory ... OK
* checking DESCRIPTION meta-information ... OK
* checking top-level files ... OK
* checking for left-over files ... OK
* checking index information ... OK
* checking package subdirectories ... OK
* checking code files for non-ASCII characters ... OK
* checking R files for syntax errors ... OK
* checking whether the package can be loaded ... OK
* checking whether the package can be loaded with stated dependencies ... OK
* checking whether the package can be unloaded cleanly ... OK
* checking whether the namespace can be loaded with stated dependencies ... OK
* checking whether the namespace can be unloaded cleanly ... OK
* checking loading without being on the library search path ... OK
* checking whether startup messages can be suppressed ... OK
* checking dependencies in R code ... OK
* checking S3 generic/method consistency ... OK
* checking replacement functions ... OK
* checking foreign function calls ... OK
* checking R code for possible problems ... OK
* checking Rd files ... OK
* checking Rd metadata ... OK
* checking Rd cross-references ... NOTE
Found the following Rd file(s) with Rd \link{} targets missing package
anchors:
BioVector-class.Rd: XStringSet-class
BioVector.Rd: XStringSet, metadata, mcols, elementMetadata,
DNAStringSet, RNAStringSet, AAStringSet
ExplicitRepresentation-class.Rd: dgRMatrix-class
LinearKernel.Rd: dgCMatrix-class
annotationSpecificKernel.Rd: DNAStringSet-class, RNAStringSet-class,
AAStringSet-class, mcols, metadata
explicitRepresentation.Rd: DNAStringSet-class, RNAStringSet-class,
AAStringSet-class
gappyPairKernel.Rd: DNAStringSet-class, RNAStringSet-class,
AAStringSet-class
getPredProfMixture-methods.Rd: DNAString-class, RNAString-class,
AAString-class, DNAStringSet-class, RNAStringSet-class,
AAStringSet-class
getPredictionProfile-methods.Rd: DNAString-class, RNAString-class,
AAString-class, DNAStringSet-class, RNAStringSet-class,
AAStringSet-class
kbsvm-methods.Rd: DNAStringSet-class, RNAStringSet-class,
AAStringSet-class, DNAStringSet, RNAStringSet, AAStringSet,
XStringSet-class
mismatchKernel.Rd: DNAStringSet-class, RNAStringSet-class,
AAStringSet-class
motifKernel.Rd: DNAStringSet-class, RNAStringSet-class,
AAStringSet-class
plot-methods.Rd: mcols
positionDependentKernel.Rd: DNAStringSet-class, RNAStringSet-class,
AAStringSet-class, metadata, mcols
predict-methods.Rd: DNAStringSet-class, RNAStringSet-class,
AAStringSet-class
sequenceKernel.Rd: DNAStringSet-class, RNAStringSet-class,
AAStringSet-class
spectrumKernel.Rd: DNAStringSet-class, RNAStringSet-class,
AAStringSet-class
Please provide package anchors for all Rd \link{} targets not in the
package itself and the base packages.
* checking for missing documentation entries ... OK
* checking for code/documentation mismatches ... OK
* checking Rd \usage sections ... OK
* checking Rd contents ... OK
* checking for unstated dependencies in examples ... OK
* checking contents of ‘data’ directory ... OK
* checking data for non-ASCII characters ... OK
* checking data for ASCII and uncompressed saves ... OK
* checking line endings in C/C++/Fortran sources/headers ... OK
* checking line endings in Makefiles ... OK
* checking compilation flags in Makevars ... OK
* checking for GNU extensions in Makefiles ... OK
* checking for portable use of $(BLAS_LIBS) and $(LAPACK_LIBS) ... OK
* checking use of PKG_*FLAGS in Makefiles ... OK
* checking compiled code ... NOTE
Note: information on .o files is not available
* checking files in ‘vignettes’ ... OK
* checking examples ... OK
Examples with CPU (user + system) or elapsed time > 5s
user system elapsed
performModelSelection 8.997 0.008 9.022
LinearKernel 7.029 0.036 7.080
* checking for unstated dependencies in vignettes ... OK
* checking package vignettes ... OK
* checking running R code from vignettes ... SKIPPED
* checking re-building of vignette outputs ... SKIPPED
* checking PDF version of manual ... OK
* DONE
Status: 1 WARNING, 2 NOTEs
See
‘/home/biocbuild/bbs-3.21-bioc/meat/kebabs.Rcheck/00check.log’
for details.
kebabs.Rcheck/00install.out
##############################################################################
##############################################################################
###
### Running command:
###
### /home/biocbuild/R/R/bin/R CMD INSTALL kebabs
###
##############################################################################
##############################################################################
* installing to library ‘/home/biocbuild/R/R-devel_2025-02-19/site-library’
* installing *source* package ‘kebabs’ ...
** this is package ‘kebabs’ version ‘1.42.0’
** using staged installation
** libs
using C compiler: ‘aarch64-unknown-linux-gnu-gcc (GCC) 14.2.0’
using C++ compiler: ‘aarch64-unknown-linux-gnu-g++ (GCC) 14.2.0’
/opt/ohpc/pub/compiler/gcc/14.2.0/bin/aarch64-unknown-linux-gnu-gcc -std=gnu23 -I"/home/biocbuild/R/R/include" -DNDEBUG -DSTRICT_R_HEADERS -I'/home/biocbuild/R/R-devel_2025-02-19/site-library/IRanges/include' -I'/home/biocbuild/R/R-devel_2025-02-19/site-library/XVector/include' -I'/home/biocbuild/R/R-devel_2025-02-19/site-library/Biostrings/include' -I'/home/biocbuild/R/R-devel_2025-02-19/site-library/Rcpp/include' -I'/home/biocbuild/R/R-devel_2025-02-19/site-library/S4Vectors/include' -I/usr/local/include -fPIC -g -O2 -Wall -Werror=format-security -c Biostrings_stubs.c -o Biostrings_stubs.o
/opt/ohpc/pub/compiler/gcc/14.2.0/bin/aarch64-unknown-linux-gnu-gcc -std=gnu23 -I"/home/biocbuild/R/R/include" -DNDEBUG -DSTRICT_R_HEADERS -I'/home/biocbuild/R/R-devel_2025-02-19/site-library/IRanges/include' -I'/home/biocbuild/R/R-devel_2025-02-19/site-library/XVector/include' -I'/home/biocbuild/R/R-devel_2025-02-19/site-library/Biostrings/include' -I'/home/biocbuild/R/R-devel_2025-02-19/site-library/Rcpp/include' -I'/home/biocbuild/R/R-devel_2025-02-19/site-library/S4Vectors/include' -I/usr/local/include -fPIC -g -O2 -Wall -Werror=format-security -c ByteStringVector.c -o ByteStringVector.o
/opt/ohpc/pub/compiler/gcc/14.2.0/bin/aarch64-unknown-linux-gnu-g++ -std=gnu++17 -I"/home/biocbuild/R/R/include" -DNDEBUG -DSTRICT_R_HEADERS -I'/home/biocbuild/R/R-devel_2025-02-19/site-library/IRanges/include' -I'/home/biocbuild/R/R-devel_2025-02-19/site-library/XVector/include' -I'/home/biocbuild/R/R-devel_2025-02-19/site-library/Biostrings/include' -I'/home/biocbuild/R/R-devel_2025-02-19/site-library/Rcpp/include' -I'/home/biocbuild/R/R-devel_2025-02-19/site-library/S4Vectors/include' -I/usr/local/include -fPIC -g -O2 -Wall -Werror=format-security -c ExplicitRepC.cpp -o ExplicitRepC.o
/opt/ohpc/pub/compiler/gcc/14.2.0/bin/aarch64-unknown-linux-gnu-g++ -std=gnu++17 -I"/home/biocbuild/R/R/include" -DNDEBUG -DSTRICT_R_HEADERS -I'/home/biocbuild/R/R-devel_2025-02-19/site-library/IRanges/include' -I'/home/biocbuild/R/R-devel_2025-02-19/site-library/XVector/include' -I'/home/biocbuild/R/R-devel_2025-02-19/site-library/Biostrings/include' -I'/home/biocbuild/R/R-devel_2025-02-19/site-library/Rcpp/include' -I'/home/biocbuild/R/R-devel_2025-02-19/site-library/S4Vectors/include' -I/usr/local/include -fPIC -g -O2 -Wall -Werror=format-security -c FeatureWeightsPosDepC.cpp -o FeatureWeightsPosDepC.o
/opt/ohpc/pub/compiler/gcc/14.2.0/bin/aarch64-unknown-linux-gnu-g++ -std=gnu++17 -I"/home/biocbuild/R/R/include" -DNDEBUG -DSTRICT_R_HEADERS -I'/home/biocbuild/R/R-devel_2025-02-19/site-library/IRanges/include' -I'/home/biocbuild/R/R-devel_2025-02-19/site-library/XVector/include' -I'/home/biocbuild/R/R-devel_2025-02-19/site-library/Biostrings/include' -I'/home/biocbuild/R/R-devel_2025-02-19/site-library/Rcpp/include' -I'/home/biocbuild/R/R-devel_2025-02-19/site-library/S4Vectors/include' -I/usr/local/include -fPIC -g -O2 -Wall -Werror=format-security -c GappyPairC.cpp -o GappyPairC.o
In function ‘void getKMStdAnnGappy(T, Rcpp::NumericMatrix, ByteStringVector, ByteStringVector, int, int, Rcpp::IntegerVector, Rcpp::IntegerVector, ByteStringVector, ByteStringVector, ByteStringVector, int, int, bool, bool, bool, bool, int, uint64_t, alphaInfo*) [with T = unsigned char]’,
inlined from ‘SEXPREC* gappyPairKernelMatrixC(SEXP, SEXP, SEXP, SEXP, SEXP, SEXP, SEXP, SEXP, SEXP, SEXP, SEXP, SEXP, SEXP, SEXP, SEXP, SEXP, SEXP, SEXP, SEXP, SEXP, SEXP, SEXP, SEXP, SEXP)’ at GappyPairC.cpp:3480:33:
GappyPairC.cpp:1157:38: warning: ‘y.ByteStringVector::nchar’ may be used uninitialized [-Wmaybe-uninitialized]
1157 | seqnchar = y.nchar[iY];
| ~~~~~~~~~~^
GappyPairC.cpp: In function ‘SEXPREC* gappyPairKernelMatrixC(SEXP, SEXP, SEXP, SEXP, SEXP, SEXP, SEXP, SEXP, SEXP, SEXP, SEXP, SEXP, SEXP, SEXP, SEXP, SEXP, SEXP, SEXP, SEXP, SEXP, SEXP, SEXP, SEXP, SEXP)’:
GappyPairC.cpp:3409:25: note: ‘y.ByteStringVector::nchar’ was declared here
3409 | ByteStringVector x, y, annX, annY, annCharset;
| ^
In function ‘void getKMStdAnnGappy(T, Rcpp::NumericMatrix, ByteStringVector, ByteStringVector, int, int, Rcpp::IntegerVector, Rcpp::IntegerVector, ByteStringVector, ByteStringVector, ByteStringVector, int, int, bool, bool, bool, bool, int, uint64_t, alphaInfo*) [with T = unsigned char]’,
inlined from ‘SEXPREC* gappyPairKernelMatrixC(SEXP, SEXP, SEXP, SEXP, SEXP, SEXP, SEXP, SEXP, SEXP, SEXP, SEXP, SEXP, SEXP, SEXP, SEXP, SEXP, SEXP, SEXP, SEXP, SEXP, SEXP, SEXP, SEXP, SEXP)’ at GappyPairC.cpp:3480:33:
GappyPairC.cpp:1156:34: warning: ‘y.ByteStringVector::ptr’ may be used uninitialized [-Wmaybe-uninitialized]
1156 | seqptr = y.ptr[iY];
| ~~~~~~~~^
GappyPairC.cpp: In function ‘SEXPREC* gappyPairKernelMatrixC(SEXP, SEXP, SEXP, SEXP, SEXP, SEXP, SEXP, SEXP, SEXP, SEXP, SEXP, SEXP, SEXP, SEXP, SEXP, SEXP, SEXP, SEXP, SEXP, SEXP, SEXP, SEXP, SEXP, SEXP)’:
GappyPairC.cpp:3409:25: note: ‘y.ByteStringVector::ptr’ was declared here
3409 | ByteStringVector x, y, annX, annY, annCharset;
| ^
GappyPairC.cpp:3535:33: warning: ‘annY.ByteStringVector::ptr’ may be used uninitialized [-Wmaybe-uninitialized]
3535 | getKMStdAnnGappy(maxUIndex64, km, x, y, sizeX, sizeY, selX, selY, annCharset, annX, annY,
| ~~~~~~~~~~~~~~~~^~~~~~~~~~~~~~~~~~~~~~~~~~~~~~~~~~~~~~~~~~~~~~~~~~~~~~~~~~~~~~~~~~~~~~~~~
3536 | k, m, normalized, symmetric, presence, reverseComplement,
| ~~~~~~~~~~~~~~~~~~~~~~~~~~~~~~~~~~~~~~~~~~~~~~~~~~~~~~~~~
3537 | maxSeqLength, dimFeatureSpace, &alphaInf);
| ~~~~~~~~~~~~~~~~~~~~~~~~~~~~~~~~~~~~~~~~~
GappyPairC.cpp:3409:34: note: ‘annY.ByteStringVector::ptr’ was declared here
3409 | ByteStringVector x, y, annX, annY, annCharset;
| ^~~~
GappyPairC.cpp:3535:33: warning: ‘annX.ByteStringVector::ptr’ may be used uninitialized [-Wmaybe-uninitialized]
3535 | getKMStdAnnGappy(maxUIndex64, km, x, y, sizeX, sizeY, selX, selY, annCharset, annX, annY,
| ~~~~~~~~~~~~~~~~^~~~~~~~~~~~~~~~~~~~~~~~~~~~~~~~~~~~~~~~~~~~~~~~~~~~~~~~~~~~~~~~~~~~~~~~~
3536 | k, m, normalized, symmetric, presence, reverseComplement,
| ~~~~~~~~~~~~~~~~~~~~~~~~~~~~~~~~~~~~~~~~~~~~~~~~~~~~~~~~~
3537 | maxSeqLength, dimFeatureSpace, &alphaInf);
| ~~~~~~~~~~~~~~~~~~~~~~~~~~~~~~~~~~~~~~~~~
GappyPairC.cpp:3409:28: note: ‘annX.ByteStringVector::ptr’ was declared here
3409 | ByteStringVector x, y, annX, annY, annCharset;
| ^~~~
/opt/ohpc/pub/compiler/gcc/14.2.0/bin/aarch64-unknown-linux-gnu-gcc -std=gnu23 -I"/home/biocbuild/R/R/include" -DNDEBUG -DSTRICT_R_HEADERS -I'/home/biocbuild/R/R-devel_2025-02-19/site-library/IRanges/include' -I'/home/biocbuild/R/R-devel_2025-02-19/site-library/XVector/include' -I'/home/biocbuild/R/R-devel_2025-02-19/site-library/Biostrings/include' -I'/home/biocbuild/R/R-devel_2025-02-19/site-library/Rcpp/include' -I'/home/biocbuild/R/R-devel_2025-02-19/site-library/S4Vectors/include' -I/usr/local/include -fPIC -g -O2 -Wall -Werror=format-security -c IRanges_stubs.c -o IRanges_stubs.o
/opt/ohpc/pub/compiler/gcc/14.2.0/bin/aarch64-unknown-linux-gnu-g++ -std=gnu++17 -I"/home/biocbuild/R/R/include" -DNDEBUG -DSTRICT_R_HEADERS -I'/home/biocbuild/R/R-devel_2025-02-19/site-library/IRanges/include' -I'/home/biocbuild/R/R-devel_2025-02-19/site-library/XVector/include' -I'/home/biocbuild/R/R-devel_2025-02-19/site-library/Biostrings/include' -I'/home/biocbuild/R/R-devel_2025-02-19/site-library/Rcpp/include' -I'/home/biocbuild/R/R-devel_2025-02-19/site-library/S4Vectors/include' -I/usr/local/include -fPIC -g -O2 -Wall -Werror=format-security -c KernelUtils.cpp -o KernelUtils.o
/opt/ohpc/pub/compiler/gcc/14.2.0/bin/aarch64-unknown-linux-gnu-g++ -std=gnu++17 -I"/home/biocbuild/R/R/include" -DNDEBUG -DSTRICT_R_HEADERS -I'/home/biocbuild/R/R-devel_2025-02-19/site-library/IRanges/include' -I'/home/biocbuild/R/R-devel_2025-02-19/site-library/XVector/include' -I'/home/biocbuild/R/R-devel_2025-02-19/site-library/Biostrings/include' -I'/home/biocbuild/R/R-devel_2025-02-19/site-library/Rcpp/include' -I'/home/biocbuild/R/R-devel_2025-02-19/site-library/S4Vectors/include' -I/usr/local/include -fPIC -g -O2 -Wall -Werror=format-security -c MismatchC.cpp -o MismatchC.o
MismatchC.cpp: In function ‘SEXPREC* getMismatchKernelMatrix(Rcpp::NumericMatrix, ByteStringVector, ByteStringVector, int, int, Rcpp::IntegerVector, Rcpp::IntegerVector, bool, int, bool, bool, int, int, bool, bool, int, alphaInfo*)’:
MismatchC.cpp:432:41: warning: ‘currValSqrt’ may be used uninitialized [-Wmaybe-uninitialized]
432 | km(i,j) = kernelVal / currValSqrt;
| ~~~~~~~~~~^~~~~~~~~~~~~
MismatchC.cpp:368:32: note: ‘currValSqrt’ was declared here
368 | double kernelVal, currVal, currValSqrt;
| ^~~~~~~~~~~
/opt/ohpc/pub/compiler/gcc/14.2.0/bin/aarch64-unknown-linux-gnu-g++ -std=gnu++17 -I"/home/biocbuild/R/R/include" -DNDEBUG -DSTRICT_R_HEADERS -I'/home/biocbuild/R/R-devel_2025-02-19/site-library/IRanges/include' -I'/home/biocbuild/R/R-devel_2025-02-19/site-library/XVector/include' -I'/home/biocbuild/R/R-devel_2025-02-19/site-library/Biostrings/include' -I'/home/biocbuild/R/R-devel_2025-02-19/site-library/Rcpp/include' -I'/home/biocbuild/R/R-devel_2025-02-19/site-library/S4Vectors/include' -I/usr/local/include -fPIC -g -O2 -Wall -Werror=format-security -c MotifC.cpp -o MotifC.o
MotifC.cpp: In function ‘void genPredProfileMotif(Rcpp::NumericMatrix, ByteStringVector, Rcpp::IntegerVector, int, ByteStringVector, ByteStringVector, int, bool, int, int, int, int, Rcpp::NumericMatrix, int, ByteStringVector, Rcpp::IntegerVector*, int, int, ByteStringVector, Rcpp::IntegerVector*, int, int, int, bool, bool, bool)’:
MotifC.cpp:3677:18: warning: ‘keyPool’ may be used uninitialized [-Wmaybe-uninitialized]
3677 | pKeypool = keyPool;
| ~~~~~~~~~^~~~~~~~~
MotifC.cpp:3514:11: note: ‘keyPool’ was declared here
3514 | char *keyPool;
| ^~~~~~~
/opt/ohpc/pub/compiler/gcc/14.2.0/bin/aarch64-unknown-linux-gnu-g++ -std=gnu++17 -I"/home/biocbuild/R/R/include" -DNDEBUG -DSTRICT_R_HEADERS -I'/home/biocbuild/R/R-devel_2025-02-19/site-library/IRanges/include' -I'/home/biocbuild/R/R-devel_2025-02-19/site-library/XVector/include' -I'/home/biocbuild/R/R-devel_2025-02-19/site-library/Biostrings/include' -I'/home/biocbuild/R/R-devel_2025-02-19/site-library/Rcpp/include' -I'/home/biocbuild/R/R-devel_2025-02-19/site-library/S4Vectors/include' -I/usr/local/include -fPIC -g -O2 -Wall -Werror=format-security -c PredictionC.cpp -o PredictionC.o
/opt/ohpc/pub/compiler/gcc/14.2.0/bin/aarch64-unknown-linux-gnu-g++ -std=gnu++17 -I"/home/biocbuild/R/R/include" -DNDEBUG -DSTRICT_R_HEADERS -I'/home/biocbuild/R/R-devel_2025-02-19/site-library/IRanges/include' -I'/home/biocbuild/R/R-devel_2025-02-19/site-library/XVector/include' -I'/home/biocbuild/R/R-devel_2025-02-19/site-library/Biostrings/include' -I'/home/biocbuild/R/R-devel_2025-02-19/site-library/Rcpp/include' -I'/home/biocbuild/R/R-devel_2025-02-19/site-library/S4Vectors/include' -I/usr/local/include -fPIC -g -O2 -Wall -Werror=format-security -c PredictionProfileC.cpp -o PredictionProfileC.o
/opt/ohpc/pub/compiler/gcc/14.2.0/bin/aarch64-unknown-linux-gnu-g++ -std=gnu++17 -I"/home/biocbuild/R/R/include" -DNDEBUG -DSTRICT_R_HEADERS -I'/home/biocbuild/R/R-devel_2025-02-19/site-library/IRanges/include' -I'/home/biocbuild/R/R-devel_2025-02-19/site-library/XVector/include' -I'/home/biocbuild/R/R-devel_2025-02-19/site-library/Biostrings/include' -I'/home/biocbuild/R/R-devel_2025-02-19/site-library/Rcpp/include' -I'/home/biocbuild/R/R-devel_2025-02-19/site-library/S4Vectors/include' -I/usr/local/include -fPIC -g -O2 -Wall -Werror=format-security -c R_init_kebabs.cpp -o R_init_kebabs.o
/opt/ohpc/pub/compiler/gcc/14.2.0/bin/aarch64-unknown-linux-gnu-gcc -std=gnu23 -I"/home/biocbuild/R/R/include" -DNDEBUG -DSTRICT_R_HEADERS -I'/home/biocbuild/R/R-devel_2025-02-19/site-library/IRanges/include' -I'/home/biocbuild/R/R-devel_2025-02-19/site-library/XVector/include' -I'/home/biocbuild/R/R-devel_2025-02-19/site-library/Biostrings/include' -I'/home/biocbuild/R/R-devel_2025-02-19/site-library/Rcpp/include' -I'/home/biocbuild/R/R-devel_2025-02-19/site-library/S4Vectors/include' -I/usr/local/include -fPIC -g -O2 -Wall -Werror=format-security -c Rsvm.c -o Rsvm.o
/opt/ohpc/pub/compiler/gcc/14.2.0/bin/aarch64-unknown-linux-gnu-g++ -std=gnu++17 -I"/home/biocbuild/R/R/include" -DNDEBUG -DSTRICT_R_HEADERS -I'/home/biocbuild/R/R-devel_2025-02-19/site-library/IRanges/include' -I'/home/biocbuild/R/R-devel_2025-02-19/site-library/XVector/include' -I'/home/biocbuild/R/R-devel_2025-02-19/site-library/Biostrings/include' -I'/home/biocbuild/R/R-devel_2025-02-19/site-library/Rcpp/include' -I'/home/biocbuild/R/R-devel_2025-02-19/site-library/S4Vectors/include' -I/usr/local/include -fPIC -g -O2 -Wall -Werror=format-security -c SparseMatrixHash.cpp -o SparseMatrixHash.o
/opt/ohpc/pub/compiler/gcc/14.2.0/bin/aarch64-unknown-linux-gnu-g++ -std=gnu++17 -I"/home/biocbuild/R/R/include" -DNDEBUG -DSTRICT_R_HEADERS -I'/home/biocbuild/R/R-devel_2025-02-19/site-library/IRanges/include' -I'/home/biocbuild/R/R-devel_2025-02-19/site-library/XVector/include' -I'/home/biocbuild/R/R-devel_2025-02-19/site-library/Biostrings/include' -I'/home/biocbuild/R/R-devel_2025-02-19/site-library/Rcpp/include' -I'/home/biocbuild/R/R-devel_2025-02-19/site-library/S4Vectors/include' -I/usr/local/include -fPIC -g -O2 -Wall -Werror=format-security -c SpectrumC.cpp -o SpectrumC.o
In function ‘void getKMStdAnnSpec(T, Rcpp::NumericMatrix, ByteStringVector, ByteStringVector, int, int, Rcpp::IntegerVector, Rcpp::IntegerVector, ByteStringVector, ByteStringVector, ByteStringVector, int, bool, bool, bool, bool, int, uint64_t, alphaInfo*) [with T = unsigned char]’,
inlined from ‘SEXPREC* spectrumKernelMatrixC(SEXP, SEXP, SEXP, SEXP, SEXP, SEXP, SEXP, SEXP, SEXP, SEXP, SEXP, SEXP, SEXP, SEXP, SEXP, SEXP, SEXP, SEXP, SEXP, SEXP, SEXP, SEXP, SEXP)’ at SpectrumC.cpp:3228:32:
SpectrumC.cpp:832:38: warning: ‘y.ByteStringVector::nchar’ may be used uninitialized [-Wmaybe-uninitialized]
832 | seqnchar = y.nchar[iY];
| ~~~~~~~~~~^
SpectrumC.cpp: In function ‘SEXPREC* spectrumKernelMatrixC(SEXP, SEXP, SEXP, SEXP, SEXP, SEXP, SEXP, SEXP, SEXP, SEXP, SEXP, SEXP, SEXP, SEXP, SEXP, SEXP, SEXP, SEXP, SEXP, SEXP, SEXP, SEXP, SEXP)’:
SpectrumC.cpp:3158:25: note: ‘y.ByteStringVector::nchar’ was declared here
3158 | ByteStringVector x, y, annX, annY, annCharset;
| ^
In function ‘void getKMStdAnnSpec(T, Rcpp::NumericMatrix, ByteStringVector, ByteStringVector, int, int, Rcpp::IntegerVector, Rcpp::IntegerVector, ByteStringVector, ByteStringVector, ByteStringVector, int, bool, bool, bool, bool, int, uint64_t, alphaInfo*) [with T = unsigned char]’,
inlined from ‘SEXPREC* spectrumKernelMatrixC(SEXP, SEXP, SEXP, SEXP, SEXP, SEXP, SEXP, SEXP, SEXP, SEXP, SEXP, SEXP, SEXP, SEXP, SEXP, SEXP, SEXP, SEXP, SEXP, SEXP, SEXP, SEXP, SEXP)’ at SpectrumC.cpp:3228:32:
SpectrumC.cpp:831:34: warning: ‘y.ByteStringVector::ptr’ may be used uninitialized [-Wmaybe-uninitialized]
831 | seqptr = y.ptr[iY];
| ~~~~~~~~^
SpectrumC.cpp: In function ‘SEXPREC* spectrumKernelMatrixC(SEXP, SEXP, SEXP, SEXP, SEXP, SEXP, SEXP, SEXP, SEXP, SEXP, SEXP, SEXP, SEXP, SEXP, SEXP, SEXP, SEXP, SEXP, SEXP, SEXP, SEXP, SEXP, SEXP)’:
SpectrumC.cpp:3158:25: note: ‘y.ByteStringVector::ptr’ was declared here
3158 | ByteStringVector x, y, annX, annY, annCharset;
| ^
SpectrumC.cpp:3283:32: warning: ‘annY.ByteStringVector::ptr’ may be used uninitialized [-Wmaybe-uninitialized]
3283 | getKMStdAnnSpec(maxUIndex64, km, x, y, sizeX, sizeY, selX, selY, annCharset, annX, annY,
| ~~~~~~~~~~~~~~~^~~~~~~~~~~~~~~~~~~~~~~~~~~~~~~~~~~~~~~~~~~~~~~~~~~~~~~~~~~~~~~~~~~~~~~~~
3284 | k, normalized, symmetric, presence, reverseComplement, maxSeqLength,
| ~~~~~~~~~~~~~~~~~~~~~~~~~~~~~~~~~~~~~~~~~~~~~~~~~~~~~~~~~~~~~~~~~~~~
3285 | dimFeatureSpace, &alphaInf);
| ~~~~~~~~~~~~~~~~~~~~~~~~~~~
SpectrumC.cpp:3158:34: note: ‘annY.ByteStringVector::ptr’ was declared here
3158 | ByteStringVector x, y, annX, annY, annCharset;
| ^~~~
SpectrumC.cpp:3283:32: warning: ‘annX.ByteStringVector::ptr’ may be used uninitialized [-Wmaybe-uninitialized]
3283 | getKMStdAnnSpec(maxUIndex64, km, x, y, sizeX, sizeY, selX, selY, annCharset, annX, annY,
| ~~~~~~~~~~~~~~~^~~~~~~~~~~~~~~~~~~~~~~~~~~~~~~~~~~~~~~~~~~~~~~~~~~~~~~~~~~~~~~~~~~~~~~~~
3284 | k, normalized, symmetric, presence, reverseComplement, maxSeqLength,
| ~~~~~~~~~~~~~~~~~~~~~~~~~~~~~~~~~~~~~~~~~~~~~~~~~~~~~~~~~~~~~~~~~~~~
3285 | dimFeatureSpace, &alphaInf);
| ~~~~~~~~~~~~~~~~~~~~~~~~~~~
SpectrumC.cpp:3158:28: note: ‘annX.ByteStringVector::ptr’ was declared here
3158 | ByteStringVector x, y, annX, annY, annCharset;
| ^~~~
/opt/ohpc/pub/compiler/gcc/14.2.0/bin/aarch64-unknown-linux-gnu-g++ -std=gnu++17 -I"/home/biocbuild/R/R/include" -DNDEBUG -DSTRICT_R_HEADERS -I'/home/biocbuild/R/R-devel_2025-02-19/site-library/IRanges/include' -I'/home/biocbuild/R/R-devel_2025-02-19/site-library/XVector/include' -I'/home/biocbuild/R/R-devel_2025-02-19/site-library/Biostrings/include' -I'/home/biocbuild/R/R-devel_2025-02-19/site-library/Rcpp/include' -I'/home/biocbuild/R/R-devel_2025-02-19/site-library/S4Vectors/include' -I/usr/local/include -fPIC -g -O2 -Wall -Werror=format-security -c SymmetricPairC.cpp -o SymmetricPairC.o
/opt/ohpc/pub/compiler/gcc/14.2.0/bin/aarch64-unknown-linux-gnu-g++ -std=gnu++17 -I"/home/biocbuild/R/R/include" -DNDEBUG -DSTRICT_R_HEADERS -I'/home/biocbuild/R/R-devel_2025-02-19/site-library/IRanges/include' -I'/home/biocbuild/R/R-devel_2025-02-19/site-library/XVector/include' -I'/home/biocbuild/R/R-devel_2025-02-19/site-library/Biostrings/include' -I'/home/biocbuild/R/R-devel_2025-02-19/site-library/Rcpp/include' -I'/home/biocbuild/R/R-devel_2025-02-19/site-library/S4Vectors/include' -I/usr/local/include -fPIC -g -O2 -Wall -Werror=format-security -c Utils.cpp -o Utils.o
/opt/ohpc/pub/compiler/gcc/14.2.0/bin/aarch64-unknown-linux-gnu-gcc -std=gnu23 -I"/home/biocbuild/R/R/include" -DNDEBUG -DSTRICT_R_HEADERS -I'/home/biocbuild/R/R-devel_2025-02-19/site-library/IRanges/include' -I'/home/biocbuild/R/R-devel_2025-02-19/site-library/XVector/include' -I'/home/biocbuild/R/R-devel_2025-02-19/site-library/Biostrings/include' -I'/home/biocbuild/R/R-devel_2025-02-19/site-library/Rcpp/include' -I'/home/biocbuild/R/R-devel_2025-02-19/site-library/S4Vectors/include' -I/usr/local/include -fPIC -g -O2 -Wall -Werror=format-security -c XVector_stubs.c -o XVector_stubs.o
/opt/ohpc/pub/compiler/gcc/14.2.0/bin/aarch64-unknown-linux-gnu-g++ -std=gnu++17 -I"/home/biocbuild/R/R/include" -DNDEBUG -DSTRICT_R_HEADERS -I'/home/biocbuild/R/R-devel_2025-02-19/site-library/IRanges/include' -I'/home/biocbuild/R/R-devel_2025-02-19/site-library/XVector/include' -I'/home/biocbuild/R/R-devel_2025-02-19/site-library/Biostrings/include' -I'/home/biocbuild/R/R-devel_2025-02-19/site-library/Rcpp/include' -I'/home/biocbuild/R/R-devel_2025-02-19/site-library/S4Vectors/include' -I/usr/local/include -fPIC -g -O2 -Wall -Werror=format-security -c svm.cpp -o svm.o
svm.cpp: In function ‘svm_model* svm_train(const svm_problem*, const svm_parameter*)’:
svm.cpp:42:38: warning: argument 1 range [18446744056529682432, 18446744073709551608] exceeds maximum object size 9223372036854775807 [-Walloc-size-larger-than=]
42 | #define Malloc(type,n) (type *)malloc((n)*sizeof(type))
| ~~~~~~^~~~~~~~~~~~~~~~~~
svm.cpp:2382:34: note: in expansion of macro ‘Malloc’
2382 | model->sv_coef = Malloc(double *,nr_class-1);
| ^~~~~~
In file included from /opt/ohpc/pub/compiler/gcc/14.2.0/include/c++/14.2.0/cstdlib:79,
from /home/biocbuild/R/R/include/R.h:39,
from svm.cpp:1:
/usr/include/stdlib.h:672:14: note: in a call to allocation function ‘void* malloc(size_t)’ declared here
672 | extern void *malloc (size_t __size) __THROW __attribute_malloc__
| ^~~~~~
/opt/ohpc/pub/compiler/gcc/14.2.0/bin/aarch64-unknown-linux-gnu-g++ -std=gnu++17 -shared -L/home/biocbuild/R/R/lib -L/usr/local/lib -o kebabs.so Biostrings_stubs.o ByteStringVector.o ExplicitRepC.o FeatureWeightsPosDepC.o GappyPairC.o IRanges_stubs.o KernelUtils.o MismatchC.o MotifC.o PredictionC.o PredictionProfileC.o R_init_kebabs.o Rsvm.o SparseMatrixHash.o SpectrumC.o SymmetricPairC.o Utils.o XVector_stubs.o svm.o -L/home/biocbuild/R/R/lib -lR
installing to /home/biocbuild/R/R-devel_2025-02-19/site-library/00LOCK-kebabs/00new/kebabs/libs
** R
** data
** inst
** byte-compile and prepare package for lazy loading
** help
*** installing help indices
** building package indices
** installing vignettes
** testing if installed package can be loaded from temporary location
** checking absolute paths in shared objects and dynamic libraries
** testing if installed package can be loaded from final location
** testing if installed package keeps a record of temporary installation path
* DONE (kebabs)
kebabs.Rcheck/kebabs-Ex.timings
| name | user | system | elapsed | |
| BioVector | 0.073 | 0.004 | 0.077 | |
| CrossValidationResultAccessors | 0.002 | 0.000 | 0.002 | |
| KBModelAccessors | 0.001 | 0.000 | 0.001 | |
| KernelMatrixAccessors | 0.001 | 0.000 | 0.000 | |
| LinearKernel | 7.029 | 0.036 | 7.080 | |
| ModelSelectionResultAccessors | 0.001 | 0.000 | 0.001 | |
| PredictionProfileAccessors | 0.002 | 0.000 | 0.002 | |
| ROCDataAccessors | 0.001 | 0.000 | 0.001 | |
| SVMAccess | 0.071 | 0.004 | 0.074 | |
| annotationSpecificKernel | 0.137 | 0.000 | 0.137 | |
| computeROCandAUC | 0.579 | 0.008 | 0.589 | |
| evaluatePrediction | 0.456 | 0.032 | 0.489 | |
| explicitRepresentation | 0.216 | 0.028 | 0.245 | |
| featureWeights | 0.152 | 0.004 | 0.157 | |
| gappyPairKernel | 0.006 | 0.003 | 0.010 | |
| genRandBioSeqs | 0.066 | 0.000 | 0.066 | |
| getPredProfMixture-methods | 4.068 | 0.083 | 4.160 | |
| getPredictionProfile-methods | 0.732 | 0.019 | 0.754 | |
| heatmap-methods | 0.445 | 0.020 | 0.467 | |
| kbsvm-methods | 0.173 | 0.004 | 0.177 | |
| kebabsCollectInfo | 0.022 | 0.005 | 0.027 | |
| kebabsOverview | 0.253 | 0.000 | 0.253 | |
| mismatchKernel | 0.010 | 0.000 | 0.009 | |
| motifKernel | 0.009 | 0.000 | 0.008 | |
| performCrossValidation-methods | 0.182 | 0.008 | 0.191 | |
| performGridSearch | 4.860 | 0.012 | 4.882 | |
| performModelSelection | 8.997 | 0.008 | 9.022 | |
| plot-methods | 0.258 | 0.004 | 0.263 | |
| positionDependentKernel | 0.014 | 0.000 | 0.014 | |
| predict-methods | 0.178 | 0.008 | 0.186 | |
| sequenceKernel | 0.042 | 0.000 | 0.042 | |
| show-methods | 0.032 | 0.000 | 0.032 | |
| spectrumKernel | 0.007 | 0.000 | 0.007 | |
| symmetricPairKernel | 0.109 | 0.004 | 0.113 | |