Back to Multiple platform build/check report for BioC 3.22:   simplified   long
ABCDEFGH[I]JKLMNOPQRSTUVWXYZ

This page was generated on 2025-11-05 12:40 -0500 (Wed, 05 Nov 2025).

HostnameOSArch (*)R versionInstalled pkgs
nebbiolo2Linux (Ubuntu 24.04.3 LTS)x86_644.5.1 Patched (2025-08-23 r88802) -- "Great Square Root" 4902
kjohnson3macOS 13.7.7 Venturaarm644.5.1 Patched (2025-09-10 r88807) -- "Great Square Root" 4638
Click on any hostname to see more info about the system (e.g. compilers)      (*) as reported by 'uname -p', except on Windows and Mac OS X

Package 1077/2361HostnameOS / ArchINSTALLBUILDCHECKBUILD BIN
iPath 1.16.0  (landing page)
Kenong Su
Snapshot Date: 2025-11-04 13:45 -0500 (Tue, 04 Nov 2025)
git_url: https://git.bioconductor.org/packages/iPath
git_branch: RELEASE_3_22
git_last_commit: 3e3fdf1
git_last_commit_date: 2025-10-29 11:10:58 -0500 (Wed, 29 Oct 2025)
nebbiolo2Linux (Ubuntu 24.04.3 LTS) / x86_64  OK    ERROR  skipped
kjohnson3macOS 13.7.7 Ventura / arm64  OK    ERROR  skippedskipped


BUILD results for iPath on nebbiolo2

To the developers/maintainers of the iPath package:
- Allow up to 24 hours (and sometimes 48 hours) for your latest push to git@git.bioconductor.org:packages/iPath.git to reflect on this report. See Troubleshooting Build Report for more information.
- Use the following Renviron settings to reproduce errors and warnings.
- If 'R CMD check' started to fail recently on the Linux builder(s) over a missing dependency, add the missing dependency to 'Suggests:' in your DESCRIPTION file. See Renviron.bioc for more information.

raw results


Summary

Package: iPath
Version: 1.16.0
Command: /home/biocbuild/bbs-3.22-bioc/R/bin/R CMD build --keep-empty-dirs --no-resave-data --md5 iPath
StartedAt: 2025-11-04 18:15:51 -0500 (Tue, 04 Nov 2025)
EndedAt: 2025-11-04 18:16:23 -0500 (Tue, 04 Nov 2025)
EllapsedTime: 32.0 seconds
RetCode: 1
Status:   ERROR  
PackageFile: None
PackageFileSize: NA

Command output

##############################################################################
##############################################################################
###
### Running command:
###
###   /home/biocbuild/bbs-3.22-bioc/R/bin/R CMD build --keep-empty-dirs --no-resave-data --md5 iPath
###
##############################################################################
##############################################################################


* checking for file ‘iPath/DESCRIPTION’ ... OK
* preparing ‘iPath’:
* checking DESCRIPTION meta-information ... OK
* cleaning src
* installing the package to build vignettes
* creating vignettes ... ERROR
--- re-building ‘iPath.Rmd’ using rmarkdown

Quitting from iPath.Rmd:102-104 [onesurvival]
~~~~~~~~~~~~~~~~~~~~~~~~~~~~~~~~~~~~~~~~~~~~~~~~~~~~~~~~~~~~~~~~~~~~~~~~~~~~~~~~
NULL
~~~~~~~~~~~~~~~~~~~~~~~~~~~~~~~~~~~~~~~~~~~~~~~~~~~~~~~~~~~~~~~~~~~~~~~~~~~~~~~~

Error: processing vignette 'iPath.Rmd' failed with diagnostics:
Problem while converting geom to grob.
ℹ Error occurred in the 3rd layer.
Caused by error in `draw_group()`:
! Aesthetics can not vary along a ribbon: linewidth and linetype.
--- failed re-building ‘iPath.Rmd’

SUMMARY: processing the following file failed:
  ‘iPath.Rmd’

Error: Vignette re-building failed.
Execution halted