| Back to Multiple platform build/check report for BioC 3.22: simplified long |
|
This page was generated on 2025-11-05 12:40 -0500 (Wed, 05 Nov 2025).
| Hostname | OS | Arch (*) | R version | Installed pkgs |
|---|---|---|---|---|
| nebbiolo2 | Linux (Ubuntu 24.04.3 LTS) | x86_64 | 4.5.1 Patched (2025-08-23 r88802) -- "Great Square Root" | 4902 |
| kjohnson3 | macOS 13.7.7 Ventura | arm64 | 4.5.1 Patched (2025-09-10 r88807) -- "Great Square Root" | 4638 |
| Click on any hostname to see more info about the system (e.g. compilers) (*) as reported by 'uname -p', except on Windows and Mac OS X | ||||
| Package 926/2361 | Hostname | OS / Arch | INSTALL | BUILD | CHECK | BUILD BIN | ||||||||
| graphite 1.56.0 (landing page) Gabriele Sales
| nebbiolo2 | Linux (Ubuntu 24.04.3 LTS) / x86_64 | OK | OK | ERROR | |||||||||
| kjohnson3 | macOS 13.7.7 Ventura / arm64 | OK | OK | OK | OK | |||||||||
|
To the developers/maintainers of the graphite package: - Allow up to 24 hours (and sometimes 48 hours) for your latest push to git@git.bioconductor.org:packages/graphite.git to reflect on this report. See Troubleshooting Build Report for more information. - Use the following Renviron settings to reproduce errors and warnings. - If 'R CMD check' started to fail recently on the Linux builder(s) over a missing dependency, add the missing dependency to 'Suggests:' in your DESCRIPTION file. See Renviron.bioc for more information. |
| Package: graphite |
| Version: 1.56.0 |
| Command: /home/biocbuild/bbs-3.22-bioc/R/bin/R CMD check --install=check:graphite.install-out.txt --library=/home/biocbuild/bbs-3.22-bioc/R/site-library --timings graphite_1.56.0.tar.gz |
| StartedAt: 2025-11-05 00:15:40 -0500 (Wed, 05 Nov 2025) |
| EndedAt: 2025-11-05 00:19:37 -0500 (Wed, 05 Nov 2025) |
| EllapsedTime: 237.2 seconds |
| RetCode: 1 |
| Status: ERROR |
| CheckDir: graphite.Rcheck |
| Warnings: NA |
##############################################################################
##############################################################################
###
### Running command:
###
### /home/biocbuild/bbs-3.22-bioc/R/bin/R CMD check --install=check:graphite.install-out.txt --library=/home/biocbuild/bbs-3.22-bioc/R/site-library --timings graphite_1.56.0.tar.gz
###
##############################################################################
##############################################################################
* using log directory ‘/home/biocbuild/bbs-3.22-bioc/meat/graphite.Rcheck’
* using R version 4.5.1 Patched (2025-08-23 r88802)
* using platform: x86_64-pc-linux-gnu
* R was compiled by
gcc (Ubuntu 13.3.0-6ubuntu2~24.04) 13.3.0
GNU Fortran (Ubuntu 13.3.0-6ubuntu2~24.04) 13.3.0
* running under: Ubuntu 24.04.3 LTS
* using session charset: UTF-8
* checking for file ‘graphite/DESCRIPTION’ ... OK
* this is package ‘graphite’ version ‘1.56.0’
* checking package namespace information ... OK
* checking package dependencies ... OK
* checking if this is a source package ... OK
* checking if there is a namespace ... OK
* checking for hidden files and directories ... OK
* checking for portable file names ... OK
* checking for sufficient/correct file permissions ... OK
* checking whether package ‘graphite’ can be installed ... OK
* checking installed package size ... OK
* checking package directory ... OK
* checking ‘build’ directory ... OK
* checking DESCRIPTION meta-information ... OK
* checking top-level files ... OK
* checking for left-over files ... OK
* checking index information ... OK
* checking package subdirectories ... OK
* checking code files for non-ASCII characters ... OK
* checking R files for syntax errors ... OK
* checking whether the package can be loaded ... OK
* checking whether the package can be loaded with stated dependencies ... OK
* checking whether the package can be unloaded cleanly ... OK
* checking whether the namespace can be loaded with stated dependencies ... OK
* checking whether the namespace can be unloaded cleanly ... OK
* checking loading without being on the library search path ... OK
* checking dependencies in R code ... OK
* checking S3 generic/method consistency ... OK
* checking replacement functions ... OK
* checking foreign function calls ... OK
* checking R code for possible problems ... OK
* checking Rd files ... OK
* checking Rd metadata ... OK
* checking Rd cross-references ... OK
* checking for missing documentation entries ... OK
* checking for code/documentation mismatches ... OK
* checking Rd \usage sections ... OK
* checking Rd contents ... OK
* checking for unstated dependencies in examples ... OK
* checking files in ‘vignettes’ ... OK
* checking examples ... OK
Examples with CPU (user + system) or elapsed time > 5s
user system elapsed
runClipper 10.726 0.489 11.218
convertIdentifiers 5.300 0.166 5.466
* checking for unstated dependencies in ‘tests’ ... OK
* checking tests ...
Running ‘testthat.R’
OK
* checking for unstated dependencies in vignettes ... OK
* checking package vignettes ... OK
* checking re-building of vignette outputs ... ERROR
Error(s) in re-building vignettes:
--- re-building ‘metabolites.pdf.asis’ using asis
--- finished re-building ‘metabolites.pdf.asis’
--- re-building ‘graphite.Rnw’ using Sweave
Loading required package: BiocGenerics
Loading required package: generics
Attaching package: ‘generics’
The following objects are masked from ‘package:base’:
as.difftime, as.factor, as.ordered, intersect, is.element, setdiff,
setequal, union
Attaching package: ‘BiocGenerics’
The following objects are masked from ‘package:stats’:
IQR, mad, sd, var, xtabs
The following objects are masked from ‘package:base’:
Filter, Find, Map, Position, Reduce, anyDuplicated, aperm, append,
as.data.frame, basename, cbind, colnames, dirname, do.call,
duplicated, eval, evalq, get, grep, grepl, is.unsorted, lapply,
mapply, match, mget, order, paste, pmax, pmax.int, pmin, pmin.int,
rank, rbind, rownames, sapply, saveRDS, table, tapply, unique,
unsplit, which.max, which.min
Warning: Local storage of pathway data using format v1 was deprecated in graphite
1.55.1.
✔ graphite will automatically migrate to and use format v2 going forward.
ℹ If you no longer need compatibility with older graphite versions, run
purgeCacheV1() to reclaim disk space.
Error in curl::curl_fetch_disk(url, x$path, handle = handle) :
Timeout was reached [graphiteweb.bio.unipd.it]:
SSL connection timeout
Error: processing vignette 'graphite.Rnw' failed with diagnostics:
chunk 3 (label = base1)
Error in fetchRemote(name, path) :
cannot download pathway data: are you offline?
--- failed re-building ‘graphite.Rnw’
SUMMARY: processing the following file failed:
‘graphite.Rnw’
Error: Vignette re-building failed.
Execution halted
* checking PDF version of manual ... OK
* DONE
Status: 1 ERROR
See
‘/home/biocbuild/bbs-3.22-bioc/meat/graphite.Rcheck/00check.log’
for details.
graphite.Rcheck/00install.out
############################################################################## ############################################################################## ### ### Running command: ### ### /home/biocbuild/bbs-3.22-bioc/R/bin/R CMD INSTALL graphite ### ############################################################################## ############################################################################## * installing to library ‘/home/biocbuild/bbs-3.22-bioc/R/site-library’ * installing *source* package ‘graphite’ ... ** this is package ‘graphite’ version ‘1.56.0’ ** using staged installation ** R ** inst ** byte-compile and prepare package for lazy loading ** help *** installing help indices ** building package indices ** installing vignettes ** testing if installed package can be loaded from temporary location ** testing if installed package can be loaded from final location ** testing if installed package keeps a record of temporary installation path * DONE (graphite)
graphite.Rcheck/tests/testthat.Rout
R version 4.5.1 Patched (2025-08-23 r88802) -- "Great Square Root"
Copyright (C) 2025 The R Foundation for Statistical Computing
Platform: x86_64-pc-linux-gnu
R is free software and comes with ABSOLUTELY NO WARRANTY.
You are welcome to redistribute it under certain conditions.
Type 'license()' or 'licence()' for distribution details.
R is a collaborative project with many contributors.
Type 'contributors()' for more information and
'citation()' on how to cite R or R packages in publications.
Type 'demo()' for some demos, 'help()' for on-line help, or
'help.start()' for an HTML browser interface to help.
Type 'q()' to quit R.
> library(testthat)
> library(graphite)
>
> test_check("graphite")
[ FAIL 0 | WARN 1 | SKIP 0 | PASS 95 ]
[ FAIL 0 | WARN 1 | SKIP 0 | PASS 95 ]
>
> proc.time()
user system elapsed
42.597 2.024 89.456
graphite.Rcheck/graphite-Ex.timings
| name | user | system | elapsed | |
| Pathway-class | 4.365 | 0.122 | 4.488 | |
| as.list.PathwayList | 1.018 | 0.057 | 1.074 | |
| buildPathway | 0.005 | 0.000 | 0.005 | |
| convertIdentifiers | 5.300 | 0.166 | 5.466 | |
| cytoscapePlot | 0 | 0 | 0 | |
| pathwayDatabases | 0.004 | 0.000 | 0.004 | |
| pathwayGraph | 3.625 | 0.024 | 3.649 | |
| pathways | 3.546 | 0.024 | 3.570 | |
| purgeCacheV1 | 0 | 0 | 0 | |
| runClipper | 10.726 | 0.489 | 11.218 | |
| runSPIA | 3.401 | 0.082 | 3.483 | |
| runTopologyGSA | 2.181 | 0.077 | 2.259 | |