| Back to Multiple platform build/check report for BioC 3.21: simplified long |
|
This page was generated on 2025-10-16 11:38 -0400 (Thu, 16 Oct 2025).
| Hostname | OS | Arch (*) | R version | Installed pkgs |
|---|---|---|---|---|
| nebbiolo1 | Linux (Ubuntu 24.04.3 LTS) | x86_64 | 4.5.1 (2025-06-13) -- "Great Square Root" | 4833 |
| merida1 | macOS 12.7.6 Monterey | x86_64 | 4.5.1 RC (2025-06-05 r88288) -- "Great Square Root" | 4614 |
| kjohnson1 | macOS 13.7.5 Ventura | arm64 | 4.5.1 Patched (2025-06-14 r88325) -- "Great Square Root" | 4555 |
| kunpeng2 | Linux (openEuler 24.03 LTS) | aarch64 | R Under development (unstable) (2025-02-19 r87757) -- "Unsuffered Consequences" | 4586 |
| Click on any hostname to see more info about the system (e.g. compilers) (*) as reported by 'uname -p', except on Windows and Mac OS X | ||||
| Package 886/2341 | Hostname | OS / Arch | INSTALL | BUILD | CHECK | BUILD BIN | ||||||||
| glmGamPoi 1.20.0 (landing page) Constantin Ahlmann-Eltze
| nebbiolo1 | Linux (Ubuntu 24.04.3 LTS) / x86_64 | OK | OK | WARNINGS | |||||||||
| merida1 | macOS 12.7.6 Monterey / x86_64 | OK | OK | WARNINGS | OK | |||||||||
| kjohnson1 | macOS 13.7.5 Ventura / arm64 | OK | OK | WARNINGS | OK | |||||||||
| kunpeng2 | Linux (openEuler 24.03 LTS) / aarch64 | OK | OK | WARNINGS | ||||||||||
|
To the developers/maintainers of the glmGamPoi package: - Allow up to 24 hours (and sometimes 48 hours) for your latest push to git@git.bioconductor.org:packages/glmGamPoi.git to reflect on this report. See Troubleshooting Build Report for more information. - Use the following Renviron settings to reproduce errors and warnings. - If 'R CMD check' started to fail recently on the Linux builder(s) over a missing dependency, add the missing dependency to 'Suggests:' in your DESCRIPTION file. See Renviron.bioc for more information. |
| Package: glmGamPoi |
| Version: 1.20.0 |
| Command: /home/biocbuild/bbs-3.21-bioc/R/bin/R CMD check --install=check:glmGamPoi.install-out.txt --library=/home/biocbuild/bbs-3.21-bioc/R/site-library --timings glmGamPoi_1.20.0.tar.gz |
| StartedAt: 2025-10-15 23:44:40 -0400 (Wed, 15 Oct 2025) |
| EndedAt: 2025-10-15 23:54:37 -0400 (Wed, 15 Oct 2025) |
| EllapsedTime: 596.8 seconds |
| RetCode: 0 |
| Status: WARNINGS |
| CheckDir: glmGamPoi.Rcheck |
| Warnings: 1 |
##############################################################################
##############################################################################
###
### Running command:
###
### /home/biocbuild/bbs-3.21-bioc/R/bin/R CMD check --install=check:glmGamPoi.install-out.txt --library=/home/biocbuild/bbs-3.21-bioc/R/site-library --timings glmGamPoi_1.20.0.tar.gz
###
##############################################################################
##############################################################################
* using log directory ‘/home/biocbuild/bbs-3.21-bioc/meat/glmGamPoi.Rcheck’
* using R version 4.5.1 (2025-06-13)
* using platform: x86_64-pc-linux-gnu
* R was compiled by
gcc (Ubuntu 13.3.0-6ubuntu2~24.04) 13.3.0
GNU Fortran (Ubuntu 13.3.0-6ubuntu2~24.04) 13.3.0
* running under: Ubuntu 24.04.3 LTS
* using session charset: UTF-8
* checking for file ‘glmGamPoi/DESCRIPTION’ ... OK
* checking extension type ... Package
* this is package ‘glmGamPoi’ version ‘1.20.0’
* package encoding: UTF-8
* checking package namespace information ... OK
* checking package dependencies ... OK
* checking if this is a source package ... OK
* checking if there is a namespace ... OK
* checking for hidden files and directories ... OK
* checking for portable file names ... OK
* checking for sufficient/correct file permissions ... OK
* checking whether package ‘glmGamPoi’ can be installed ... OK
* used C++ compiler: ‘g++ (Ubuntu 13.3.0-6ubuntu2~24.04) 13.3.0’
* checking C++ specification ... OK
* checking installed package size ... OK
* checking package directory ... OK
* checking ‘build’ directory ... OK
* checking DESCRIPTION meta-information ... OK
* checking top-level files ... OK
* checking for left-over files ... OK
* checking index information ... OK
* checking package subdirectories ... OK
* checking code files for non-ASCII characters ... OK
* checking R files for syntax errors ... OK
* checking whether the package can be loaded ... OK
* checking whether the package can be loaded with stated dependencies ... OK
* checking whether the package can be unloaded cleanly ... OK
* checking whether the namespace can be loaded with stated dependencies ... OK
* checking whether the namespace can be unloaded cleanly ... OK
* checking loading without being on the library search path ... OK
* checking dependencies in R code ... NOTE
Namespace in Imports field not imported from: ‘SparseArray’
All declared Imports should be used.
* checking S3 generic/method consistency ... OK
* checking replacement functions ... OK
* checking foreign function calls ... OK
* checking R code for possible problems ... OK
* checking Rd files ... OK
* checking Rd metadata ... OK
* checking Rd cross-references ... WARNING
Missing link(s) in Rd file 'glm_gp.Rd':
‘dgCMatrix’
See section 'Cross-references' in the 'Writing R Extensions' manual.
Found the following Rd file(s) with Rd \link{} targets missing package
anchors:
glm_gp.Rd: dgCMatrix, DelayedArray, HDF5Matrix, SummarizedExperiment
Please provide package anchors for all Rd \link{} targets not in the
package itself and the base packages.
* checking for missing documentation entries ... OK
* checking for code/documentation mismatches ... OK
* checking Rd \usage sections ... OK
* checking Rd contents ... OK
* checking for unstated dependencies in examples ... OK
* checking line endings in C/C++/Fortran sources/headers ... OK
* checking line endings in Makefiles ... OK
* checking compilation flags in Makevars ... OK
* checking for GNU extensions in Makefiles ... OK
* checking for portable use of $(BLAS_LIBS) and $(LAPACK_LIBS) ... OK
* checking use of PKG_*FLAGS in Makefiles ... OK
* checking compiled code ... NOTE
Note: information on .o files is not available
* checking files in ‘vignettes’ ... OK
* checking examples ... OK
* checking for unstated dependencies in ‘tests’ ... OK
* checking tests ...
Running ‘testthat.R’
OK
* checking for unstated dependencies in vignettes ... OK
* checking package vignettes ... OK
* checking re-building of vignette outputs ... OK
* checking PDF version of manual ... OK
* DONE
Status: 1 WARNING, 2 NOTEs
See
‘/home/biocbuild/bbs-3.21-bioc/meat/glmGamPoi.Rcheck/00check.log’
for details.
glmGamPoi.Rcheck/00install.out
##############################################################################
##############################################################################
###
### Running command:
###
### /home/biocbuild/bbs-3.21-bioc/R/bin/R CMD INSTALL glmGamPoi
###
##############################################################################
##############################################################################
* installing to library ‘/home/biocbuild/bbs-3.21-bioc/R/site-library’
* installing *source* package ‘glmGamPoi’ ...
** this is package ‘glmGamPoi’ version ‘1.20.0’
** using staged installation
** libs
using C++ compiler: ‘g++ (Ubuntu 13.3.0-6ubuntu2~24.04) 13.3.0’
using C++17
g++ -std=gnu++17 -I"/home/biocbuild/bbs-3.21-bioc/R/include" -DNDEBUG -I../inst/include/ -I'/home/biocbuild/bbs-3.21-bioc/R/site-library/Rcpp/include' -I'/home/biocbuild/bbs-3.21-bioc/R/site-library/RcppArmadillo/include' -I'/home/biocbuild/bbs-3.21-bioc/R/site-library/beachmat/include' -I'/home/biocbuild/bbs-3.21-bioc/R/site-library/assorthead/include' -I/usr/local/include -fpic -g -O2 -Wall -Werror=format-security -c RcppExports.cpp -o RcppExports.o
g++ -std=gnu++17 -I"/home/biocbuild/bbs-3.21-bioc/R/include" -DNDEBUG -I../inst/include/ -I'/home/biocbuild/bbs-3.21-bioc/R/site-library/Rcpp/include' -I'/home/biocbuild/bbs-3.21-bioc/R/site-library/RcppArmadillo/include' -I'/home/biocbuild/bbs-3.21-bioc/R/site-library/beachmat/include' -I'/home/biocbuild/bbs-3.21-bioc/R/site-library/assorthead/include' -I/usr/local/include -fpic -g -O2 -Wall -Werror=format-security -c beta_estimation.cpp -o beta_estimation.o
beta_estimation.cpp: In function ‘bool lte_n_equal_rows(const Rcpp::NumericMatrix&, int, double)’:
beta_estimation.cpp:31:35: warning: comparison of integer expressions of different signedness: ‘size_t’ {aka ‘long unsigned int’} and ‘int’ [-Wsign-compare]
31 | for(size_t row_idx = 0; row_idx < matrix.nrow(); row_idx++){
| ~~~~~~~~^~~~~~~~~~~~~~~
beta_estimation.cpp:43:20: warning: comparison of integer expressions of different signedness: ‘size_t’ {aka ‘long unsigned int’} and ‘int’ [-Wsign-compare]
43 | if(n_matches > n){
| ~~~~~~~~~~^~~
beta_estimation.cpp: In function ‘Rcpp::IntegerVector get_row_groups(const Rcpp::NumericMatrix&, int, double)’:
beta_estimation.cpp:57:35: warning: comparison of integer expressions of different signedness: ‘size_t’ {aka ‘long unsigned int’} and ‘int’ [-Wsign-compare]
57 | for(size_t row_idx = 0; row_idx < matrix.nrow(); row_idx++){
| ~~~~~~~~^~~~~~~~~~~~~~~
In file included from beta_estimation.cpp:5:
../inst/include/deviance.h: In instantiation of ‘arma::Mat<double> compute_gp_deviance_residuals_matrix_impl(arma::Mat<eT>, arma::Mat<double>, Rcpp::NumericVector) [with NumericType = int; Rcpp::NumericVector = Rcpp::Vector<14, Rcpp::PreserveStorage>]’:
../inst/include/deviance.h:88:58: required from here
../inst/include/deviance.h:76:20: warning: comparison of integer expressions of different signedness: ‘int’ and ‘const arma::uword’ {aka ‘const unsigned int’} [-Wsign-compare]
76 | for(int i = 0; i < Y.n_elem; i++){
| ~~^~~~~~~~~~
../inst/include/deviance.h: In instantiation of ‘arma::Mat<double> compute_gp_deviance_residuals_matrix_impl(arma::Mat<eT>, arma::Mat<double>, Rcpp::NumericVector) [with NumericType = double; Rcpp::NumericVector = Rcpp::Vector<14, Rcpp::PreserveStorage>]’:
../inst/include/deviance.h:91:61: required from here
../inst/include/deviance.h:76:20: warning: comparison of integer expressions of different signedness: ‘int’ and ‘const arma::uword’ {aka ‘const unsigned int’} [-Wsign-compare]
beta_estimation.cpp: In instantiation of ‘void clamp_inplace(arma::Mat<eT>&, double, double) [with NumericType = double]’:
beta_estimation.cpp:80:16: required from here
beta_estimation.cpp:14:20: warning: comparison of integer expressions of different signedness: ‘int’ and ‘const arma::uword’ {aka ‘const unsigned int’} [-Wsign-compare]
14 | for(int i = 0; i < v.n_elem; i++){
| ~~^~~~~~~~~~
../inst/include/deviance.h: In instantiation of ‘double compute_gp_deviance_sum(const arma::Mat<eT>&, const arma::Mat<double>&, double) [with NumericType = double]’:
beta_estimation.cpp:256:40: required from here
../inst/include/deviance.h:53:21: warning: comparison of integer expressions of different signedness: ‘int’ and ‘const arma::uword’ {aka ‘const unsigned int’} [-Wsign-compare]
53 | for (int i = 0; i < Y.n_elem; i++) {
| ~~^~~~~~~~~~
g++ -std=gnu++17 -I"/home/biocbuild/bbs-3.21-bioc/R/include" -DNDEBUG -I../inst/include/ -I'/home/biocbuild/bbs-3.21-bioc/R/site-library/Rcpp/include' -I'/home/biocbuild/bbs-3.21-bioc/R/site-library/RcppArmadillo/include' -I'/home/biocbuild/bbs-3.21-bioc/R/site-library/beachmat/include' -I'/home/biocbuild/bbs-3.21-bioc/R/site-library/assorthead/include' -I/usr/local/include -fpic -g -O2 -Wall -Werror=format-security -c deviance.cpp -o deviance.o
In file included from deviance.cpp:3:
../inst/include/deviance.h: In instantiation of ‘arma::Mat<double> compute_gp_deviance_residuals_matrix_impl(arma::Mat<eT>, arma::Mat<double>, Rcpp::NumericVector) [with NumericType = int; Rcpp::NumericVector = Rcpp::Vector<14, Rcpp::PreserveStorage>]’:
../inst/include/deviance.h:88:58: required from here
../inst/include/deviance.h:76:20: warning: comparison of integer expressions of different signedness: ‘int’ and ‘const arma::uword’ {aka ‘const unsigned int’} [-Wsign-compare]
76 | for(int i = 0; i < Y.n_elem; i++){
| ~~^~~~~~~~~~
../inst/include/deviance.h: In instantiation of ‘arma::Mat<double> compute_gp_deviance_residuals_matrix_impl(arma::Mat<eT>, arma::Mat<double>, Rcpp::NumericVector) [with NumericType = double; Rcpp::NumericVector = Rcpp::Vector<14, Rcpp::PreserveStorage>]’:
../inst/include/deviance.h:91:61: required from here
../inst/include/deviance.h:76:20: warning: comparison of integer expressions of different signedness: ‘int’ and ‘const arma::uword’ {aka ‘const unsigned int’} [-Wsign-compare]
g++ -std=gnu++17 -I"/home/biocbuild/bbs-3.21-bioc/R/include" -DNDEBUG -I../inst/include/ -I'/home/biocbuild/bbs-3.21-bioc/R/site-library/Rcpp/include' -I'/home/biocbuild/bbs-3.21-bioc/R/site-library/RcppArmadillo/include' -I'/home/biocbuild/bbs-3.21-bioc/R/site-library/beachmat/include' -I'/home/biocbuild/bbs-3.21-bioc/R/site-library/assorthead/include' -I/usr/local/include -fpic -g -O2 -Wall -Werror=format-security -c overdispersion.cpp -o overdispersion.o
overdispersion.cpp: In function ‘Rcpp::List make_table_if_small(const Rcpp::NumericVector&, int)’:
overdispersion.cpp:25:22: warning: comparison of integer expressions of different signedness: ‘std::unordered_map<long int, long unsigned int>::size_type’ {aka ‘long unsigned int’} and ‘int’ [-Wsign-compare]
25 | if(counts.size() > stop_if_larger){
| ~~~~~~~~~~~~~~^~~~~~~~~~~~~~~~
overdispersion.cpp: In function ‘double conventional_loglikelihood_fast(Rcpp::NumericVector, Rcpp::NumericVector, double, const arma::mat&, bool, Rcpp::NumericVector, Rcpp::NumericVector)’:
overdispersion.cpp:92:31: warning: comparison of integer expressions of different signedness: ‘size_t’ {aka ‘long unsigned int’} and ‘R_xlen_t’ {aka ‘long int’} [-Wsign-compare]
92 | for(size_t iter = 0; iter < count_frequencies.size(); ++iter){
| ~~~~~^~~~~~~~~~~~~~~~~~~~~~~~~~
overdispersion.cpp:100:23: warning: comparison of integer expressions of different signedness: ‘size_t’ {aka ‘long unsigned int’} and ‘R_xlen_t’ {aka ‘long int’} [-Wsign-compare]
100 | for(size_t i = 0; i < y.size(); ++i){
| ~~^~~~~~~~~~
overdispersion.cpp: In function ‘double conventional_score_function_fast(Rcpp::NumericVector, Rcpp::NumericVector, double, const arma::mat&, bool, Rcpp::NumericVector, Rcpp::NumericVector)’:
overdispersion.cpp:136:31: warning: comparison of integer expressions of different signedness: ‘size_t’ {aka ‘long unsigned int’} and ‘R_xlen_t’ {aka ‘long int’} [-Wsign-compare]
136 | for(size_t iter = 0; iter < count_frequencies.size(); ++iter){
| ~~~~~^~~~~~~~~~~~~~~~~~~~~~~~~~
overdispersion.cpp:159:31: warning: comparison of integer expressions of different signedness: ‘size_t’ {aka ‘long unsigned int’} and ‘R_xlen_t’ {aka ‘long int’} [-Wsign-compare]
159 | for(size_t iter = 0; iter < y.size(); ++iter){
| ~~~~~^~~~~~~~~~
overdispersion.cpp:177:23: warning: comparison of integer expressions of different signedness: ‘size_t’ {aka ‘long unsigned int’} and ‘R_xlen_t’ {aka ‘long int’} [-Wsign-compare]
177 | for(size_t i = 0; i < y.size(); ++i){
| ~~^~~~~~~~~~
overdispersion.cpp: In function ‘double conventional_deriv_score_function_fast(Rcpp::NumericVector, Rcpp::NumericVector, double, const arma::mat&, bool, Rcpp::NumericVector, Rcpp::NumericVector)’:
overdispersion.cpp:233:31: warning: comparison of integer expressions of different signedness: ‘size_t’ {aka ‘long unsigned int’} and ‘R_xlen_t’ {aka ‘long int’} [-Wsign-compare]
233 | for(size_t iter = 0; iter < count_frequencies.size(); ++iter){
| ~~~~~^~~~~~~~~~~~~~~~~~~~~~~~~~
overdispersion.cpp:251:23: warning: comparison of integer expressions of different signedness: ‘size_t’ {aka ‘long unsigned int’} and ‘R_xlen_t’ {aka ‘long int’} [-Wsign-compare]
251 | for(size_t i = 0; i < y.size(); ++i){
| ~~^~~~~~~~~~
g++ -std=gnu++17 -I"/home/biocbuild/bbs-3.21-bioc/R/include" -DNDEBUG -I../inst/include/ -I'/home/biocbuild/bbs-3.21-bioc/R/site-library/Rcpp/include' -I'/home/biocbuild/bbs-3.21-bioc/R/site-library/RcppArmadillo/include' -I'/home/biocbuild/bbs-3.21-bioc/R/site-library/beachmat/include' -I'/home/biocbuild/bbs-3.21-bioc/R/site-library/assorthead/include' -I/usr/local/include -fpic -g -O2 -Wall -Werror=format-security -c utils.cpp -o utils.o
g++ -std=gnu++17 -shared -L/home/biocbuild/bbs-3.21-bioc/R/lib -L/usr/local/lib -o glmGamPoi.so RcppExports.o beta_estimation.o deviance.o overdispersion.o utils.o -llapack -L/home/biocbuild/bbs-3.21-bioc/R/lib -lRblas -lgfortran -lm -lquadmath -L/home/biocbuild/bbs-3.21-bioc/R/lib -lR
installing to /home/biocbuild/bbs-3.21-bioc/R/site-library/00LOCK-glmGamPoi/00new/glmGamPoi/libs
** R
** inst
** byte-compile and prepare package for lazy loading
** help
*** installing help indices
*** copying figures
** building package indices
** installing vignettes
** testing if installed package can be loaded from temporary location
** checking absolute paths in shared objects and dynamic libraries
** testing if installed package can be loaded from final location
** testing if installed package keeps a record of temporary installation path
* DONE (glmGamPoi)
glmGamPoi.Rcheck/tests/testthat.Rout
R version 4.5.1 (2025-06-13) -- "Great Square Root"
Copyright (C) 2025 The R Foundation for Statistical Computing
Platform: x86_64-pc-linux-gnu
R is free software and comes with ABSOLUTELY NO WARRANTY.
You are welcome to redistribute it under certain conditions.
Type 'license()' or 'licence()' for distribution details.
R is a collaborative project with many contributors.
Type 'contributors()' for more information and
'citation()' on how to cite R or R packages in publications.
Type 'demo()' for some demos, 'help()' for on-line help, or
'help.start()' for an HTML browser interface to help.
Type 'q()' to quit R.
> library(testthat)
> library(glmGamPoi)
>
> test_check("glmGamPoi")
[ FAIL 0 | WARN 14 | SKIP 4 | PASS 496 ]
══ Skipped tests (4) ═══════════════════════════════════════════════════════════
• Beta estimation is unprecise on Non-MacOS architectures (1):
'test-estimate_betas.R:228:3'
• Printing tests should be run interactively (1): 'test-printing.R:1:1'
• empty test (2): 'test-test_de.R:60:1', 'test-test_de.R:93:1'
[ FAIL 0 | WARN 14 | SKIP 4 | PASS 496 ]
>
> proc.time()
user system elapsed
41.593 1.379 42.975
glmGamPoi.Rcheck/glmGamPoi-Ex.timings
| name | user | system | elapsed | |
| glm_gp | 1.202 | 0.023 | 1.226 | |
| loc_median_fit | 0.062 | 0.001 | 0.064 | |
| overdispersion_mle | 0.008 | 0.002 | 0.010 | |
| overdispersion_shrinkage | 0.138 | 0.004 | 0.143 | |
| predict.glmGamPoi | 0.062 | 0.017 | 0.080 | |
| pseudobulk | 0.911 | 0.096 | 1.007 | |
| test_de | 0.518 | 0.002 | 0.520 | |