| Back to Multiple platform build/check report for BioC 3.21: simplified long |
|
This page was generated on 2025-04-22 13:16 -0400 (Tue, 22 Apr 2025).
| Hostname | OS | Arch (*) | R version | Installed pkgs |
|---|---|---|---|---|
| nebbiolo1 | Linux (Ubuntu 24.04.1 LTS) | x86_64 | 4.5.0 RC (2025-04-04 r88126) -- "How About a Twenty-Six" | 4831 |
| palomino7 | Windows Server 2022 Datacenter | x64 | 4.5.0 RC (2025-04-04 r88126 ucrt) -- "How About a Twenty-Six" | 4573 |
| lconway | macOS 12.7.1 Monterey | x86_64 | 4.5.0 RC (2025-04-04 r88126) -- "How About a Twenty-Six" | 4599 |
| kjohnson3 | macOS 13.7.1 Ventura | arm64 | 4.5.0 RC (2025-04-04 r88126) -- "How About a Twenty-Six" | 4553 |
| kunpeng2 | Linux (openEuler 24.03 LTS) | aarch64 | R Under development (unstable) (2025-02-19 r87757) -- "Unsuffered Consequences" | 4570 |
| Click on any hostname to see more info about the system (e.g. compilers) (*) as reported by 'uname -p', except on Windows and Mac OS X | ||||
| Package 882/2341 | Hostname | OS / Arch | INSTALL | BUILD | CHECK | BUILD BIN | ||||||||
J. Toedling
| nebbiolo1 | Linux (Ubuntu 24.04.1 LTS) / x86_64 | OK | OK | OK | |||||||||
| palomino7 | Windows Server 2022 Datacenter / x64 | OK | OK | OK | OK | |||||||||
| lconway | macOS 12.7.1 Monterey / x86_64 | OK | OK | WARNINGS | OK | |||||||||
| kjohnson3 | macOS 13.7.1 Ventura / arm64 | OK | OK | WARNINGS | OK | |||||||||
| kunpeng2 | Linux (openEuler 24.03 LTS) / aarch64 | OK | OK | OK | ||||||||||
|
To the developers/maintainers of the girafe package: - Allow up to 24 hours (and sometimes 48 hours) for your latest push to git@git.bioconductor.org:packages/girafe.git to reflect on this report. See Troubleshooting Build Report for more information. - Use the following Renviron settings to reproduce errors and warnings. - If 'R CMD check' started to fail recently on the Linux builder(s) over a missing dependency, add the missing dependency to 'Suggests:' in your DESCRIPTION file. See Renviron.bioc for more information. |
| Package: girafe |
| Version: 1.60.0 |
| Command: /Library/Frameworks/R.framework/Resources/bin/R CMD check --install=check:girafe.install-out.txt --library=/Library/Frameworks/R.framework/Resources/library --no-vignettes --timings girafe_1.60.0.tar.gz |
| StartedAt: 2025-04-21 21:02:35 -0400 (Mon, 21 Apr 2025) |
| EndedAt: 2025-04-21 21:07:05 -0400 (Mon, 21 Apr 2025) |
| EllapsedTime: 270.2 seconds |
| RetCode: 0 |
| Status: WARNINGS |
| CheckDir: girafe.Rcheck |
| Warnings: 1 |
##############################################################################
##############################################################################
###
### Running command:
###
### /Library/Frameworks/R.framework/Resources/bin/R CMD check --install=check:girafe.install-out.txt --library=/Library/Frameworks/R.framework/Resources/library --no-vignettes --timings girafe_1.60.0.tar.gz
###
##############################################################################
##############################################################################
* using log directory ‘/Users/biocbuild/bbs-3.21-bioc/meat/girafe.Rcheck’
* using R version 4.5.0 RC (2025-04-04 r88126)
* using platform: x86_64-apple-darwin20
* R was compiled by
Apple clang version 14.0.0 (clang-1400.0.29.202)
GNU Fortran (GCC) 14.2.0
* running under: macOS Monterey 12.7.6
* using session charset: UTF-8
* using option ‘--no-vignettes’
* checking for file ‘girafe/DESCRIPTION’ ... OK
* checking extension type ... Package
* this is package ‘girafe’ version ‘1.60.0’
* checking package namespace information ... OK
* checking package dependencies ... INFO
Depends: includes the non-default packages:
'BiocGenerics', 'S4Vectors', 'Rsamtools', 'intervals', 'ShortRead',
'genomeIntervals', 'grid'
Adding so many packages to the search path is excessive and importing
selectively is preferable.
* checking if this is a source package ... OK
* checking if there is a namespace ... OK
* checking for hidden files and directories ... OK
* checking for portable file names ... OK
* checking for sufficient/correct file permissions ... OK
* checking whether package ‘girafe’ can be installed ... WARNING
Found the following significant warnings:
coverage.cpp:2:17: warning: using directive refers to implicitly-defined namespace 'std'
See ‘/Users/biocbuild/bbs-3.21-bioc/meat/girafe.Rcheck/00install.out’ for details.
* used C compiler: ‘Apple clang version 14.0.0 (clang-1400.0.29.202)’
* used C++ compiler: ‘Apple clang version 14.0.0 (clang-1400.0.29.202)’
* used SDK: ‘MacOSX11.3.sdk’
* checking installed package size ... OK
* checking package directory ... OK
* checking ‘build’ directory ... OK
* checking DESCRIPTION meta-information ... NOTE
Packages listed in more than one of Depends, Imports, Suggests, Enhances:
‘methods’ ‘genomeIntervals’
A package should be listed in only one of these fields.
* checking top-level files ... OK
* checking for left-over files ... OK
* checking index information ... OK
* checking package subdirectories ... OK
* checking code files for non-ASCII characters ... OK
* checking R files for syntax errors ... OK
* checking whether the package can be loaded ... OK
* checking whether the package can be loaded with stated dependencies ... OK
* checking whether the package can be unloaded cleanly ... OK
* checking whether the namespace can be loaded with stated dependencies ... OK
* checking whether the namespace can be unloaded cleanly ... OK
* checking whether startup messages can be suppressed ... NOTE
No methods found in package ‘IRanges’ for requests: ‘score’, ‘score<-’, ‘sort’ when loading ‘girafe’
It looks like this package (or a package it requires) has a startup
message which cannot be suppressed: see ?packageStartupMessage.
* checking dependencies in R code ... NOTE
'library' or 'require' call to ‘MASS’ in package code.
Please use :: or requireNamespace() instead.
See section 'Suggested packages' in the 'Writing R Extensions' manual.
Package in Depends field not imported from: ‘Rsamtools’
These packages need to be imported from (in the NAMESPACE file)
for when this namespace is loaded but not attached.
Unexported object imported by a ':::' call: ‘genomeIntervals:::intervalsForOverlap’
See the note in ?`:::` about the use of this operator.
* checking S3 generic/method consistency ... OK
* checking replacement functions ... OK
* checking foreign function calls ... OK
* checking R code for possible problems ... NOTE
agiFromBam: no visible binding for global variable ‘mclapply’
agiFromBam: no visible global function definition for ‘scanBamHeader’
agiFromBam: no visible global function definition for ‘ScanBamParam’
agiFromBam : <anonymous>: no visible global function definition for
‘scanBamFlag’
agiFromBam : <anonymous>: no visible global function definition for
‘scanBam’
countReadsAnnotated: no visible binding for global variable ‘mclapply’
countReadsAnnotated: no visible binding for global variable ‘fraction1’
fracOverlap: no visible binding for global variable ‘fraction1’
fracOverlap: no visible binding for global variable ‘fraction2’
getFeatureCounts: no visible binding for global variable ‘fraction1’
getFeatureCounts: no visible binding for global variable ‘Index1’
intPhred: no visible binding for global variable ‘mclapply’
oldAGIoverlap: no visible binding for global variable ‘mclapply’
plotReads: no visible binding for global variable ‘x.start’
plotReads: no visible binding for global variable ‘x.end’
plotReads: no visible binding for global variable ‘y’
reduceOne: no visible binding for global variable ‘fraction1’
reduceOne: no visible binding for global variable ‘fraction2’
windowCountAndGC: no visible binding for global variable ‘n.reads’
windowCountAndGC: no visible global function definition for ‘unmasked’
clusters,AlignedGenomeIntervals: no visible binding for global variable
‘mclapply’
clusters,Genome_intervals: no visible binding for global variable
‘mclapply’
coverage,AlignedGenomeIntervals: no visible binding for global variable
‘mclapply’
coverage,AlignedGenomeIntervals : <anonymous>: no visible binding for
global variable ‘on.minus’
interval_included,AlignedGenomeIntervals-AlignedGenomeIntervals: no
visible binding for global variable ‘mclapply’
reduce,AlignedGenomeIntervals: no visible binding for global variable
‘mclapply’
reduce,Genome_intervals: no visible binding for global variable
‘mclapply’
reduce,Genome_intervals: no visible binding for global variable
‘fraction1’
reduce,Genome_intervals: no visible binding for global variable
‘fraction2’
Undefined global functions or variables:
Index1 ScanBamParam fraction1 fraction2 mclapply n.reads on.minus
scanBam scanBamFlag scanBamHeader unmasked x.end x.start y
* checking Rd files ... OK
* checking Rd metadata ... OK
* checking Rd cross-references ... OK
* checking for missing documentation entries ... OK
* checking for code/documentation mismatches ... OK
* checking Rd \usage sections ... OK
* checking Rd contents ... OK
* checking for unstated dependencies in examples ... OK
* checking line endings in C/C++/Fortran sources/headers ... OK
* checking line endings in Makefiles ... OK
* checking for GNU extensions in Makefiles ... OK
* checking include directives in Makefiles ... OK
* checking compiled code ... NOTE
Note: information on .o files is not available
* checking sizes of PDF files under ‘inst/doc’ ... OK
* checking files in ‘vignettes’ ... OK
* checking examples ... OK
Examples with CPU (user + system) or elapsed time > 5s
user system elapsed
negbinomsig 8.764 0.189 9.023
perWindow 8.249 0.150 8.451
AlignedGenomeIntervals-class 6.150 0.177 6.372
* checking for unstated dependencies in vignettes ... OK
* checking package vignettes ... OK
* checking running R code from vignettes ... SKIPPED
* checking re-building of vignette outputs ... SKIPPED
* checking PDF version of manual ... OK
* DONE
Status: 1 WARNING, 5 NOTEs
See
‘/Users/biocbuild/bbs-3.21-bioc/meat/girafe.Rcheck/00check.log’
for details.
girafe.Rcheck/00install.out
##############################################################################
##############################################################################
###
### Running command:
###
### /Library/Frameworks/R.framework/Resources/bin/R CMD INSTALL girafe
###
##############################################################################
##############################################################################
* installing to library ‘/Library/Frameworks/R.framework/Versions/4.5-x86_64/Resources/library’
* installing *source* package ‘girafe’ ...
** this is package ‘girafe’ version ‘1.60.0’
** using staged installation
** libs
using C compiler: ‘Apple clang version 14.0.0 (clang-1400.0.29.202)’
using C++ compiler: ‘Apple clang version 14.0.0 (clang-1400.0.29.202)’
using SDK: ‘MacOSX11.3.sdk’
clang++ -arch x86_64 -std=gnu++17 -I"/Library/Frameworks/R.framework/Resources/include" -DNDEBUG -I/opt/R/x86_64/include -fPIC -falign-functions=64 -Wall -g -O2 -c coverage.cpp -o coverage.o
coverage.cpp:2:17: warning: using directive refers to implicitly-defined namespace 'std'
using namespace std;
^
1 warning generated.
clang -arch x86_64 -I"/Library/Frameworks/R.framework/Resources/include" -DNDEBUG -I/opt/R/x86_64/include -fPIC -falign-functions=64 -Wall -g -O2 -c girafe_init.c -o girafe_init.o
clang++ -arch x86_64 -std=gnu++17 -dynamiclib -Wl,-headerpad_max_install_names -undefined dynamic_lookup -L/Library/Frameworks/R.framework/Resources/lib -L/opt/R/x86_64/lib -o girafe.so coverage.o girafe_init.o -F/Library/Frameworks/R.framework/.. -framework R
installing to /Library/Frameworks/R.framework/Versions/4.5-x86_64/Resources/library/00LOCK-girafe/00new/girafe/libs
** R
** inst
** byte-compile and prepare package for lazy loading
No methods found in package ‘IRanges’ for requests: ‘score’, ‘score<-’, ‘sort’ when loading ‘girafe’
Creating a generic function for ‘sample’ from package ‘base’ in package ‘girafe’
** help
*** installing help indices
** building package indices
** installing vignettes
** testing if installed package can be loaded from temporary location
No methods found in package ‘IRanges’ for requests: ‘score’, ‘score<-’, ‘sort’ when loading ‘girafe’
Warning in fun(libname, pkgname) :
Package 'girafe' is deprecated and will be removed from Bioconductor
version 3.22
** checking absolute paths in shared objects and dynamic libraries
** testing if installed package can be loaded from final location
No methods found in package ‘IRanges’ for requests: ‘score’, ‘score<-’, ‘sort’ when loading ‘girafe’
Warning in fun(libname, pkgname) :
Package 'girafe' is deprecated and will be removed from Bioconductor
version 3.22
** testing if installed package keeps a record of temporary installation path
* DONE (girafe)
girafe.Rcheck/girafe-Ex.timings
| name | user | system | elapsed | |
| AlignedGenomeIntervals-class | 6.150 | 0.177 | 6.372 | |
| agiFromBam | 0.164 | 0.003 | 0.169 | |
| countReadsAnnotated | 0.904 | 0.014 | 0.923 | |
| fracOverlap | 0.125 | 0.003 | 0.129 | |
| intPhred | 0.237 | 0.347 | 0.589 | |
| medianByPosition | 0.425 | 0.116 | 0.545 | |
| negbinomsig | 8.764 | 0.189 | 9.023 | |
| perWindow | 8.249 | 0.150 | 8.451 | |
| plotAligned | 0.016 | 0.000 | 0.016 | |
| trimAdapter | 0.137 | 0.113 | 0.251 | |
| weightedConsensusMatrix | 0.004 | 0.001 | 0.005 | |
| whichNearestMethods | 0.295 | 0.111 | 0.407 | |