Back to Multiple platform build/check report for BioC 3.21:   simplified   long
ABCDEF[G]HIJKLMNOPQRSTUVWXYZ

This page was generated on 2025-10-09 11:41 -0400 (Thu, 09 Oct 2025).

HostnameOSArch (*)R versionInstalled pkgs
nebbiolo1Linux (Ubuntu 24.04.3 LTS)x86_644.5.1 (2025-06-13) -- "Great Square Root" 4832
merida1macOS 12.7.5 Montereyx86_644.5.1 RC (2025-06-05 r88288) -- "Great Square Root" 4613
kjohnson1macOS 13.6.6 Venturaarm644.5.1 Patched (2025-06-14 r88325) -- "Great Square Root" 4554
kunpeng2Linux (openEuler 24.03 LTS)aarch64R Under development (unstable) (2025-02-19 r87757) -- "Unsuffered Consequences" 4585
Click on any hostname to see more info about the system (e.g. compilers)      (*) as reported by 'uname -p', except on Windows and Mac OS X

Package 868/2341HostnameOS / ArchINSTALLBUILDCHECKBUILD BIN
ggkegg 1.6.1  (landing page)
Noriaki Sato
Snapshot Date: 2025-10-06 13:40 -0400 (Mon, 06 Oct 2025)
git_url: https://git.bioconductor.org/packages/ggkegg
git_branch: RELEASE_3_21
git_last_commit: 9bf164c
git_last_commit_date: 2025-09-23 21:43:08 -0400 (Tue, 23 Sep 2025)
nebbiolo1Linux (Ubuntu 24.04.3 LTS) / x86_64  OK    OK    ERROR  
merida1macOS 12.7.5 Monterey / x86_64  OK    OK    ERROR    OK  
kjohnson1macOS 13.6.6 Ventura / arm64  OK    OK    ERROR    OK  
kunpeng2Linux (openEuler 24.03 LTS) / aarch64  OK    ERROR  skipped


BUILD results for ggkegg on kunpeng2

To the developers/maintainers of the ggkegg package:
- Allow up to 24 hours (and sometimes 48 hours) for your latest push to git@git.bioconductor.org:packages/ggkegg.git to reflect on this report. See Troubleshooting Build Report for more information.
- Use the following Renviron settings to reproduce errors and warnings.
- If 'R CMD check' started to fail recently on the Linux builder(s) over a missing dependency, add the missing dependency to 'Suggests:' in your DESCRIPTION file. See Renviron.bioc for more information.
- See Martin Grigorov's blog post for how to debug Linux ARM64 related issues on a x86_64 host.

raw results


Summary

Package: ggkegg
Version: 1.6.1
Command: /home/biocbuild/R/R/bin/R CMD build --keep-empty-dirs --no-resave-data ggkegg
StartedAt: 2025-10-07 01:16:09 -0000 (Tue, 07 Oct 2025)
EndedAt: 2025-10-07 01:16:54 -0000 (Tue, 07 Oct 2025)
EllapsedTime: 45.0 seconds
RetCode: 1
Status:   ERROR  
PackageFile: None
PackageFileSize: NA

Command output

##############################################################################
##############################################################################
###
### Running command:
###
###   /home/biocbuild/R/R/bin/R CMD build --keep-empty-dirs --no-resave-data ggkegg
###
##############################################################################
##############################################################################


* checking for file ‘ggkegg/DESCRIPTION’ ... OK
* preparing ‘ggkegg’:
* checking DESCRIPTION meta-information ... OK
* installing the package to build vignettes
* creating vignettes ... ERROR
--- re-building ‘usage_of_ggkegg.Rmd’ using rmarkdown

Quitting from usage_of_ggkegg.Rmd:157-160 [module2]
~~~~~~~~~~~~~~~~~~~~~~~~~~~~~~~~~~~~~~~~~~~~~~~~~~~~~~~~~~~~~~~~~~~~~~~~~~~~~~~~
<error/rlang_error>
Error in `bfcrpath()`:
! not all 'rnames' found or unique.
---
Backtrace:
    ▆
 1. └─ggkegg::module("M00002", use_cache = TRUE)
 2.   ├─BiocFileCache::bfcrpath(...)
 3.   └─BiocFileCache::bfcrpath(...)
~~~~~~~~~~~~~~~~~~~~~~~~~~~~~~~~~~~~~~~~~~~~~~~~~~~~~~~~~~~~~~~~~~~~~~~~~~~~~~~~

Error: processing vignette 'usage_of_ggkegg.Rmd' failed with diagnostics:
not all 'rnames' found or unique.
--- failed re-building ‘usage_of_ggkegg.Rmd’

SUMMARY: processing the following file failed:
  ‘usage_of_ggkegg.Rmd’

Error: Vignette re-building failed.
Execution halted