| Back to Multiple platform build/check report for BioC 3.21: simplified long |
|
This page was generated on 2025-04-22 13:18 -0400 (Tue, 22 Apr 2025).
| Hostname | OS | Arch (*) | R version | Installed pkgs |
|---|---|---|---|---|
| nebbiolo1 | Linux (Ubuntu 24.04.1 LTS) | x86_64 | 4.5.0 RC (2025-04-04 r88126) -- "How About a Twenty-Six" | 4831 |
| palomino7 | Windows Server 2022 Datacenter | x64 | 4.5.0 RC (2025-04-04 r88126 ucrt) -- "How About a Twenty-Six" | 4573 |
| lconway | macOS 12.7.1 Monterey | x86_64 | 4.5.0 RC (2025-04-04 r88126) -- "How About a Twenty-Six" | 4599 |
| kjohnson3 | macOS 13.7.1 Ventura | arm64 | 4.5.0 RC (2025-04-04 r88126) -- "How About a Twenty-Six" | 4553 |
| kunpeng2 | Linux (openEuler 24.03 LTS) | aarch64 | R Under development (unstable) (2025-02-19 r87757) -- "Unsuffered Consequences" | 4570 |
| Click on any hostname to see more info about the system (e.g. compilers) (*) as reported by 'uname -p', except on Windows and Mac OS X | ||||
| Package 867/2341 | Hostname | OS / Arch | INSTALL | BUILD | CHECK | BUILD BIN | ||||||||
| ggcyto 1.36.0 (landing page) Mike Jiang
| nebbiolo1 | Linux (Ubuntu 24.04.1 LTS) / x86_64 | OK | OK | WARNINGS | |||||||||
| palomino7 | Windows Server 2022 Datacenter / x64 | OK | OK | WARNINGS | OK | |||||||||
| lconway | macOS 12.7.1 Monterey / x86_64 | OK | ERROR | skipped | skipped | |||||||||
| kjohnson3 | macOS 13.7.1 Ventura / arm64 | OK | ERROR | skipped | skipped | |||||||||
| kunpeng2 | Linux (openEuler 24.03 LTS) / aarch64 | OK | OK | WARNINGS | ||||||||||
|
To the developers/maintainers of the ggcyto package: - Allow up to 24 hours (and sometimes 48 hours) for your latest push to git@git.bioconductor.org:packages/ggcyto.git to reflect on this report. See Troubleshooting Build Report for more information. - Use the following Renviron settings to reproduce errors and warnings. - If 'R CMD check' started to fail recently on the Linux builder(s) over a missing dependency, add the missing dependency to 'Suggests:' in your DESCRIPTION file. See Renviron.bioc for more information. |
| Package: ggcyto |
| Version: 1.36.0 |
| Command: /Library/Frameworks/R.framework/Resources/bin/R CMD build --keep-empty-dirs --no-resave-data ggcyto |
| StartedAt: 2025-04-21 16:28:13 -0400 (Mon, 21 Apr 2025) |
| EndedAt: 2025-04-21 16:28:40 -0400 (Mon, 21 Apr 2025) |
| EllapsedTime: 27.3 seconds |
| RetCode: 1 |
| Status: ERROR |
| PackageFile: None |
| PackageFileSize: NA |
##############################################################################
##############################################################################
###
### Running command:
###
### /Library/Frameworks/R.framework/Resources/bin/R CMD build --keep-empty-dirs --no-resave-data ggcyto
###
##############################################################################
##############################################################################
* checking for file ‘ggcyto/DESCRIPTION’ ... OK
* preparing ‘ggcyto’:
* checking DESCRIPTION meta-information ... OK
* installing the package to process help pages
* saving partial Rd database
* creating vignettes ... ERROR
--- re-building ‘Top_features_of_ggcyto.Rmd’ using rmarkdown
2025-04-21 16:28:22.345 R[99578:1000099007] XType: Using static font registry.
Quitting from Top_features_of_ggcyto.Rmd:99-115 [unnamed-chunk-9]
~~~~~~~~~~~~~~~~~~~~~~~~~~~~~~~~~~~~~~~~~~~~~~~~~~~~~~~~~~~~~~~~~~~~~~~~~~~~~~~~
<error/rlang_error>
Error in `loadNamespace()`:
! there is no package called 'openCyto'
---
Backtrace:
▆
1. └─base::loadNamespace(x)
2. └─base::withRestarts(stop(cond), retry_loadNamespace = function() NULL)
3. └─base (local) withOneRestart(expr, restarts[[1L]])
4. └─base (local) doWithOneRestart(return(expr), restart)
~~~~~~~~~~~~~~~~~~~~~~~~~~~~~~~~~~~~~~~~~~~~~~~~~~~~~~~~~~~~~~~~~~~~~~~~~~~~~~~~
Error: processing vignette 'Top_features_of_ggcyto.Rmd' failed with diagnostics:
there is no package called 'openCyto'
--- failed re-building ‘Top_features_of_ggcyto.Rmd’
--- re-building ‘autoplot.Rmd’ using rmarkdown
--- finished re-building ‘autoplot.Rmd’
--- re-building ‘ggcyto.GatingSet.Rmd’ using rmarkdown
--- finished re-building ‘ggcyto.GatingSet.Rmd’
--- re-building ‘ggcyto.flowSet.Rmd’ using rmarkdown
Quitting from ggcyto.flowSet.Rmd:138-141 [unnamed-chunk-19]
~~~~~~~~~~~~~~~~~~~~~~~~~~~~~~~~~~~~~~~~~~~~~~~~~~~~~~~~~~~~~~~~~~~~~~~~~~~~~~~~
<error/rlang_error>
Error in `loadNamespace()`:
! there is no package called 'openCyto'
---
Backtrace:
▆
1. ├─flowCore::fsApply(...)
2. ├─flowCore::fsApply(...)
3. │ └─base::match.fun(FUN)
4. └─base::loadNamespace(x)
5. └─base::withRestarts(stop(cond), retry_loadNamespace = function() NULL)
6. └─base (local) withOneRestart(expr, restarts[[1L]])
7. └─base (local) doWithOneRestart(return(expr), restart)
~~~~~~~~~~~~~~~~~~~~~~~~~~~~~~~~~~~~~~~~~~~~~~~~~~~~~~~~~~~~~~~~~~~~~~~~~~~~~~~~
Error: processing vignette 'ggcyto.flowSet.Rmd' failed with diagnostics:
there is no package called 'openCyto'
--- failed re-building ‘ggcyto.flowSet.Rmd’
SUMMARY: processing the following files failed:
‘Top_features_of_ggcyto.Rmd’ ‘ggcyto.flowSet.Rmd’
Error: Vignette re-building failed.
Execution halted