| Back to Multiple platform build/check report for BioC 3.22: simplified long |
|
This page was generated on 2025-11-20 12:03 -0500 (Thu, 20 Nov 2025).
| Hostname | OS | Arch (*) | R version | Installed pkgs |
|---|---|---|---|---|
| nebbiolo2 | Linux (Ubuntu 24.04.3 LTS) | x86_64 | 4.5.2 (2025-10-31) -- "[Not] Part in a Rumble" | 4615 |
| merida1 | macOS 12.7.6 Monterey | x86_64 | 4.5.2 Patched (2025-11-05 r88990) -- "[Not] Part in a Rumble" | 4610 |
| kjohnson1 | macOS 13.7.5 Ventura | arm64 | 4.5.2 Patched (2025-11-04 r88984) -- "[Not] Part in a Rumble" | 4598 |
| taishan | Linux (openEuler 24.03 LTS) | aarch64 | 4.5.0 (2025-04-11) -- "How About a Twenty-Six" | 4668 |
| Click on any hostname to see more info about the system (e.g. compilers) (*) as reported by 'uname -p', except on Windows and Mac OS X | ||||
| Package 801/2361 | Hostname | OS / Arch | INSTALL | BUILD | CHECK | BUILD BIN | ||||||||
| gDNAx 1.8.0 (landing page) Robert Castelo
| nebbiolo2 | Linux (Ubuntu 24.04.3 LTS) / x86_64 | OK | ERROR | skipped | |||||||||
| merida1 | macOS 12.7.6 Monterey / x86_64 | OK | OK | OK | OK | |||||||||
| kjohnson1 | macOS 13.7.5 Ventura / arm64 | OK | OK | OK | OK | |||||||||
| taishan | Linux (openEuler 24.03 LTS) / aarch64 | OK | OK | OK | ||||||||||
|
To the developers/maintainers of the gDNAx package: - Allow up to 24 hours (and sometimes 48 hours) for your latest push to git@git.bioconductor.org:packages/gDNAx.git to reflect on this report. See Troubleshooting Build Report for more information. - Use the following Renviron settings to reproduce errors and warnings. - If 'R CMD check' started to fail recently on the Linux builder(s) over a missing dependency, add the missing dependency to 'Suggests:' in your DESCRIPTION file. See Renviron.bioc for more information. |
| Package: gDNAx |
| Version: 1.8.0 |
| Command: /home/biocbuild/bbs-3.22-bioc/R/bin/R CMD build --keep-empty-dirs --no-resave-data --md5 gDNAx |
| StartedAt: 2025-11-17 21:05:37 -0500 (Mon, 17 Nov 2025) |
| EndedAt: 2025-11-17 21:06:39 -0500 (Mon, 17 Nov 2025) |
| EllapsedTime: 62.0 seconds |
| RetCode: 1 |
| Status: ERROR |
| PackageFile: None |
| PackageFileSize: NA |
##############################################################################
##############################################################################
###
### Running command:
###
### /home/biocbuild/bbs-3.22-bioc/R/bin/R CMD build --keep-empty-dirs --no-resave-data --md5 gDNAx
###
##############################################################################
##############################################################################
* checking for file ‘gDNAx/DESCRIPTION’ ... OK
* preparing ‘gDNAx’:
* checking DESCRIPTION meta-information ... OK
* installing the package to build vignettes
* creating vignettes ... ERROR
--- re-building ‘gDNAx.Rmd’ using rmarkdown
Quitting from gDNAx.Rmd:63-73 [unnamed-chunk-1]
~~~~~~~~~~~~~~~~~~~~~~~~~~~~~~~~~~~~~~~~~~~~~~~~~~~~~~~~~~~~~~~~~~~~~~~~~~~~~~~~
<error/rlang_error>
Error:
! failed to load resource
name: EH8079
title: RNA-seq data BAM file subset of HRR589632 contaminated with 0% gDNA
reason: 2 resources failed to download
---
Backtrace:
▆
1. └─gDNAinRNAseqData::LiYu22subsetBAMfiles()
2. ├─ehres[[i]]
3. └─ehres[[i]]
4. └─ExperimentHub (local) .local(x, i, j = j, ...)
5. ├─methods::callNextMethod(...)
6. │ └─base::eval(call, callEnv)
7. │ └─base::eval(call, callEnv)
8. └─AnnotationHub (local) .nextMethod(...)
9. └─AnnotationHub (local) .local(x, i, j = j, ...)
10. └─AnnotationHub:::.Hub_get1(...)
11. └─base::tryCatch(...)
12. └─base (local) tryCatchList(expr, classes, parentenv, handlers)
13. └─base (local) tryCatchOne(expr, names, parentenv, handlers[[1L]])
14. └─value[[3L]](cond)
15. └─base::tryCatch(...)
16. └─base (local) tryCatchList(expr, classes, parentenv, handlers)
17. └─base (local) tryCatchOne(expr, names, parentenv, handlers[[1L]])
18. └─value[[3L]](cond)
~~~~~~~~~~~~~~~~~~~~~~~~~~~~~~~~~~~~~~~~~~~~~~~~~~~~~~~~~~~~~~~~~~~~~~~~~~~~~~~~
Error: processing vignette 'gDNAx.Rmd' failed with diagnostics:
failed to load resource
name: EH8079
title: RNA-seq data BAM file subset of HRR589632 contaminated with 0% gDNA
reason: 2 resources failed to download
--- failed re-building ‘gDNAx.Rmd’
SUMMARY: processing the following file failed:
‘gDNAx.Rmd’
Error: Vignette re-building failed.
Execution halted