Back to Multiple platform build/check report for BioC 3.22:   simplified   long
ABCDE[F]GHIJKLMNOPQRSTUVWXYZ

This page was generated on 2025-11-06 12:00 -0500 (Thu, 06 Nov 2025).

HostnameOSArch (*)R versionInstalled pkgs
nebbiolo2Linux (Ubuntu 24.04.3 LTS)x86_644.5.1 Patched (2025-08-23 r88802) -- "Great Square Root" 4902
kjohnson3macOS 13.7.7 Venturaarm644.5.1 Patched (2025-09-10 r88807) -- "Great Square Root" 4638
Click on any hostname to see more info about the system (e.g. compilers)      (*) as reported by 'uname -p', except on Windows and Mac OS X

Package 743/2361HostnameOS / ArchINSTALLBUILDCHECKBUILD BIN
flagme 1.66.0  (landing page)
Mark Robinson , Riccardo Romoli
Snapshot Date: 2025-11-05 13:45 -0500 (Wed, 05 Nov 2025)
git_url: https://git.bioconductor.org/packages/flagme
git_branch: RELEASE_3_22
git_last_commit: cfc1743
git_last_commit_date: 2025-10-29 10:02:01 -0500 (Wed, 29 Oct 2025)
nebbiolo2Linux (Ubuntu 24.04.3 LTS) / x86_64  OK    OK    WARNINGS  UNNEEDED, same version is already published
kjohnson3macOS 13.7.7 Ventura / arm64  OK    OK    WARNINGS    OK  NO, package depends on 'CAMERA' which is only available as a source package that needs compilation


CHECK results for flagme on nebbiolo2

To the developers/maintainers of the flagme package:
- Allow up to 24 hours (and sometimes 48 hours) for your latest push to git@git.bioconductor.org:packages/flagme.git to reflect on this report. See Troubleshooting Build Report for more information.
- Use the following Renviron settings to reproduce errors and warnings.
- If 'R CMD check' started to fail recently on the Linux builder(s) over a missing dependency, add the missing dependency to 'Suggests:' in your DESCRIPTION file. See Renviron.bioc for more information.

raw results


Summary

Package: flagme
Version: 1.66.0
Command: /home/biocbuild/bbs-3.22-bioc/R/bin/R CMD check --install=check:flagme.install-out.txt --library=/home/biocbuild/bbs-3.22-bioc/R/site-library --timings flagme_1.66.0.tar.gz
StartedAt: 2025-11-05 23:45:26 -0500 (Wed, 05 Nov 2025)
EndedAt: 2025-11-06 00:02:05 -0500 (Thu, 06 Nov 2025)
EllapsedTime: 999.1 seconds
RetCode: 0
Status:   WARNINGS  
CheckDir: flagme.Rcheck
Warnings: 2

Command output

##############################################################################
##############################################################################
###
### Running command:
###
###   /home/biocbuild/bbs-3.22-bioc/R/bin/R CMD check --install=check:flagme.install-out.txt --library=/home/biocbuild/bbs-3.22-bioc/R/site-library --timings flagme_1.66.0.tar.gz
###
##############################################################################
##############################################################################


* using log directory ‘/home/biocbuild/bbs-3.22-bioc/meat/flagme.Rcheck’
* using R version 4.5.1 Patched (2025-08-23 r88802)
* using platform: x86_64-pc-linux-gnu
* R was compiled by
    gcc (Ubuntu 13.3.0-6ubuntu2~24.04) 13.3.0
    GNU Fortran (Ubuntu 13.3.0-6ubuntu2~24.04) 13.3.0
* running under: Ubuntu 24.04.3 LTS
* using session charset: UTF-8
* checking for file ‘flagme/DESCRIPTION’ ... OK
* this is package ‘flagme’ version ‘1.66.0’
* package encoding: UTF-8
* checking package namespace information ... OK
* checking package dependencies ... OK
* checking if this is a source package ... OK
* checking if there is a namespace ... OK
* checking for hidden files and directories ... OK
* checking for portable file names ... OK
* checking for sufficient/correct file permissions ... OK
* checking whether package ‘flagme’ can be installed ... OK
* used C compiler: ‘gcc (Ubuntu 13.3.0-6ubuntu2~24.04) 13.3.0’
* checking installed package size ... OK
* checking package directory ... OK
* checking ‘build’ directory ... OK
* checking DESCRIPTION meta-information ... OK
* checking top-level files ... OK
* checking for left-over files ... OK
* checking index information ... OK
* checking package subdirectories ... OK
* checking code files for non-ASCII characters ... OK
* checking R files for syntax errors ... OK
* checking whether the package can be loaded ... OK
* checking whether the package can be loaded with stated dependencies ... OK
* checking whether the package can be unloaded cleanly ... OK
* checking whether the namespace can be loaded with stated dependencies ... OK
* checking whether the namespace can be unloaded cleanly ... OK
* checking loading without being on the library search path ... OK
* checking whether startup messages can be suppressed ... OK
* checking dependencies in R code ... NOTE
Unexported object imported by a ':::' call: ‘xcms:::rectUnique’
  See the note in ?`:::` about the use of this operator.
* checking S3 generic/method consistency ... OK
* checking replacement functions ... OK
* checking foreign function calls ... OK
* checking R code for possible problems ... NOTE
addXCMSPeaks: no visible global function definition for ‘bpparam’
addXCMSPeaks: no visible global function definition for ‘sampnames’
addXCMSPeaks : <anonymous> : <anonymous>: no visible global function
  definition for ‘setNames’
importSpec : <anonymous>: no visible global function definition for
  ‘setNames’
Undefined global functions or variables:
  bpparam sampnames setNames
Consider adding
  importFrom("stats", "setNames")
to your NAMESPACE file.
* checking Rd files ... OK
* checking Rd metadata ... OK
* checking Rd cross-references ... WARNING
Missing link(s) in Rd file 'addXCMSPeaks.Rd':
  ‘[xcms]{findPeaks-matchedFilter}’ ‘[xcms]{findPeaks-centWave}’
  ‘[xcms]{peaksDataset}’

Missing link(s) in Rd file 'plotAlignment-peaksAlignment-method.Rd':
  ‘plotAlignment’

Missing link(s) in Rd file 'plotClustAlignment-clusterAlignment-method.Rd':
  ‘plotAlignment’

See section 'Cross-references' in the 'Writing R Extensions' manual.

Found the following Rd file(s) with Rd \link{} targets missing package
anchors:
  plotAlignment-peaksAlignment-method.Rd: plotAlignment
  plotClustAlignment-clusterAlignment-method.Rd: plotAlignment
Please provide package anchors for all Rd \link{} targets not in the
package itself and the base packages.
* checking for missing documentation entries ... WARNING
Undocumented code objects:
  ‘plotAlignment’ ‘plotChrom’ ‘plotClustAlignment’
Undocumented S4 methods:
  generic 'show' and siglist 'betweenAlignment'
All user-level objects in a package (including S4 classes and methods)
should have documentation entries.
See chapter ‘Writing R documentation files’ in the ‘Writing R
Extensions’ manual.
* checking for code/documentation mismatches ... OK
* checking Rd \usage sections ... OK
* checking Rd contents ... OK
* checking for unstated dependencies in examples ... OK
* checking line endings in C/C++/Fortran sources/headers ... OK
* checking compiled code ... NOTE
Note: information on .o files is not available
* checking files in ‘vignettes’ ... OK
* checking examples ... OK
Examples with CPU (user + system) or elapsed time > 5s
                                             user system elapsed
plotAlignedFrags                           92.906 18.843  59.038
addXCMSPeaks                               50.645  9.094  44.350
plotAlignment-peaksAlignment-method        45.649  8.854  38.150
peaksAlignment-class                       43.892  8.867  37.055
corPrt                                     43.179  9.379  37.079
progressiveAlignment-class                 41.750  9.219  36.752
ndpRT                                      41.962  7.799  34.644
dynRT                                      41.401  8.223  34.837
plotFrags                                  41.343  7.923  34.302
retFatMatrix                               41.274  7.012  34.047
imputePeaks                                 9.634  0.366  10.006
plotChrom-peaksDataset-method               7.866  0.569   8.435
calcTimeDiffs                               7.210  0.451   7.662
multipleAlignment-class                     7.309  0.182   7.492
gatherInfo                                  7.077  0.373   7.451
rmaFitUnit                                  6.729  0.061   6.791
clusterAlignment                            6.248  0.303   6.551
plotClustAlignment-clusterAlignment-method  6.082  0.309   6.391
dp                                          6.111  0.247   6.358
normDotProduct                              5.202  0.482   5.684
peaksDataset                                5.044  0.487   5.530
* checking for unstated dependencies in vignettes ... OK
* checking package vignettes ... OK
* checking re-building of vignette outputs ... OK
* checking PDF version of manual ... OK
* DONE

Status: 2 WARNINGs, 3 NOTEs
See
  ‘/home/biocbuild/bbs-3.22-bioc/meat/flagme.Rcheck/00check.log’
for details.


Installation output

flagme.Rcheck/00install.out

##############################################################################
##############################################################################
###
### Running command:
###
###   /home/biocbuild/bbs-3.22-bioc/R/bin/R CMD INSTALL flagme
###
##############################################################################
##############################################################################


* installing to library ‘/home/biocbuild/bbs-3.22-bioc/R/site-library’
* installing *source* package ‘flagme’ ...
** this is package ‘flagme’ version ‘1.66.0’
** using staged installation
** libs
using C compiler: ‘gcc (Ubuntu 13.3.0-6ubuntu2~24.04) 13.3.0’
gcc -std=gnu2x -I"/home/biocbuild/bbs-3.22-bioc/R/include" -DNDEBUG   -I/usr/local/include    -fpic  -g -O2  -Wall -Werror=format-security -c dp.c -o dp.o
dp.c: In function ‘dp’:
dp.c:264:35: warning: ‘tb’ may be used uninitialized [-Wmaybe-uninitialized]
  264 |           phi[(i+1)+(j+1)*(nr+1)] = tb;
      |           ~~~~~~~~~~~~~~~~~~~~~~~~^~~~
dp.c:217:30: note: ‘tb’ was declared here
  217 |   int i,j, nr=*nr_, nc=*nc_, tb, count=0, done=0;
      |                              ^~
dp.c:263:33: warning: ‘cur_min’ may be used uninitialized [-Wmaybe-uninitialized]
  263 |           D[(i+1)+(j+1)*(nr+1)] = cur_min;
      |           ~~~~~~~~~~~~~~~~~~~~~~^~~~~~~~~
dp.c:218:21: note: ‘cur_min’ was declared here
  218 |   double gap=*gap_, cur_min, a, b, c;
      |                     ^~~~~~~
gcc -std=gnu2x -I"/home/biocbuild/bbs-3.22-bioc/R/include" -DNDEBUG   -I/usr/local/include    -fpic  -g -O2  -Wall -Werror=format-security -c init.c -o init.o
gcc -std=gnu2x -I"/home/biocbuild/bbs-3.22-bioc/R/include" -DNDEBUG   -I/usr/local/include    -fpic  -g -O2  -Wall -Werror=format-security -c pearson.c -o pearson.o
gcc -std=gnu2x -shared -L/home/biocbuild/bbs-3.22-bioc/R/lib -L/usr/local/lib -o flagme.so dp.o init.o pearson.o -L/home/biocbuild/bbs-3.22-bioc/R/lib -lR
installing to /home/biocbuild/bbs-3.22-bioc/R/site-library/00LOCK-flagme/00new/flagme/libs
** R
** inst
** byte-compile and prepare package for lazy loading
** help
*** installing help indices
** building package indices
** installing vignettes
** testing if installed package can be loaded from temporary location
** checking absolute paths in shared objects and dynamic libraries
** testing if installed package can be loaded from final location
** testing if installed package keeps a record of temporary installation path
* DONE (flagme)

Tests output


Example timings

flagme.Rcheck/flagme-Ex.timings

nameusersystemelapsed
addAMDISPeaks4.0580.1784.264
addChromaTOFPeaks3.0990.1173.215
addXCMSPeaks50.645 9.09444.350
betweenAlignment000
calcTimeDiffs7.2100.4517.662
clusterAlignment6.2480.3036.551
corPrt43.179 9.37937.079
dp6.1110.2476.358
dynRT41.401 8.22334.837
gatherInfo7.0770.3737.451
imputePeaks 9.634 0.36610.006
multipleAlignment-class7.3090.1827.492
ndpRT41.962 7.79934.644
normDotProduct5.2020.4825.684
parseChromaTOF2.0240.0362.060
parseELU1.7450.0441.789
peaksAlignment-class43.892 8.86737.055
peaksDataset5.0440.4875.530
plotAlignedFrags92.90618.84359.038
plotAlignment-peaksAlignment-method45.649 8.85438.150
plotChrom-peaksDataset-method7.8660.5698.435
plotClustAlignment-clusterAlignment-method6.0820.3096.391
plotFrags41.343 7.92334.302
plotImage4.1420.5054.646
progressiveAlignment-class41.750 9.21936.752
retFatMatrix41.274 7.01234.047
rmaFitUnit6.7290.0616.791