Back to Multiple platform build/check report for BioC 3.21:   simplified   long
ABCD[E]FGHIJKLMNOPQRSTUVWXYZ

This page was generated on 2025-05-15 11:46 -0400 (Thu, 15 May 2025).

HostnameOSArch (*)R versionInstalled pkgs
nebbiolo1Linux (Ubuntu 24.04.1 LTS)x86_644.5.0 RC (2025-04-04 r88126) -- "How About a Twenty-Six" 4833
palomino7Windows Server 2022 Datacenterx644.5.0 RC (2025-04-04 r88126 ucrt) -- "How About a Twenty-Six" 4575
merida1macOS 12.7.5 Montereyx86_644.5.0 RC (2025-04-04 r88126) -- "How About a Twenty-Six" 4600
kjohnson1macOS 13.6.6 Venturaarm644.5.0 RC (2025-04-04 r88129) -- "How About a Twenty-Six" 4554
kunpeng2Linux (openEuler 24.03 LTS)aarch64R Under development (unstable) (2025-02-19 r87757) -- "Unsuffered Consequences" 4571
Click on any hostname to see more info about the system (e.g. compilers)      (*) as reported by 'uname -p', except on Windows and Mac OS X

Package 673/2341HostnameOS / ArchINSTALLBUILDCHECKBUILD BIN
epimutacions 1.12.0  (landing page)
Dolors Pelegri-Siso
Snapshot Date: 2025-05-12 13:40 -0400 (Mon, 12 May 2025)
git_url: https://git.bioconductor.org/packages/epimutacions
git_branch: RELEASE_3_21
git_last_commit: 148d72e
git_last_commit_date: 2025-04-15 12:49:38 -0400 (Tue, 15 Apr 2025)
nebbiolo1Linux (Ubuntu 24.04.1 LTS) / x86_64  OK    OK    OK  UNNEEDED, same version is already published
palomino7Windows Server 2022 Datacenter / x64  OK    ERROR  skippedskipped
merida1macOS 12.7.5 Monterey / x86_64  OK    ERROR  skippedskipped
kjohnson1macOS 13.6.6 Ventura / arm64  OK    ERROR  skippedskipped
kunpeng2Linux (openEuler 24.03 LTS) / aarch64  OK    ERROR  skipped


BUILD results for epimutacions on kunpeng2

To the developers/maintainers of the epimutacions package:
- Allow up to 24 hours (and sometimes 48 hours) for your latest push to git@git.bioconductor.org:packages/epimutacions.git to reflect on this report. See Troubleshooting Build Report for more information.
- Use the following Renviron settings to reproduce errors and warnings.
- If 'R CMD check' started to fail recently on the Linux builder(s) over a missing dependency, add the missing dependency to 'Suggests:' in your DESCRIPTION file. See Renviron.bioc for more information.
- See Martin Grigorov's blog post for how to debug Linux ARM64 related issues on a x86_64 host.

raw results


Summary

Package: epimutacions
Version: 1.12.0
Command: /home/biocbuild/R/R/bin/R CMD build --keep-empty-dirs --no-resave-data epimutacions
StartedAt: 2025-05-13 00:29:06 -0000 (Tue, 13 May 2025)
EndedAt: 2025-05-13 00:33:15 -0000 (Tue, 13 May 2025)
EllapsedTime: 249.1 seconds
RetCode: 1
Status:   ERROR  
PackageFile: None
PackageFileSize: NA

Command output

##############################################################################
##############################################################################
###
### Running command:
###
###   /home/biocbuild/R/R/bin/R CMD build --keep-empty-dirs --no-resave-data epimutacions
###
##############################################################################
##############################################################################


* checking for file ‘epimutacions/DESCRIPTION’ ... OK
* preparing ‘epimutacions’:
* checking DESCRIPTION meta-information ... OK
* cleaning src
* installing the package to build vignettes
* creating vignettes ... ERROR
--- re-building ‘epimutacions.Rmd’ using rmarkdown

Quitting from epimutacions.Rmd:609-611 [annot]
~~~~~~~~~~~~~~~~~~~~~~~~~~~~~~~~~~~~~~~~~~~~~~~~~~~~~~~~~~~~~~~~~~~~~~~~~~~~~~~~
<error/rlang_error>
Error:
! Your query has been redirected to http://status.ensembl.org indicating this Ensembl service is currently unavailable.
Look at ?useEnsembl for details on how to try a mirror site.
---
Backtrace:
    ▆
 1. └─epimutacions::annotate_epimutations(epi_mvo, omim = TRUE)
 2.   └─epimutacions:::add_ensemble_regulatory(epi_results, build = build)
 3.     └─biomaRt::useEnsembl(biomart = "regulation", GRCh = build)
 4.       └─biomaRt:::.listMarts(...)
~~~~~~~~~~~~~~~~~~~~~~~~~~~~~~~~~~~~~~~~~~~~~~~~~~~~~~~~~~~~~~~~~~~~~~~~~~~~~~~~

Error: processing vignette 'epimutacions.Rmd' failed with diagnostics:
Your query has been redirected to http://status.ensembl.org indicating this Ensembl service is currently unavailable.
Look at ?useEnsembl for details on how to try a mirror site.
--- failed re-building ‘epimutacions.Rmd’

SUMMARY: processing the following file failed:
  ‘epimutacions.Rmd’

Error: Vignette re-building failed.
Execution halted