Back to Multiple platform build/check report for BioC 3.22:   simplified   long
ABCD[E]FGHIJKLMNOPQRSTUVWXYZ

This page was generated on 2025-11-20 12:03 -0500 (Thu, 20 Nov 2025).

HostnameOSArch (*)R versionInstalled pkgs
nebbiolo2Linux (Ubuntu 24.04.3 LTS)x86_644.5.2 (2025-10-31) -- "[Not] Part in a Rumble" 4615
merida1macOS 12.7.6 Montereyx86_644.5.2 Patched (2025-11-05 r88990) -- "[Not] Part in a Rumble" 4610
kjohnson1macOS 13.7.5 Venturaarm644.5.2 Patched (2025-11-04 r88984) -- "[Not] Part in a Rumble" 4598
taishanLinux (openEuler 24.03 LTS)aarch644.5.0 (2025-04-11) -- "How About a Twenty-Six" 4668
Click on any hostname to see more info about the system (e.g. compilers)      (*) as reported by 'uname -p', except on Windows and Mac OS X

Package 683/2361HostnameOS / ArchINSTALLBUILDCHECKBUILD BIN
epiNEM 1.34.0  (landing page)
Martin Pirkl
Snapshot Date: 2025-11-17 13:45 -0500 (Mon, 17 Nov 2025)
git_url: https://git.bioconductor.org/packages/epiNEM
git_branch: RELEASE_3_22
git_last_commit: fb48046
git_last_commit_date: 2025-10-29 10:37:16 -0500 (Wed, 29 Oct 2025)
nebbiolo2Linux (Ubuntu 24.04.3 LTS) / x86_64  OK    OK    ERROR  
merida1macOS 12.7.6 Monterey / x86_64  OK    OK    OK    OK  UNNEEDED, same version is already published
kjohnson1macOS 13.7.5 Ventura / arm64  OK    OK    OK    OK  UNNEEDED, same version is already published
taishanLinux (openEuler 24.03 LTS) / aarch64  OK    OK    OK  


CHECK results for epiNEM on nebbiolo2

To the developers/maintainers of the epiNEM package:
- Allow up to 24 hours (and sometimes 48 hours) for your latest push to git@git.bioconductor.org:packages/epiNEM.git to reflect on this report. See Troubleshooting Build Report for more information.
- Use the following Renviron settings to reproduce errors and warnings.
- If 'R CMD check' started to fail recently on the Linux builder(s) over a missing dependency, add the missing dependency to 'Suggests:' in your DESCRIPTION file. See Renviron.bioc for more information.

raw results


Summary

Package: epiNEM
Version: 1.34.0
Command: /home/biocbuild/bbs-3.22-bioc/R/bin/R CMD check --install=check:epiNEM.install-out.txt --library=/home/biocbuild/bbs-3.22-bioc/R/site-library --timings epiNEM_1.34.0.tar.gz
StartedAt: 2025-11-18 03:37:17 -0500 (Tue, 18 Nov 2025)
EndedAt: 2025-11-18 03:52:25 -0500 (Tue, 18 Nov 2025)
EllapsedTime: 908.7 seconds
RetCode: 1
Status:   ERROR  
CheckDir: epiNEM.Rcheck
Warnings: NA

Command output

##############################################################################
##############################################################################
###
### Running command:
###
###   /home/biocbuild/bbs-3.22-bioc/R/bin/R CMD check --install=check:epiNEM.install-out.txt --library=/home/biocbuild/bbs-3.22-bioc/R/site-library --timings epiNEM_1.34.0.tar.gz
###
##############################################################################
##############################################################################


* using log directory ‘/home/biocbuild/bbs-3.22-bioc/meat/epiNEM.Rcheck’
* using R version 4.5.2 (2025-10-31)
* using platform: x86_64-pc-linux-gnu
* R was compiled by
    gcc (Ubuntu 13.3.0-6ubuntu2~24.04) 13.3.0
    GNU Fortran (Ubuntu 13.3.0-6ubuntu2~24.04) 13.3.0
* running under: Ubuntu 24.04.3 LTS
* using session charset: UTF-8
* checking for file ‘epiNEM/DESCRIPTION’ ... OK
* checking extension type ... Package
* this is package ‘epiNEM’ version ‘1.34.0’
* package encoding: UTF-8
* checking package namespace information ... OK
* checking package dependencies ... OK
* checking if this is a source package ... OK
* checking if there is a namespace ... OK
* checking for hidden files and directories ... OK
* checking for portable file names ... OK
* checking for sufficient/correct file permissions ... OK
* checking whether package ‘epiNEM’ can be installed ... OK
* checking installed package size ... OK
* checking package directory ... OK
* checking ‘build’ directory ... OK
* checking DESCRIPTION meta-information ... OK
* checking top-level files ... OK
* checking for left-over files ... OK
* checking index information ... OK
* checking package subdirectories ... OK
* checking code files for non-ASCII characters ... OK
* checking R files for syntax errors ... OK
* checking whether the package can be loaded ... OK
* checking whether the package can be loaded with stated dependencies ... OK
* checking whether the package can be unloaded cleanly ... OK
* checking whether the namespace can be loaded with stated dependencies ... OK
* checking whether the namespace can be unloaded cleanly ... OK
* checking loading without being on the library search path ... OK
* checking dependencies in R code ... OK
* checking S3 generic/method consistency ... OK
* checking replacement functions ... OK
* checking foreign function calls ... NOTE
Foreign function call to a different package:
  .Call("getTruthTable_R", ..., PACKAGE = "BoolNet")
See chapter ‘System and foreign language interfaces’ in the ‘Writing R
Extensions’ manual.
* checking R code for possible problems ... NOTE
SimEpiNEM: no visible global function definition for ‘epiNEM2Bg’
SimEpiNEM: no visible global function definition for ‘dummyCNOlist’
SimEpiNEM: no visible global function definition for ‘readSIF’
SimEpiNEM: no visible global function definition for ‘preprocessing’
SimEpiNEM: no visible global function definition for ‘absorption’
SimEpiNEM: no visible global function definition for ‘bnem’
SimEpiNEM: no visible binding for global variable ‘popSize’
SimEpiNEM: no visible global function definition for ‘computeFc’
SimEpiNEM: no visible global function definition for
  ‘simulateStatesRecursive’
SimEpiNEM: no visible global function definition for ‘dnf2adj’
epiNEM: no visible binding for global variable ‘inference’
plot.epiSim: no visible binding for global variable ‘sim’
plot.epiSim: no visible global function definition for ‘layout’
plot.epiSim: no visible global function definition for ‘boxplot’
plot.epiSim: no visible global function definition for ‘abline’
plot.epiSim: no visible global function definition for ‘axis’
Undefined global functions or variables:
  abline absorption axis bnem boxplot computeFc dnf2adj dummyCNOlist
  epiNEM2Bg inference layout popSize preprocessing readSIF sim
  simulateStatesRecursive
Consider adding
  importFrom("graphics", "abline", "axis", "boxplot", "layout")
to your NAMESPACE file.
* checking Rd files ... OK
* checking Rd metadata ... OK
* checking Rd cross-references ... OK
* checking for missing documentation entries ... OK
* checking for code/documentation mismatches ... OK
* checking Rd \usage sections ... OK
* checking Rd contents ... OK
* checking for unstated dependencies in examples ... OK
* checking contents of ‘data’ directory ... OK
* checking data for non-ASCII characters ... OK
* checking LazyData ... OK
* checking data for ASCII and uncompressed saves ... OK
* checking files in ‘vignettes’ ... OK
* checking examples ... OK
Examples with CPU (user + system) or elapsed time > 5s
                 user system elapsed
SimEpiNEM      14.698  0.313  18.430
epiScreen      11.732  0.009  11.745
plot.epiScreen  8.918  0.030   8.948
plot.epiSim     6.002  0.057   6.060
* checking for unstated dependencies in ‘tests’ ... OK
* checking tests ...
  Running ‘runTests.R’
 OK
* checking for unstated dependencies in vignettes ... OK
* checking package vignettes ... OK
* checking re-building of vignette outputs ... ERROR
Error(s) in re-building vignettes:
--- re-building ‘epiNEM.Rmd’ using rmarkdown
The magick package is required to crop "/home/biocbuild/bbs-3.22-bioc/meat/epiNEM.Rcheck/vign_test/epiNEM/vignettes/epiNEM_files/figure-html/unnamed-chunk-3-1.png" but not available.
The magick package is required to crop "/home/biocbuild/bbs-3.22-bioc/meat/epiNEM.Rcheck/vign_test/epiNEM/vignettes/epiNEM_files/figure-html/unnamed-chunk-5-1.png" but not available.
The magick package is required to crop "/home/biocbuild/bbs-3.22-bioc/meat/epiNEM.Rcheck/vign_test/epiNEM/vignettes/epiNEM_files/figure-html/unnamed-chunk-6-1.png" but not available.
The magick package is required to crop "/home/biocbuild/bbs-3.22-bioc/meat/epiNEM.Rcheck/vign_test/epiNEM/vignettes/epiNEM_files/figure-html/unnamed-chunk-7-1.png" but not available.
The magick package is required to crop "/home/biocbuild/bbs-3.22-bioc/meat/epiNEM.Rcheck/vign_test/epiNEM/vignettes/epiNEM_files/figure-html/unnamed-chunk-9-1.png" but not available.
The magick package is required to crop "/home/biocbuild/bbs-3.22-bioc/meat/epiNEM.Rcheck/vign_test/epiNEM/vignettes/epiNEM_files/figure-html/unnamed-chunk-10-1.png" but not available.
The magick package is required to crop "/home/biocbuild/bbs-3.22-bioc/meat/epiNEM.Rcheck/vign_test/epiNEM/vignettes/epiNEM_files/figure-html/unnamed-chunk-11-1.png" but not available.
The magick package is required to crop "/home/biocbuild/bbs-3.22-bioc/meat/epiNEM.Rcheck/vign_test/epiNEM/vignettes/epiNEM_files/figure-html/unnamed-chunk-12-1.png" but not available.
The magick package is required to crop "/home/biocbuild/bbs-3.22-bioc/meat/epiNEM.Rcheck/vign_test/epiNEM/vignettes/epiNEM_files/figure-html/unnamed-chunk-13-1.png" but not available.
trying URL 'https://stringdb-downloads.org/download/protein.links.v11.0/4932.protein.links.v11.0.txt.gz'
Content type 'application/octet-stream' length 10562593 bytes (10.1 MB)
=======================
downloaded 4.7 MB


Quitting from epiNEM.Rmd:265-349 [unnamed-chunk-14]
~~~~~~~~~~~~~~~~~~~~~~~~~~~~~~~~~~~~~~~~~~~~~~~~~~~~~~~~~~~~~~~~~~~~~~~~~~~~~~~~
<error/rlang_error>
Error in `download.file()`:
! download from 'https://stringdb-downloads.org/download/protein.links.v11.0/4932.protein.links.v11.0.txt.gz' failed
---
Backtrace:
    ▆
 1. └─string_db$get_interactions(...)
 2.   └─STRINGdb (local) load()
 3.     └─STRINGdb::downloadAbsentFile(url, oD = input_directory)
 4.       └─utils::download.file(urlStr, temp)
~~~~~~~~~~~~~~~~~~~~~~~~~~~~~~~~~~~~~~~~~~~~~~~~~~~~~~~~~~~~~~~~~~~~~~~~~~~~~~~~

Error: processing vignette 'epiNEM.Rmd' failed with diagnostics:
download from 'https://stringdb-downloads.org/download/protein.links.v11.0/4932.protein.links.v11.0.txt.gz' failed
--- failed re-building ‘epiNEM.Rmd’

SUMMARY: processing the following file failed:
  ‘epiNEM.Rmd’

Error: Vignette re-building failed.
Execution halted

* checking PDF version of manual ... OK
* DONE

Status: 1 ERROR, 2 NOTEs
See
  ‘/home/biocbuild/bbs-3.22-bioc/meat/epiNEM.Rcheck/00check.log’
for details.


Installation output

epiNEM.Rcheck/00install.out

##############################################################################
##############################################################################
###
### Running command:
###
###   /home/biocbuild/bbs-3.22-bioc/R/bin/R CMD INSTALL epiNEM
###
##############################################################################
##############################################################################


* installing to library ‘/home/biocbuild/bbs-3.22-bioc/R/site-library’
* installing *source* package ‘epiNEM’ ...
** this is package ‘epiNEM’ version ‘1.34.0’
** using staged installation
** R
** data
*** moving datasets to lazyload DB
** inst
** byte-compile and prepare package for lazy loading
** help
*** installing help indices
** building package indices
** installing vignettes
** testing if installed package can be loaded from temporary location
** testing if installed package can be loaded from final location
** testing if installed package keeps a record of temporary installation path
* DONE (epiNEM)

Tests output

epiNEM.Rcheck/tests/runTests.Rout


R version 4.5.2 (2025-10-31) -- "[Not] Part in a Rumble"
Copyright (C) 2025 The R Foundation for Statistical Computing
Platform: x86_64-pc-linux-gnu

R is free software and comes with ABSOLUTELY NO WARRANTY.
You are welcome to redistribute it under certain conditions.
Type 'license()' or 'licence()' for distribution details.

R is a collaborative project with many contributors.
Type 'contributors()' for more information and
'citation()' on how to cite R or R packages in publications.

Type 'demo()' for some demos, 'help()' for on-line help, or
'help.start()' for an HTML browser interface to help.
Type 'q()' to quit R.

> BiocGenerics:::testPackage("epiNEM")
[1] "Progress (of 1 iterations):"

1...


RUNIT TEST PROTOCOL -- Tue Nov 18 03:41:48 2025 
*********************************************** 
Number of test functions: 0 
Number of errors: 0 
Number of failures: 0 

 
1 Test Suite : 
epiNEM RUnit Tests - 0 test functions, 0 errors, 0 failures
Number of test functions: 0 
Number of errors: 0 
Number of failures: 0 
> 
> proc.time()
   user  system elapsed 
  5.830   0.384   6.198 

Example timings

epiNEM.Rcheck/epiNEM-Ex.timings

nameusersystemelapsed
AddLogicGates0.0010.0000.001
CreateExtendedAdjacency0.1040.0000.146
CreateRandomGraph0.0010.0000.001
CreateTopology0.0830.0000.083
ExtendTopology0.0960.0000.096
GenerateData0.0790.0000.079
HeatmapOP0.1810.0030.185
Mll0.0010.0000.001
SimEpiNEM14.698 0.31318.430
epiAnno0.440.030.47
epiNEM1.4170.0541.472
epiScreen11.732 0.00911.745
perm.rank.test0.3450.0110.355
plot.epiNEM0.7680.0000.769
plot.epiScreen8.9180.0308.948
plot.epiSim6.0020.0576.060
rank.enrichment0.3270.0030.330
sameith_GO0.0000.0010.001
sameith_string0.0000.0010.000
samscreen000
sim000
wageningen_GO0.0010.0000.000
wageningen_string0.0010.0000.001
wagscreen0.0010.0000.001