Back to Multiple platform build/check report for BioC 3.22:   simplified   long
ABCD[E]FGHIJKLMNOPQRSTUVWXYZ

This page was generated on 2025-11-27 12:05 -0500 (Thu, 27 Nov 2025).

HostnameOSArch (*)R versionInstalled pkgs
nebbiolo2Linux (Ubuntu 24.04.3 LTS)x86_644.5.2 (2025-10-31) -- "[Not] Part in a Rumble" 4876
merida1macOS 12.7.6 Montereyx86_644.5.2 Patched (2025-11-05 r88990) -- "[Not] Part in a Rumble" 4656
kjohnson1macOS 13.7.5 Venturaarm644.5.2 Patched (2025-11-04 r88984) -- "[Not] Part in a Rumble" 4602
taishanLinux (openEuler 24.03 LTS)aarch644.5.0 (2025-04-11) -- "How About a Twenty-Six" 4668
Click on any hostname to see more info about the system (e.g. compilers)      (*) as reported by 'uname -p', except on Windows and Mac OS X

Package 673/2361HostnameOS / ArchINSTALLBUILDCHECKBUILD BIN
enrichViewNet 1.8.0  (landing page)
Astrid Deschênes
Snapshot Date: 2025-11-24 13:45 -0500 (Mon, 24 Nov 2025)
git_url: https://git.bioconductor.org/packages/enrichViewNet
git_branch: RELEASE_3_22
git_last_commit: 0359c98
git_last_commit_date: 2025-10-29 11:26:13 -0500 (Wed, 29 Oct 2025)
nebbiolo2Linux (Ubuntu 24.04.3 LTS) / x86_64  OK    OK    OK  UNNEEDED, same version is already published
merida1macOS 12.7.6 Monterey / x86_64  OK    ERROR  skippedskipped
kjohnson1macOS 13.7.5 Ventura / arm64  OK    ERROR  skippedskipped
taishanLinux (openEuler 24.03 LTS) / aarch64  OK    ERROR  skipped


BUILD results for enrichViewNet on taishan

To the developers/maintainers of the enrichViewNet package:
- Allow up to 24 hours (and sometimes 48 hours) for your latest push to git@git.bioconductor.org:packages/enrichViewNet.git to reflect on this report. See Troubleshooting Build Report for more information.
- Use the following Renviron settings to reproduce errors and warnings.
- If 'R CMD check' started to fail recently on the Linux builder(s) over a missing dependency, add the missing dependency to 'Suggests:' in your DESCRIPTION file. See Renviron.bioc for more information.
- See Martin Grigorov's blog post for how to debug Linux ARM64 related issues on a x86_64 host.

raw results


Summary

Package: enrichViewNet
Version: 1.8.0
Command: /home/biocbuild/R/R/bin/R CMD build --keep-empty-dirs --no-resave-data enrichViewNet
StartedAt: 2025-11-25 01:27:49 -0000 (Tue, 25 Nov 2025)
EndedAt: 2025-11-25 01:28:36 -0000 (Tue, 25 Nov 2025)
EllapsedTime: 47.0 seconds
RetCode: 1
Status:   ERROR  
PackageFile: None
PackageFileSize: NA

Command output

##############################################################################
##############################################################################
###
### Running command:
###
###   /home/biocbuild/R/R/bin/R CMD build --keep-empty-dirs --no-resave-data enrichViewNet
###
##############################################################################
##############################################################################


* checking for file ‘enrichViewNet/DESCRIPTION’ ... OK
* preparing ‘enrichViewNet’:
* checking DESCRIPTION meta-information ... OK
* installing the package to build vignettes
* creating vignettes ... ERROR
--- re-building ‘enrichViewNet.Rmd’ using rmarkdown

Quitting from enrichViewNet.Rmd:245-276 [gprofiler]
~~~~~~~~~~~~~~~~~~~~~~~~~~~~~~~~~~~~~~~~~~~~~~~~~~~~~~~~~~~~~~~~~~~~~~~~~~~~~~~~
<error/rlang_error>
Error in `gprofiler_request()`:
! There's an issue with your request to g:Profiler.
Error code: 500.
Please double check your input. If this doesn't help, then check your internet connection or contact us with a reproducible example on biit.support@ut.ee
---
Backtrace:
    ▆
 1. └─gprofiler2::gost(...)
 2.   └─gprofiler2:::gprofiler_request(url, body)
~~~~~~~~~~~~~~~~~~~~~~~~~~~~~~~~~~~~~~~~~~~~~~~~~~~~~~~~~~~~~~~~~~~~~~~~~~~~~~~~

Error: processing vignette 'enrichViewNet.Rmd' failed with diagnostics:
There's an issue with your request to g:Profiler.
Error code: 500.
Please double check your input. If this doesn't help, then check your internet connection or contact us with a reproducible example on biit.support@ut.ee
--- failed re-building ‘enrichViewNet.Rmd’

SUMMARY: processing the following file failed:
  ‘enrichViewNet.Rmd’

Error: Vignette re-building failed.
Execution halted