Back to Multiple platform build/check report for BioC 3.22:   simplified   long
ABC[D]EFGHIJKLMNOPQRSTUVWXYZ

This page was generated on 2025-11-20 12:03 -0500 (Thu, 20 Nov 2025).

HostnameOSArch (*)R versionInstalled pkgs
nebbiolo2Linux (Ubuntu 24.04.3 LTS)x86_644.5.2 (2025-10-31) -- "[Not] Part in a Rumble" 4615
merida1macOS 12.7.6 Montereyx86_644.5.2 Patched (2025-11-05 r88990) -- "[Not] Part in a Rumble" 4610
kjohnson1macOS 13.7.5 Venturaarm644.5.2 Patched (2025-11-04 r88984) -- "[Not] Part in a Rumble" 4598
taishanLinux (openEuler 24.03 LTS)aarch644.5.0 (2025-04-11) -- "How About a Twenty-Six" 4668
Click on any hostname to see more info about the system (e.g. compilers)      (*) as reported by 'uname -p', except on Windows and Mac OS X

Package 564/2361HostnameOS / ArchINSTALLBUILDCHECKBUILD BIN
densvis 1.20.1  (landing page)
Alan O'Callaghan
Snapshot Date: 2025-11-17 13:45 -0500 (Mon, 17 Nov 2025)
git_url: https://git.bioconductor.org/packages/densvis
git_branch: RELEASE_3_22
git_last_commit: aeec1b9
git_last_commit_date: 2025-11-04 03:10:37 -0500 (Tue, 04 Nov 2025)
nebbiolo2Linux (Ubuntu 24.04.3 LTS) / x86_64  OK    ERROR  skipped
merida1macOS 12.7.6 Monterey / x86_64  OK    ERROR  skippedskipped
kjohnson1macOS 13.7.5 Ventura / arm64  OK    ERROR  skippedskipped
taishanLinux (openEuler 24.03 LTS) / aarch64  OK    OK    OK  


BUILD results for densvis on nebbiolo2

To the developers/maintainers of the densvis package:
- Allow up to 24 hours (and sometimes 48 hours) for your latest push to git@git.bioconductor.org:packages/densvis.git to reflect on this report. See Troubleshooting Build Report for more information.
- Use the following Renviron settings to reproduce errors and warnings.
- If 'R CMD check' started to fail recently on the Linux builder(s) over a missing dependency, add the missing dependency to 'Suggests:' in your DESCRIPTION file. See Renviron.bioc for more information.

raw results


Summary

Package: densvis
Version: 1.20.1
Command: /home/biocbuild/bbs-3.22-bioc/R/bin/R CMD build --keep-empty-dirs --no-resave-data --md5 densvis
StartedAt: 2025-11-17 20:36:59 -0500 (Mon, 17 Nov 2025)
EndedAt: 2025-11-17 20:37:48 -0500 (Mon, 17 Nov 2025)
EllapsedTime: 49.0 seconds
RetCode: 1
Status:   ERROR  
PackageFile: None
PackageFileSize: NA

Command output

##############################################################################
##############################################################################
###
### Running command:
###
###   /home/biocbuild/bbs-3.22-bioc/R/bin/R CMD build --keep-empty-dirs --no-resave-data --md5 densvis
###
##############################################################################
##############################################################################


* checking for file ‘densvis/DESCRIPTION’ ... OK
* preparing ‘densvis’:
* checking DESCRIPTION meta-information ... OK
* cleaning src
* installing the package to build vignettes
* creating vignettes ... ERROR
--- re-building ‘densvis.Rmd’ using rmarkdown

Quitting from densvis.Rmd:122-130 [run-densmap]
~~~~~~~~~~~~~~~~~~~~~~~~~~~~~~~~~~~~~~~~~~~~~~~~~~~~~~~~~~~~~~~~~~~~~~~~~~~~~~~~
<error/rlang_error>
Error in `lock()`:
! Cannot open lock file: No such file or directory
---
Backtrace:
    ▆
 1. └─densvis::densmap(data[, 1:2], dens_frac = 0.5, dens_lambda = 0.5)
 2.   └─densvis::umap(..., densmap = TRUE)
 3.     └─basilisk::basiliskStart(python_env)
 4.       └─basilisk::obtainEnvironmentPath(env)
 5.         └─basilisk::lockExternalDir(exdir, exclusive = FALSE)
 6.           └─dir.expiry::lockDirectory(path, ...)
 7.             └─filelock::lock(plock, exclusive = FALSE)
~~~~~~~~~~~~~~~~~~~~~~~~~~~~~~~~~~~~~~~~~~~~~~~~~~~~~~~~~~~~~~~~~~~~~~~~~~~~~~~~

Error: processing vignette 'densvis.Rmd' failed with diagnostics:
Cannot open lock file: No such file or directory
--- failed re-building ‘densvis.Rmd’

SUMMARY: processing the following file failed:
  ‘densvis.Rmd’

Error: Vignette re-building failed.
Execution halted