Back to Multiple platform build/check report for BioC 3.21:   simplified   long
AB[C]DEFGHIJKLMNOPQRSTUVWXYZ

This page was generated on 2025-05-01 11:41 -0400 (Thu, 01 May 2025).

HostnameOSArch (*)R versionInstalled pkgs
nebbiolo1Linux (Ubuntu 24.04.1 LTS)x86_644.5.0 RC (2025-04-04 r88126) -- "How About a Twenty-Six" 4832
palomino7Windows Server 2022 Datacenterx644.5.0 RC (2025-04-04 r88126 ucrt) -- "How About a Twenty-Six" 4574
merida1macOS 12.7.5 Montereyx86_644.5.0 RC (2025-04-04 r88126) -- "How About a Twenty-Six" 4599
kjohnson1macOS 13.6.6 Venturaarm644.5.0 RC (2025-04-04 r88129) -- "How About a Twenty-Six" 4553
Click on any hostname to see more info about the system (e.g. compilers)      (*) as reported by 'uname -p', except on Windows and Mac OS X

Package 446/2341HostnameOS / ArchINSTALLBUILDCHECKBUILD BIN
corral 1.18.0  (landing page)
Lauren Hsu
Snapshot Date: 2025-04-28 17:48 -0400 (Mon, 28 Apr 2025)
git_url: https://git.bioconductor.org/packages/corral
git_branch: RELEASE_3_21
git_last_commit: db70b6e
git_last_commit_date: 2025-04-15 12:03:36 -0400 (Tue, 15 Apr 2025)
nebbiolo1Linux (Ubuntu 24.04.1 LTS) / x86_64  OK    OK    OK  UNNEEDED, same version is already published
palomino7Windows Server 2022 Datacenter / x64  OK    OK    OK    OK  UNNEEDED, same version is already published
merida1macOS 12.7.5 Monterey / x86_64  OK    ERROR  skippedskipped
kjohnson1macOS 13.6.6 Ventura / arm64  OK    OK    OK    OK  UNNEEDED, same version is already published


BUILD results for corral on merida1

To the developers/maintainers of the corral package:
- Allow up to 24 hours (and sometimes 48 hours) for your latest push to git@git.bioconductor.org:packages/corral.git to reflect on this report. See Troubleshooting Build Report for more information.
- Use the following Renviron settings to reproduce errors and warnings.
- If 'R CMD check' started to fail recently on the Linux builder(s) over a missing dependency, add the missing dependency to 'Suggests:' in your DESCRIPTION file. See Renviron.bioc for more information.

raw results


Summary

Package: corral
Version: 1.18.0
Command: /Library/Frameworks/R.framework/Resources/bin/R CMD build --keep-empty-dirs --no-resave-data corral
StartedAt: 2025-04-28 21:35:14 -0400 (Mon, 28 Apr 2025)
EndedAt: 2025-04-28 22:06:09 -0400 (Mon, 28 Apr 2025)
EllapsedTime: 1855.6 seconds
RetCode: 1
Status:   ERROR  
PackageFile: None
PackageFileSize: NA

Command output

##############################################################################
##############################################################################
###
### Running command:
###
###   /Library/Frameworks/R.framework/Resources/bin/R CMD build --keep-empty-dirs --no-resave-data corral
###
##############################################################################
##############################################################################


* checking for file ‘corral/DESCRIPTION’ ... OK
* preparing ‘corral’:
* checking DESCRIPTION meta-information ... OK
* installing the package to build vignettes
* creating vignettes ... ERROR
--- re-building ‘corral_dimred.Rmd’ using rmarkdown

Quitting from corral_dimred.Rmd:85-92 [unnamed-chunk-4]
~~~~~~~~~~~~~~~~~~~~~~~~~~~~~~~~~~~~~~~~~~~~~~~~~~~~~~~~~~~~~~~~~~~~~~~~~~~~~~~~
<error/rlang_error>
Error:
! subscript contains invalid names
---
Backtrace:
    ▆
 1. └─corral::plot_embedding_sce(...)
 2.   ├─SingleCellExperiment::colData(sce)[, color_attr]
 3.   └─SingleCellExperiment::colData(sce)[, color_attr]
 4.     ├─S4Vectors::extractCOLS(x, j)
 5.     └─S4Vectors::extractCOLS(x, j)
 6.       └─S4Vectors::normalizeSingleBracketSubscript(i, xstub)
 7.         ├─S4Vectors::NSBS(...)
 8.         └─S4Vectors::NSBS(...)
 9.           └─S4Vectors:::.subscript_error("subscript contains invalid ", what)
~~~~~~~~~~~~~~~~~~~~~~~~~~~~~~~~~~~~~~~~~~~~~~~~~~~~~~~~~~~~~~~~~~~~~~~~~~~~~~~~

Error: processing vignette 'corral_dimred.Rmd' failed with diagnostics:
subscript contains invalid names
--- failed re-building ‘corral_dimred.Rmd’

--- re-building ‘corralm_alignment.Rmd’ using rmarkdown
2025-04-28 22:05:30.484 R[8264:23995728] XType: com.apple.fonts is not accessible.
2025-04-28 22:05:30.485 R[8264:23995728] XType: XTFontStaticRegistry is enabled.
--- finished re-building ‘corralm_alignment.Rmd’

SUMMARY: processing the following file failed:
  ‘corral_dimred.Rmd’

Error: Vignette re-building failed.
Execution halted