Back to Multiple platform build/check report for BioC 3.22:   simplified   long
AB[C]DEFGHIJKLMNOPQRSTUVWXYZ

This page was generated on 2025-11-01 12:03 -0400 (Sat, 01 Nov 2025).

HostnameOSArch (*)R versionInstalled pkgs
nebbiolo2Linux (Ubuntu 24.04.3 LTS)x86_644.5.1 Patched (2025-08-23 r88802) -- "Great Square Root" 4901
lconwaymacOS 12.7.6 Montereyx86_644.5.1 Patched (2025-09-10 r88807) -- "Great Square Root" 4691
kjohnson3macOS 13.7.7 Venturaarm644.5.1 Patched (2025-09-10 r88807) -- "Great Square Root" 4637
Click on any hostname to see more info about the system (e.g. compilers)      (*) as reported by 'uname -p', except on Windows and Mac OS X

Package 328/2361HostnameOS / ArchINSTALLBUILDCHECKBUILD BIN
cfDNAPro 1.16.0  (landing page)
Haichao Wang
Snapshot Date: 2025-10-31 13:45 -0400 (Fri, 31 Oct 2025)
git_url: https://git.bioconductor.org/packages/cfDNAPro
git_branch: RELEASE_3_22
git_last_commit: 910ff77
git_last_commit_date: 2025-10-29 11:11:06 -0400 (Wed, 29 Oct 2025)
nebbiolo2Linux (Ubuntu 24.04.3 LTS) / x86_64  OK    OK    WARNINGS  UNNEEDED, same version is already published
lconwaymacOS 12.7.6 Monterey / x86_64  OK    OK    WARNINGS    OK  UNNEEDED, same version is already published
kjohnson3macOS 13.7.7 Ventura / arm64  OK    OK    WARNINGS    OK  UNNEEDED, same version is already published


CHECK results for cfDNAPro on lconway

To the developers/maintainers of the cfDNAPro package:
- Allow up to 24 hours (and sometimes 48 hours) for your latest push to git@git.bioconductor.org:packages/cfDNAPro.git to reflect on this report. See Troubleshooting Build Report for more information.
- Use the following Renviron settings to reproduce errors and warnings.
- If 'R CMD check' started to fail recently on the Linux builder(s) over a missing dependency, add the missing dependency to 'Suggests:' in your DESCRIPTION file. See Renviron.bioc for more information.

raw results


Summary

Package: cfDNAPro
Version: 1.16.0
Command: /Library/Frameworks/R.framework/Resources/bin/R CMD check --install=check:cfDNAPro.install-out.txt --library=/Library/Frameworks/R.framework/Resources/library --no-vignettes --timings cfDNAPro_1.16.0.tar.gz
StartedAt: 2025-10-31 20:08:43 -0400 (Fri, 31 Oct 2025)
EndedAt: 2025-10-31 20:13:17 -0400 (Fri, 31 Oct 2025)
EllapsedTime: 273.2 seconds
RetCode: 0
Status:   WARNINGS  
CheckDir: cfDNAPro.Rcheck
Warnings: 1

Command output

##############################################################################
##############################################################################
###
### Running command:
###
###   /Library/Frameworks/R.framework/Resources/bin/R CMD check --install=check:cfDNAPro.install-out.txt --library=/Library/Frameworks/R.framework/Resources/library --no-vignettes --timings cfDNAPro_1.16.0.tar.gz
###
##############################################################################
##############################################################################


* using log directory ‘/Users/biocbuild/bbs-3.22-bioc/meat/cfDNAPro.Rcheck’
* using R version 4.5.1 Patched (2025-09-10 r88807)
* using platform: x86_64-apple-darwin20
* R was compiled by
    Apple clang version 14.0.0 (clang-1400.0.29.202)
    GNU Fortran (GCC) 14.2.0
* running under: macOS Monterey 12.7.6
* using session charset: UTF-8
* using option ‘--no-vignettes’
* checking for file ‘cfDNAPro/DESCRIPTION’ ... OK
* checking extension type ... Package
* this is package ‘cfDNAPro’ version ‘1.16.0’
* package encoding: UTF-8
* checking package namespace information ... OK
* checking package dependencies ... OK
* checking if this is a source package ... OK
* checking if there is a namespace ... OK
* checking for hidden files and directories ... OK
* checking for portable file names ... OK
* checking for sufficient/correct file permissions ... OK
* checking whether package ‘cfDNAPro’ can be installed ... OK
* checking installed package size ... OK
* checking package directory ... OK
* checking ‘build’ directory ... OK
* checking DESCRIPTION meta-information ... OK
* checking top-level files ... OK
* checking for left-over files ... OK
* checking index information ... OK
* checking package subdirectories ... OK
* checking code files for non-ASCII characters ... OK
* checking R files for syntax errors ... OK
* checking whether the package can be loaded ... OK
* checking whether the package can be loaded with stated dependencies ... OK
* checking whether the package can be unloaded cleanly ... OK
* checking whether the namespace can be loaded with stated dependencies ... OK
* checking whether the namespace can be unloaded cleanly ... OK
* checking dependencies in R code ... WARNING
'::' or ':::' import not declared from: ‘QDNAseq’
* checking S3 generic/method consistency ... OK
* checking replacement functions ... OK
* checking foreign function calls ... OK
* checking R code for possible problems ... OK
* checking Rd files ... OK
* checking Rd metadata ... OK
* checking Rd cross-references ... OK
* checking for missing documentation entries ... OK
* checking for code/documentation mismatches ... OK
* checking Rd \usage sections ... OK
* checking Rd contents ... OK
* checking for unstated dependencies in examples ... OK
* checking files in ‘vignettes’ ... OK
* checking examples ... OK
* checking for unstated dependencies in ‘tests’ ... OK
* checking tests ...
  Running ‘testthat.R’
 OK
* checking for unstated dependencies in vignettes ... OK
* checking package vignettes ... OK
* checking running R code from vignettes ... SKIPPED
* checking re-building of vignette outputs ... SKIPPED
* checking PDF version of manual ... OK
* DONE

Status: 1 WARNING
See
  ‘/Users/biocbuild/bbs-3.22-bioc/meat/cfDNAPro.Rcheck/00check.log’
for details.


Installation output

cfDNAPro.Rcheck/00install.out

##############################################################################
##############################################################################
###
### Running command:
###
###   /Library/Frameworks/R.framework/Resources/bin/R CMD INSTALL cfDNAPro
###
##############################################################################
##############################################################################


* installing to library ‘/Library/Frameworks/R.framework/Versions/4.5-x86_64/Resources/library’
* installing *source* package ‘cfDNAPro’ ...
** this is package ‘cfDNAPro’ version ‘1.16.0’
** using staged installation
** R
** inst
** byte-compile and prepare package for lazy loading
** help
*** installing help indices
** building package indices
** installing vignettes
** testing if installed package can be loaded from temporary location
** testing if installed package can be loaded from final location
** testing if installed package keeps a record of temporary installation path
* DONE (cfDNAPro)

Tests output

cfDNAPro.Rcheck/tests/testthat.Rout


R version 4.5.1 Patched (2025-09-10 r88807) -- "Great Square Root"
Copyright (C) 2025 The R Foundation for Statistical Computing
Platform: x86_64-apple-darwin20

R is free software and comes with ABSOLUTELY NO WARRANTY.
You are welcome to redistribute it under certain conditions.
Type 'license()' or 'licence()' for distribution details.

R is a collaborative project with many contributors.
Type 'contributors()' for more information and
'citation()' on how to cite R or R packages in publications.

Type 'demo()' for some demos, 'help()' for on-line help, or
'help.start()' for an HTML browser interface to help.
Type 'q()' to quit R.

> library(testthat)
> library(cfDNAPro)
Loading required package: magrittr

Attaching package: 'magrittr'

The following objects are masked from 'package:testthat':

    equals, is_less_than, not

> 
> test_check("cfDNAPro")
setting default input_type to picard.
setting default outfmt to df.
setting default input_type to picard.
setting default input_type to picard.
setting default limit to c(35,135).
setting default outfmt to df.
setting the mincount to 0.
setting default input_type to picard.
setting default limit to c(35,135).
setting default outfmt to df.
Setting default mincount to 0.
setting default input_type to picard.
setting default input_type to picard.
setting default outfmt to df.
setting default input_type to picard.
setting default input_type to picard.
setting default limit to c(35,135).
setting default outfmt to df.
setting the mincount to 0.
setting default input_type to picard.
setting default limit to c(35,135).
setting default outfmt to df.
Setting default mincount to 0.
setting default input_type to picard.
setting default mincount as 0.
setting default horizontal lines: y = 81, 112, 170. 
setting the mincount to 0.
 setting the xlim to c(7,13). 
 setting the mincount to 0. 
 setting the xlim to c(7,13). 
 [ FAIL 0 | WARN 1 | SKIP 0 | PASS 13 ]

[ FAIL 0 | WARN 1 | SKIP 0 | PASS 13 ]
> 
> proc.time()
   user  system elapsed 
 17.471   0.752  18.282 

Example timings

cfDNAPro.Rcheck/cfDNAPro-Ex.timings

nameusersystemelapsed
callMetrics1.7220.0481.784
callMode0.1790.0070.187
callPeakDistance0.2240.0120.237
callSize0.2030.0200.223
callValleyDistance0.2640.0280.293
examplePath0.0030.0010.004
plotAllToOne0.6740.0620.739
plotMetrics1.2020.0151.221
plotMode0.3000.0080.310
plotModeSummary0.2870.0060.294
plotPeakDistance0.3400.0060.347
plotSingleGroup1.0500.0101.064
plotValleyDistance0.2810.0060.287
readBam000
read_bam_insert_metrics000