| Back to Multiple platform build/check report for BioC 3.21: simplified long |
|
This page was generated on 2025-10-16 11:41 -0400 (Thu, 16 Oct 2025).
| Hostname | OS | Arch (*) | R version | Installed pkgs |
|---|---|---|---|---|
| nebbiolo1 | Linux (Ubuntu 24.04.3 LTS) | x86_64 | 4.5.1 (2025-06-13) -- "Great Square Root" | 4833 |
| merida1 | macOS 12.7.6 Monterey | x86_64 | 4.5.1 RC (2025-06-05 r88288) -- "Great Square Root" | 4614 |
| kjohnson1 | macOS 13.7.5 Ventura | arm64 | 4.5.1 Patched (2025-06-14 r88325) -- "Great Square Root" | 4555 |
| kunpeng2 | Linux (openEuler 24.03 LTS) | aarch64 | R Under development (unstable) (2025-02-19 r87757) -- "Unsuffered Consequences" | 4586 |
| Click on any hostname to see more info about the system (e.g. compilers) (*) as reported by 'uname -p', except on Windows and Mac OS X | ||||
| Package 291/2341 | Hostname | OS / Arch | INSTALL | BUILD | CHECK | BUILD BIN | ||||||||
| ccfindR 1.28.0 (landing page) Jun Woo
| nebbiolo1 | Linux (Ubuntu 24.04.3 LTS) / x86_64 | OK | OK | OK | |||||||||
| merida1 | macOS 12.7.6 Monterey / x86_64 | ERROR | ERROR | skipped | skipped | |||||||||
| kjohnson1 | macOS 13.7.5 Ventura / arm64 | ERROR | ERROR | skipped | skipped | |||||||||
| kunpeng2 | Linux (openEuler 24.03 LTS) / aarch64 | OK | OK | WARNINGS | ||||||||||
|
To the developers/maintainers of the ccfindR package: - Allow up to 24 hours (and sometimes 48 hours) for your latest push to git@git.bioconductor.org:packages/ccfindR.git to reflect on this report. See Troubleshooting Build Report for more information. - Use the following Renviron settings to reproduce errors and warnings. - If 'R CMD check' started to fail recently on the Linux builder(s) over a missing dependency, add the missing dependency to 'Suggests:' in your DESCRIPTION file. See Renviron.bioc for more information. - See Martin Grigorov's blog post for how to debug Linux ARM64 related issues on a x86_64 host. |
| Package: ccfindR |
| Version: 1.28.0 |
| Command: /home/biocbuild/R/R/bin/R CMD check --install=check:ccfindR.install-out.txt --library=/home/biocbuild/R/R/site-library --no-vignettes --timings ccfindR_1.28.0.tar.gz |
| StartedAt: 2025-10-14 07:14:35 -0000 (Tue, 14 Oct 2025) |
| EndedAt: 2025-10-14 07:19:29 -0000 (Tue, 14 Oct 2025) |
| EllapsedTime: 294.2 seconds |
| RetCode: 0 |
| Status: WARNINGS |
| CheckDir: ccfindR.Rcheck |
| Warnings: 1 |
##############################################################################
##############################################################################
###
### Running command:
###
### /home/biocbuild/R/R/bin/R CMD check --install=check:ccfindR.install-out.txt --library=/home/biocbuild/R/R/site-library --no-vignettes --timings ccfindR_1.28.0.tar.gz
###
##############################################################################
##############################################################################
* using log directory ‘/home/biocbuild/bbs-3.21-bioc/meat/ccfindR.Rcheck’
* using R Under development (unstable) (2025-02-19 r87757)
* using platform: aarch64-unknown-linux-gnu
* R was compiled by
aarch64-unknown-linux-gnu-gcc (GCC) 14.2.0
GNU Fortran (GCC) 14.2.0
* running under: openEuler 24.03 (LTS-SP1)
* using session charset: UTF-8
* using option ‘--no-vignettes’
* checking for file ‘ccfindR/DESCRIPTION’ ... OK
* this is package ‘ccfindR’ version ‘1.28.0’
* package encoding: UTF-8
* checking package namespace information ... OK
* checking package dependencies ... OK
* checking if this is a source package ... OK
* checking if there is a namespace ... OK
* checking for hidden files and directories ... OK
* checking for portable file names ... OK
* checking for sufficient/correct file permissions ... OK
* checking whether package ‘ccfindR’ can be installed ... WARNING
Found the following significant warnings:
/home/biocbuild/R/R-devel_2025-02-19/site-library/RcppEigen/include/Eigen/src/Core/arch/NEON/PacketMath.h:1671:9: warning: ‘void* memcpy(void*, const void*, size_t)’ copying an object of non-trivial type ‘Eigen::internal::Packet4c’ {aka ‘struct Eigen::internal::eigen_packet_wrapper<int, 2>’} from an array of ‘const int8_t’ {aka ‘const signed char’} [-Wclass-memaccess]
/home/biocbuild/R/R-devel_2025-02-19/site-library/RcppEigen/include/Eigen/src/Core/arch/NEON/PacketMath.h:1716:9: warning: ‘void* memcpy(void*, const void*, size_t)’ copying an object of non-trivial type ‘Eigen::internal::Packet4c’ {aka ‘struct Eigen::internal::eigen_packet_wrapper<int, 2>’} from an array of ‘const int8_t’ {aka ‘const signed char’} [-Wclass-memaccess]
See ‘/home/biocbuild/bbs-3.21-bioc/meat/ccfindR.Rcheck/00install.out’ for details.
* used C++ compiler: ‘aarch64-unknown-linux-gnu-g++ (GCC) 14.2.0’
* checking C++ specification ... NOTE
Specified C++11: please drop specification unless essential
* checking installed package size ... INFO
installed size is 10.0Mb
sub-directories of 1Mb or more:
libs 8.4Mb
* checking package directory ... OK
* checking ‘build’ directory ... OK
* checking DESCRIPTION meta-information ... OK
* checking top-level files ... OK
* checking for left-over files ... OK
* checking index information ... OK
* checking package subdirectories ... OK
* checking code files for non-ASCII characters ... OK
* checking R files for syntax errors ... OK
* checking whether the package can be loaded ... OK
* checking whether the package can be loaded with stated dependencies ... OK
* checking whether the package can be unloaded cleanly ... OK
* checking whether the namespace can be loaded with stated dependencies ... OK
* checking whether the namespace can be unloaded cleanly ... OK
* checking loading without being on the library search path ... OK
* checking dependencies in R code ... OK
* checking S3 generic/method consistency ... OK
* checking replacement functions ... OK
* checking foreign function calls ... OK
* checking R code for possible problems ... OK
* checking Rd files ... OK
* checking Rd metadata ... OK
* checking Rd cross-references ... NOTE
Found the following Rd file(s) with Rd \link{} targets missing package
anchors:
plot_tree.Rd: plot.phylo
scNMFSet-class.Rd: SingleCellExperiment
scNMFSet.Rd: SingleCellExperiment
Please provide package anchors for all Rd \link{} targets not in the
package itself and the base packages.
* checking for missing documentation entries ... OK
* checking for code/documentation mismatches ... OK
* checking Rd \usage sections ... OK
* checking Rd contents ... OK
* checking for unstated dependencies in examples ... OK
* checking line endings in C/C++/Fortran sources/headers ... OK
* checking line endings in Makefiles ... OK
* checking compilation flags in Makevars ... OK
* checking for GNU extensions in Makefiles ... OK
* checking for portable use of $(BLAS_LIBS) and $(LAPACK_LIBS) ... OK
* checking use of PKG_*FLAGS in Makefiles ... OK
* checking compiled code ... NOTE
Note: information on .o files is not available
* checking files in ‘vignettes’ ... OK
* checking examples ... OK
Examples with CPU (user + system) or elapsed time > 5s
user system elapsed
assignCelltype 19.177 1.854 21.093
factorize 8.798 0.052 8.871
* checking for unstated dependencies in vignettes ... OK
* checking package vignettes ... OK
* checking running R code from vignettes ... SKIPPED
* checking re-building of vignette outputs ... SKIPPED
* checking PDF version of manual ... OK
* DONE
Status: 1 WARNING, 3 NOTEs
See
‘/home/biocbuild/bbs-3.21-bioc/meat/ccfindR.Rcheck/00check.log’
for details.
ccfindR.Rcheck/00install.out
##############################################################################
##############################################################################
###
### Running command:
###
### /home/biocbuild/R/R/bin/R CMD INSTALL ccfindR
###
##############################################################################
##############################################################################
* installing to library ‘/home/biocbuild/R/R-devel_2025-02-19/site-library’
* installing *source* package ‘ccfindR’ ...
** this is package ‘ccfindR’ version ‘1.28.0’
** using staged installation
** libs
using C++ compiler: ‘aarch64-unknown-linux-gnu-g++ (GCC) 14.2.0’
using C++11
/opt/ohpc/pub/compiler/gcc/14.2.0/bin/aarch64-unknown-linux-gnu-g++ -std=gnu++11 -I"/home/biocbuild/R/R/include" -DNDEBUG -I'/home/biocbuild/R/R-devel_2025-02-19/site-library/Rcpp/include' -I'/home/biocbuild/R/R-devel_2025-02-19/site-library/RcppEigen/include' -I/usr/local/include -fPIC -g -O2 -Wall -Werror=format-security -c RcppExports.cpp -o RcppExports.o
In file included from /home/biocbuild/R/R-devel_2025-02-19/site-library/RcppEigen/include/Eigen/Core:214,
from /home/biocbuild/R/R-devel_2025-02-19/site-library/RcppEigen/include/Eigen/Dense:1,
from /home/biocbuild/R/R-devel_2025-02-19/site-library/RcppEigen/include/RcppEigenForward.h:28,
from /home/biocbuild/R/R-devel_2025-02-19/site-library/RcppEigen/include/RcppEigen.h:25,
from RcppExports.cpp:4:
/home/biocbuild/R/R-devel_2025-02-19/site-library/RcppEigen/include/Eigen/src/Core/arch/NEON/PacketMath.h: In function ‘Packet Eigen::internal::pload(const typename unpacket_traits<T>::type*) [with Packet = eigen_packet_wrapper<int, 2>; typename unpacket_traits<T>::type = signed char]’:
/home/biocbuild/R/R-devel_2025-02-19/site-library/RcppEigen/include/Eigen/src/Core/arch/NEON/PacketMath.h:1671:9: warning: ‘void* memcpy(void*, const void*, size_t)’ copying an object of non-trivial type ‘Eigen::internal::Packet4c’ {aka ‘struct Eigen::internal::eigen_packet_wrapper<int, 2>’} from an array of ‘const int8_t’ {aka ‘const signed char’} [-Wclass-memaccess]
1671 | memcpy(&res, from, sizeof(Packet4c));
| ~~~~~~^~~~~~~~~~~~~~~~~~~~~~~~~~~~~~
In file included from /home/biocbuild/R/R-devel_2025-02-19/site-library/RcppEigen/include/Eigen/Core:172:
/home/biocbuild/R/R-devel_2025-02-19/site-library/RcppEigen/include/Eigen/src/Core/GenericPacketMath.h:159:8: note: ‘Eigen::internal::Packet4c’ {aka ‘struct Eigen::internal::eigen_packet_wrapper<int, 2>’} declared here
159 | struct eigen_packet_wrapper
| ^~~~~~~~~~~~~~~~~~~~
/home/biocbuild/R/R-devel_2025-02-19/site-library/RcppEigen/include/Eigen/src/Core/arch/NEON/PacketMath.h: In function ‘Packet Eigen::internal::ploadu(const typename unpacket_traits<T>::type*) [with Packet = eigen_packet_wrapper<int, 2>; typename unpacket_traits<T>::type = signed char]’:
/home/biocbuild/R/R-devel_2025-02-19/site-library/RcppEigen/include/Eigen/src/Core/arch/NEON/PacketMath.h:1716:9: warning: ‘void* memcpy(void*, const void*, size_t)’ copying an object of non-trivial type ‘Eigen::internal::Packet4c’ {aka ‘struct Eigen::internal::eigen_packet_wrapper<int, 2>’} from an array of ‘const int8_t’ {aka ‘const signed char’} [-Wclass-memaccess]
1716 | memcpy(&res, from, sizeof(Packet4c));
| ~~~~~~^~~~~~~~~~~~~~~~~~~~~~~~~~~~~~
/home/biocbuild/R/R-devel_2025-02-19/site-library/RcppEigen/include/Eigen/src/Core/GenericPacketMath.h:159:8: note: ‘Eigen::internal::Packet4c’ {aka ‘struct Eigen::internal::eigen_packet_wrapper<int, 2>’} declared here
159 | struct eigen_packet_wrapper
| ^~~~~~~~~~~~~~~~~~~~
/opt/ohpc/pub/compiler/gcc/14.2.0/bin/aarch64-unknown-linux-gnu-g++ -std=gnu++11 -I"/home/biocbuild/R/R/include" -DNDEBUG -I'/home/biocbuild/R/R-devel_2025-02-19/site-library/Rcpp/include' -I'/home/biocbuild/R/R-devel_2025-02-19/site-library/RcppEigen/include' -I/usr/local/include -fPIC -g -O2 -Wall -Werror=format-security -c vbnmf_update.cpp -o vbnmf_update.o
In file included from /home/biocbuild/R/R-devel_2025-02-19/site-library/RcppEigen/include/Eigen/Core:214,
from /home/biocbuild/R/R-devel_2025-02-19/site-library/RcppEigen/include/Eigen/Dense:1,
from /home/biocbuild/R/R-devel_2025-02-19/site-library/RcppEigen/include/RcppEigenForward.h:28,
from /home/biocbuild/R/R-devel_2025-02-19/site-library/RcppEigen/include/RcppEigen.h:25,
from vbnmf_update.cpp:3:
/home/biocbuild/R/R-devel_2025-02-19/site-library/RcppEigen/include/Eigen/src/Core/arch/NEON/PacketMath.h: In function ‘Packet Eigen::internal::pload(const typename unpacket_traits<T>::type*) [with Packet = eigen_packet_wrapper<int, 2>; typename unpacket_traits<T>::type = signed char]’:
/home/biocbuild/R/R-devel_2025-02-19/site-library/RcppEigen/include/Eigen/src/Core/arch/NEON/PacketMath.h:1671:9: warning: ‘void* memcpy(void*, const void*, size_t)’ copying an object of non-trivial type ‘Eigen::internal::Packet4c’ {aka ‘struct Eigen::internal::eigen_packet_wrapper<int, 2>’} from an array of ‘const int8_t’ {aka ‘const signed char’} [-Wclass-memaccess]
1671 | memcpy(&res, from, sizeof(Packet4c));
| ~~~~~~^~~~~~~~~~~~~~~~~~~~~~~~~~~~~~
In file included from /home/biocbuild/R/R-devel_2025-02-19/site-library/RcppEigen/include/Eigen/Core:172:
/home/biocbuild/R/R-devel_2025-02-19/site-library/RcppEigen/include/Eigen/src/Core/GenericPacketMath.h:159:8: note: ‘Eigen::internal::Packet4c’ {aka ‘struct Eigen::internal::eigen_packet_wrapper<int, 2>’} declared here
159 | struct eigen_packet_wrapper
| ^~~~~~~~~~~~~~~~~~~~
/home/biocbuild/R/R-devel_2025-02-19/site-library/RcppEigen/include/Eigen/src/Core/arch/NEON/PacketMath.h: In function ‘Packet Eigen::internal::ploadu(const typename unpacket_traits<T>::type*) [with Packet = eigen_packet_wrapper<int, 2>; typename unpacket_traits<T>::type = signed char]’:
/home/biocbuild/R/R-devel_2025-02-19/site-library/RcppEigen/include/Eigen/src/Core/arch/NEON/PacketMath.h:1716:9: warning: ‘void* memcpy(void*, const void*, size_t)’ copying an object of non-trivial type ‘Eigen::internal::Packet4c’ {aka ‘struct Eigen::internal::eigen_packet_wrapper<int, 2>’} from an array of ‘const int8_t’ {aka ‘const signed char’} [-Wclass-memaccess]
1716 | memcpy(&res, from, sizeof(Packet4c));
| ~~~~~~^~~~~~~~~~~~~~~~~~~~~~~~~~~~~~
/home/biocbuild/R/R-devel_2025-02-19/site-library/RcppEigen/include/Eigen/src/Core/GenericPacketMath.h:159:8: note: ‘Eigen::internal::Packet4c’ {aka ‘struct Eigen::internal::eigen_packet_wrapper<int, 2>’} declared here
159 | struct eigen_packet_wrapper
| ^~~~~~~~~~~~~~~~~~~~
/opt/ohpc/pub/compiler/gcc/14.2.0/bin/aarch64-unknown-linux-gnu-g++ -std=gnu++11 -shared -L/home/biocbuild/R/R/lib -L/usr/local/lib -o ccfindR.so RcppExports.o vbnmf_update.o -lgsl -lgslcblas -L/home/biocbuild/R/R/lib -lR
installing to /home/biocbuild/R/R-devel_2025-02-19/site-library/00LOCK-ccfindR/00new/ccfindR/libs
** R
** inst
** byte-compile and prepare package for lazy loading
** help
Loading required namespace: ccfindR
*** installing help indices
** building package indices
** installing vignettes
** testing if installed package can be loaded from temporary location
** checking absolute paths in shared objects and dynamic libraries
** testing if installed package can be loaded from final location
** testing if installed package keeps a record of temporary installation path
* DONE (ccfindR)
ccfindR.Rcheck/ccfindR-Ex.timings
| name | user | system | elapsed | |
| assignCelltype | 19.177 | 1.854 | 21.093 | |
| basis-set-scNMFSet-method | 0.230 | 0.000 | 0.231 | |
| basis-set | 0.149 | 0.012 | 0.161 | |
| basis | 0.169 | 0.024 | 0.193 | |
| build_tree | 3.481 | 0.032 | 3.520 | |
| cell_map | 0.501 | 0.000 | 0.502 | |
| cluster_id | 3.440 | 0.004 | 3.453 | |
| coeff-set-scNMFSet-method | 0.151 | 0.000 | 0.151 | |
| coeff-set | 0.152 | 0.000 | 0.152 | |
| coeff | 0.181 | 0.000 | 0.182 | |
| colData-scNMFSet-method | 0.191 | 0.000 | 0.192 | |
| colData-set-scNMFSet-ANY-method | 0.171 | 0.004 | 0.175 | |
| counts-scNMFSet-method | 0.12 | 0.00 | 0.12 | |
| counts-set-scNMFSet-method | 0.156 | 0.023 | 0.180 | |
| factorize | 8.798 | 0.052 | 8.871 | |
| feature_map | 0.366 | 0.000 | 0.366 | |
| filter_cells | 0.178 | 0.004 | 0.182 | |
| filter_genes | 0.237 | 0.000 | 0.237 | |
| gene_map | 0.364 | 0.004 | 0.368 | |
| measure-set-scNMFSet-method | 0.160 | 0.000 | 0.161 | |
| measure-set | 0.161 | 0.000 | 0.162 | |
| measure | 0.167 | 0.000 | 0.168 | |
| meta_gene.cv | 3.502 | 0.030 | 3.547 | |
| meta_genes | 0.359 | 0.001 | 0.360 | |
| newick | 3.477 | 0.000 | 3.485 | |
| normalize_count | 0.187 | 0.000 | 0.187 | |
| optimal_rank | 3.439 | 0.000 | 3.446 | |
| plot_genes | 0.142 | 0.000 | 0.142 | |
| plot_tree | 3.553 | 0.003 | 3.566 | |
| ranks-set-scNMFSet-method | 0.189 | 0.000 | 0.190 | |
| ranks-set | 0.191 | 0.000 | 0.192 | |
| ranks | 0.177 | 0.000 | 0.178 | |
| read_10x | 0.386 | 0.008 | 0.395 | |
| remove_zeros | 0.179 | 0.000 | 0.179 | |
| rename_tips | 3.544 | 0.000 | 3.553 | |
| rowData-scNMFSet-method | 0.133 | 0.000 | 0.133 | |
| scNMFSet-class | 0.451 | 0.004 | 0.457 | |
| scNMFSet | 0.127 | 0.000 | 0.126 | |
| show-scNMFSet-method | 0.121 | 0.000 | 0.121 | |
| simulate_data | 0.123 | 0.000 | 0.123 | |
| simulate_whx | 3.547 | 0.000 | 3.556 | |
| vb_factorize | 3.493 | 0.000 | 3.501 | |
| visualize_clusters | 1.118 | 0.000 | 1.120 | |
| write_10x | 0.145 | 0.000 | 0.145 | |
| write_meta | 3.500 | 0.000 | 3.509 | |