| Back to Multiple platform build/check report for BioC 3.21: simplified long |
|
This page was generated on 2025-10-16 11:41 -0400 (Thu, 16 Oct 2025).
| Hostname | OS | Arch (*) | R version | Installed pkgs |
|---|---|---|---|---|
| nebbiolo1 | Linux (Ubuntu 24.04.3 LTS) | x86_64 | 4.5.1 (2025-06-13) -- "Great Square Root" | 4833 |
| merida1 | macOS 12.7.6 Monterey | x86_64 | 4.5.1 RC (2025-06-05 r88288) -- "Great Square Root" | 4614 |
| kjohnson1 | macOS 13.7.5 Ventura | arm64 | 4.5.1 Patched (2025-06-14 r88325) -- "Great Square Root" | 4555 |
| kunpeng2 | Linux (openEuler 24.03 LTS) | aarch64 | R Under development (unstable) (2025-02-19 r87757) -- "Unsuffered Consequences" | 4586 |
| Click on any hostname to see more info about the system (e.g. compilers) (*) as reported by 'uname -p', except on Windows and Mac OS X | ||||
| Package 151/2341 | Hostname | OS / Arch | INSTALL | BUILD | CHECK | BUILD BIN | ||||||||
| bcSeq 1.30.0 (landing page) Jiaxing Lin
| nebbiolo1 | Linux (Ubuntu 24.04.3 LTS) / x86_64 | OK | OK | WARNINGS | |||||||||
| merida1 | macOS 12.7.6 Monterey / x86_64 | OK | ERROR | skipped | skipped | |||||||||
| kjohnson1 | macOS 13.7.5 Ventura / arm64 | OK | OK | WARNINGS | OK | |||||||||
| kunpeng2 | Linux (openEuler 24.03 LTS) / aarch64 | OK | OK | WARNINGS | ||||||||||
|
To the developers/maintainers of the bcSeq package: - Allow up to 24 hours (and sometimes 48 hours) for your latest push to git@git.bioconductor.org:packages/bcSeq.git to reflect on this report. See Troubleshooting Build Report for more information. - Use the following Renviron settings to reproduce errors and warnings. - If 'R CMD check' started to fail recently on the Linux builder(s) over a missing dependency, add the missing dependency to 'Suggests:' in your DESCRIPTION file. See Renviron.bioc for more information. - See Martin Grigorov's blog post for how to debug Linux ARM64 related issues on a x86_64 host. |
| Package: bcSeq |
| Version: 1.30.0 |
| Command: /home/biocbuild/R/R/bin/R CMD check --install=check:bcSeq.install-out.txt --library=/home/biocbuild/R/R/site-library --no-vignettes --timings bcSeq_1.30.0.tar.gz |
| StartedAt: 2025-10-14 06:30:57 -0000 (Tue, 14 Oct 2025) |
| EndedAt: 2025-10-14 06:33:09 -0000 (Tue, 14 Oct 2025) |
| EllapsedTime: 132.1 seconds |
| RetCode: 0 |
| Status: WARNINGS |
| CheckDir: bcSeq.Rcheck |
| Warnings: 1 |
##############################################################################
##############################################################################
###
### Running command:
###
### /home/biocbuild/R/R/bin/R CMD check --install=check:bcSeq.install-out.txt --library=/home/biocbuild/R/R/site-library --no-vignettes --timings bcSeq_1.30.0.tar.gz
###
##############################################################################
##############################################################################
* using log directory ‘/home/biocbuild/bbs-3.21-bioc/meat/bcSeq.Rcheck’
* using R Under development (unstable) (2025-02-19 r87757)
* using platform: aarch64-unknown-linux-gnu
* R was compiled by
aarch64-unknown-linux-gnu-gcc (GCC) 14.2.0
GNU Fortran (GCC) 14.2.0
* running under: openEuler 24.03 (LTS-SP1)
* using session charset: UTF-8
* using option ‘--no-vignettes’
* checking for file ‘bcSeq/DESCRIPTION’ ... OK
* checking extension type ... Package
* this is package ‘bcSeq’ version ‘1.30.0’
* checking package namespace information ... OK
* checking package dependencies ... OK
* checking if this is a source package ... OK
* checking if there is a namespace ... OK
* checking for hidden files and directories ... OK
* checking for portable file names ... OK
* checking for sufficient/correct file permissions ... OK
* checking whether package ‘bcSeq’ can be installed ... WARNING
Found the following significant warnings:
helper/../structures/NodePool.h:58:16: warning: ‘void* memcpy(void*, const void*, size_t)’ writing to an object of non-trivially copyable type ‘struct Node’; use copy-assignment or copy-initialization instead [-Wclass-memaccess]
structures/NodePool.h:58:16: warning: ‘void* memcpy(void*, const void*, size_t)’ writing to an object of non-trivially copyable type ‘struct Node’; use copy-assignment or copy-initialization instead [-Wclass-memaccess]
See ‘/home/biocbuild/bbs-3.21-bioc/meat/bcSeq.Rcheck/00install.out’ for details.
* used C compiler: ‘aarch64-unknown-linux-gnu-gcc (GCC) 14.2.0’
* used C++ compiler: ‘aarch64-unknown-linux-gnu-g++ (GCC) 14.2.0’
* checking C++ specification ... NOTE
Specified C++11: please drop specification unless essential
* checking installed package size ... OK
* checking package directory ... OK
* checking ‘build’ directory ... OK
* checking DESCRIPTION meta-information ... OK
* checking top-level files ... OK
* checking for left-over files ... OK
* checking index information ... OK
* checking package subdirectories ... OK
* checking code files for non-ASCII characters ... OK
* checking R files for syntax errors ... OK
* checking whether the package can be loaded ... OK
* checking whether the package can be loaded with stated dependencies ... OK
* checking whether the package can be unloaded cleanly ... OK
* checking whether the namespace can be loaded with stated dependencies ... OK
* checking whether the namespace can be unloaded cleanly ... OK
* checking loading without being on the library search path ... OK
* checking dependencies in R code ... OK
* checking S3 generic/method consistency ... OK
* checking replacement functions ... OK
* checking foreign function calls ... OK
* checking R code for possible problems ... OK
* checking Rd files ... OK
* checking Rd metadata ... OK
* checking Rd cross-references ... NOTE
Found the following Rd file(s) with Rd \link{} targets missing package
anchors:
bcSeq-package.Rd: Rcpp
Please provide package anchors for all Rd \link{} targets not in the
package itself and the base packages.
* checking for missing documentation entries ... OK
* checking for code/documentation mismatches ... OK
* checking Rd \usage sections ... OK
* checking Rd contents ... OK
* checking for unstated dependencies in examples ... OK
* checking line endings in C/C++/Fortran sources/headers ... OK
* checking line endings in Makefiles ... OK
* checking compilation flags in Makevars ... OK
* checking for GNU extensions in Makefiles ... OK
* checking for portable use of $(BLAS_LIBS) and $(LAPACK_LIBS) ... OK
* checking use of PKG_*FLAGS in Makefiles ... OK
* checking compiled code ... NOTE
Note: information on .o files is not available
* checking files in ‘vignettes’ ... OK
* checking examples ... OK
* checking for unstated dependencies in ‘tests’ ... OK
* checking tests ...
Running ‘test_bcSeq.R’
OK
* checking for unstated dependencies in vignettes ... OK
* checking package vignettes ... OK
* checking running R code from vignettes ... SKIPPED
* checking re-building of vignette outputs ... SKIPPED
* checking PDF version of manual ... OK
* DONE
Status: 1 WARNING, 3 NOTEs
See
‘/home/biocbuild/bbs-3.21-bioc/meat/bcSeq.Rcheck/00check.log’
for details.
bcSeq.Rcheck/00install.out
##############################################################################
##############################################################################
###
### Running command:
###
### /home/biocbuild/R/R/bin/R CMD INSTALL bcSeq
###
##############################################################################
##############################################################################
* installing to library ‘/home/biocbuild/R/R-devel_2025-02-19/site-library’
* installing *source* package ‘bcSeq’ ...
** this is package ‘bcSeq’ version ‘1.30.0’
** using staged installation
** libs
using C compiler: ‘aarch64-unknown-linux-gnu-gcc (GCC) 14.2.0’
using C++ compiler: ‘aarch64-unknown-linux-gnu-g++ (GCC) 14.2.0’
using C++11
/opt/ohpc/pub/compiler/gcc/14.2.0/bin/aarch64-unknown-linux-gnu-g++ -std=gnu++11 -I"/home/biocbuild/R/R/include" -DNDEBUG -I'/home/biocbuild/R/R-devel_2025-02-19/site-library/Rcpp/include' -I'/home/biocbuild/R/R-devel_2025-02-19/library/Matrix/include' -I/usr/local/include -pthread -fPIC -g -O2 -Wall -Werror=format-security -c CRISPR_matching.cpp -o CRISPR_matching.o
In file included from helper/../structures/Trie.h:16,
from helper/count.h:5,
from CRISPR_matching.cpp:3:
helper/../structures/NodePool.h: In member function ‘void Pool::resize()’:
helper/../structures/NodePool.h:58:16: warning: ‘void* memcpy(void*, const void*, size_t)’ writing to an object of non-trivially copyable type ‘struct Node’; use copy-assignment or copy-initialization instead [-Wclass-memaccess]
58 | std::memcpy(x, buff.get(), count * sizeof(Node));
| ~~~~~~~~~~~^~~~~~~~~~~~~~~~~~~~~~~~~~~~~~~~~~~~~
In file included from helper/../structures/Trie.h:15:
helper/../structures/Node.h:11:8: note: ‘struct Node’ declared here
11 | struct Node {
| ^~~~
/opt/ohpc/pub/compiler/gcc/14.2.0/bin/aarch64-unknown-linux-gnu-g++ -std=gnu++11 -I"/home/biocbuild/R/R/include" -DNDEBUG -I'/home/biocbuild/R/R-devel_2025-02-19/site-library/Rcpp/include' -I'/home/biocbuild/R/R-devel_2025-02-19/library/Matrix/include' -I/usr/local/include -pthread -fPIC -g -O2 -Wall -Werror=format-security -c RcppExports.cpp -o RcppExports.o
/opt/ohpc/pub/compiler/gcc/14.2.0/bin/aarch64-unknown-linux-gnu-g++ -std=gnu++11 -I"/home/biocbuild/R/R/include" -DNDEBUG -I'/home/biocbuild/R/R-devel_2025-02-19/site-library/Rcpp/include' -I'/home/biocbuild/R/R-devel_2025-02-19/library/Matrix/include' -I/usr/local/include -pthread -fPIC -g -O2 -Wall -Werror=format-security -c Trie_edit.cpp -o Trie_edit.o
In file included from structures/Trie.h:16,
from Trie_edit.cpp:1:
structures/NodePool.h: In member function ‘void Pool::resize()’:
structures/NodePool.h:58:16: warning: ‘void* memcpy(void*, const void*, size_t)’ writing to an object of non-trivially copyable type ‘struct Node’; use copy-assignment or copy-initialization instead [-Wclass-memaccess]
58 | std::memcpy(x, buff.get(), count * sizeof(Node));
| ~~~~~~~~~~~^~~~~~~~~~~~~~~~~~~~~~~~~~~~~~~~~~~~~
In file included from structures/Trie.h:15:
structures/Node.h:11:8: note: ‘struct Node’ declared here
11 | struct Node {
| ^~~~
/opt/ohpc/pub/compiler/gcc/14.2.0/bin/aarch64-unknown-linux-gnu-g++ -std=gnu++11 -I"/home/biocbuild/R/R/include" -DNDEBUG -I'/home/biocbuild/R/R-devel_2025-02-19/site-library/Rcpp/include' -I'/home/biocbuild/R/R-devel_2025-02-19/library/Matrix/include' -I/usr/local/include -pthread -fPIC -g -O2 -Wall -Werror=format-security -c Trie_hamming.cpp -o Trie_hamming.o
In file included from structures/Trie.h:16,
from Trie_hamming.cpp:1:
structures/NodePool.h: In member function ‘void Pool::resize()’:
structures/NodePool.h:58:16: warning: ‘void* memcpy(void*, const void*, size_t)’ writing to an object of non-trivially copyable type ‘struct Node’; use copy-assignment or copy-initialization instead [-Wclass-memaccess]
58 | std::memcpy(x, buff.get(), count * sizeof(Node));
| ~~~~~~~~~~~^~~~~~~~~~~~~~~~~~~~~~~~~~~~~~~~~~~~~
In file included from structures/Trie.h:15:
structures/Node.h:11:8: note: ‘struct Node’ declared here
11 | struct Node {
| ^~~~
/opt/ohpc/pub/compiler/gcc/14.2.0/bin/aarch64-unknown-linux-gnu-g++ -std=gnu++11 -I"/home/biocbuild/R/R/include" -DNDEBUG -I'/home/biocbuild/R/R-devel_2025-02-19/site-library/Rcpp/include' -I'/home/biocbuild/R/R-devel_2025-02-19/library/Matrix/include' -I/usr/local/include -pthread -fPIC -g -O2 -Wall -Werror=format-security -c Trie_util.cpp -o Trie_util.o
In file included from structures/Trie.h:16,
from Trie_util.cpp:2:
structures/NodePool.h: In member function ‘void Pool::resize()’:
structures/NodePool.h:58:16: warning: ‘void* memcpy(void*, const void*, size_t)’ writing to an object of non-trivially copyable type ‘struct Node’; use copy-assignment or copy-initialization instead [-Wclass-memaccess]
58 | std::memcpy(x, buff.get(), count * sizeof(Node));
| ~~~~~~~~~~~^~~~~~~~~~~~~~~~~~~~~~~~~~~~~~~~~~~~~
In file included from structures/Trie.h:15:
structures/Node.h:11:8: note: ‘struct Node’ declared here
11 | struct Node {
| ^~~~
/opt/ohpc/pub/compiler/gcc/14.2.0/bin/aarch64-unknown-linux-gnu-g++ -std=gnu++11 -I"/home/biocbuild/R/R/include" -DNDEBUG -I'/home/biocbuild/R/R-devel_2025-02-19/site-library/Rcpp/include' -I'/home/biocbuild/R/R-devel_2025-02-19/library/Matrix/include' -I/usr/local/include -pthread -fPIC -g -O2 -Wall -Werror=format-security -c alignment.cpp -o alignment.o
/opt/ohpc/pub/compiler/gcc/14.2.0/bin/aarch64-unknown-linux-gnu-gcc -std=gnu23 -I"/home/biocbuild/R/R/include" -DNDEBUG -I'/home/biocbuild/R/R-devel_2025-02-19/site-library/Rcpp/include' -I'/home/biocbuild/R/R-devel_2025-02-19/library/Matrix/include' -I/usr/local/include -fPIC -g -O2 -Wall -Werror=format-security -c init.c -o init.o
/opt/ohpc/pub/compiler/gcc/14.2.0/bin/aarch64-unknown-linux-gnu-g++ -std=gnu++11 -I"/home/biocbuild/R/R/include" -DNDEBUG -I'/home/biocbuild/R/R-devel_2025-02-19/site-library/Rcpp/include' -I'/home/biocbuild/R/R-devel_2025-02-19/library/Matrix/include' -I/usr/local/include -pthread -fPIC -g -O2 -Wall -Werror=format-security -c trimRead.cpp -o trimRead.o
/opt/ohpc/pub/compiler/gcc/14.2.0/bin/aarch64-unknown-linux-gnu-g++ -std=gnu++11 -I"/home/biocbuild/R/R/include" -DNDEBUG -I'/home/biocbuild/R/R-devel_2025-02-19/site-library/Rcpp/include' -I'/home/biocbuild/R/R-devel_2025-02-19/library/Matrix/include' -I/usr/local/include -pthread -fPIC -g -O2 -Wall -Werror=format-security -c uniqueBar.cpp -o uniqueBar.o
/opt/ohpc/pub/compiler/gcc/14.2.0/bin/aarch64-unknown-linux-gnu-g++ -std=gnu++11 -shared -L/home/biocbuild/R/R/lib -L/usr/local/lib -o bcSeq.so CRISPR_matching.o RcppExports.o Trie_edit.o Trie_hamming.o Trie_util.o alignment.o init.o trimRead.o uniqueBar.o -L/home/biocbuild/R/R/lib -lR
installing to /home/biocbuild/R/R-devel_2025-02-19/site-library/00LOCK-bcSeq/00new/bcSeq/libs
** R
** inst
** byte-compile and prepare package for lazy loading
** help
*** installing help indices
** building package indices
** installing vignettes
** testing if installed package can be loaded from temporary location
** checking absolute paths in shared objects and dynamic libraries
** testing if installed package can be loaded from final location
** testing if installed package keeps a record of temporary installation path
* DONE (bcSeq)
bcSeq.Rcheck/tests/test_bcSeq.Rout
R Under development (unstable) (2025-02-19 r87757) -- "Unsuffered Consequences"
Copyright (C) 2025 The R Foundation for Statistical Computing
Platform: aarch64-unknown-linux-gnu
R is free software and comes with ABSOLUTELY NO WARRANTY.
You are welcome to redistribute it under certain conditions.
Type 'license()' or 'licence()' for distribution details.
R is a collaborative project with many contributors.
Type 'contributors()' for more information and
'citation()' on how to cite R or R packages in publications.
Type 'demo()' for some demos, 'help()' for on-line help, or
'help.start()' for an HTML browser interface to help.
Type 'q()' to quit R.
> library(bcSeq)
> #devtools::load_all("../")
> #### Set the seed
> set.seed(4523)
>
> #### Generate barcode
> lFName <- "./libFile.fasta"
> bases <- c(rep('A', 4), rep('C',4), rep('G',4), rep('T',4))
> numOfBars <- 7
> Barcodes <- rep(NA, numOfBars*2)
> for (i in 1:numOfBars){
+ Barcodes[2*i-1] <- paste0(">barcode_ID: ", i)
+ Barcodes[2*i] <- paste(sample(bases, length(bases)), collapse = '')
+ }
> write(Barcodes, lFName)
>
> #### Generate reads and phred score
> rFName <- "./readFile.fastq"
> numOfReads <- 8
> Reads <- rep(NA, numOfReads*4)
> for (i in 1:numOfReads){
+ Reads[4*i-3] <- paste0("@read_ID_",i)
+ Reads[4*i-2] <- Barcodes[2*sample(1:numOfBars,1,
+ replace=TRUE, prob=seq(1:numOfBars))]
+ Reads[4*i-1] <- "+"
+ Reads[4*i] <- paste(rawToChar(as.raw(
+ 33+sample(20:30, length(bases),replace=TRUE))),
+ collapse='')
+ }
> write(Reads, rFName)
>
> #### perform alignment
> ReadFile <- "./readFile.fastq"
> BarFile <- "./libFile.fasta"
> outFile <- "./countH.csv"
>
> #### with default output for bcSeq_hamming
> #res <- bcSeq_hamming(ReadFile, BarFile, outFile, misMatch = 2,
> # tMat = NULL, numThread = 2, count_only = TRUE )
> #res <- read.csv(outFile, header=FALSE)
> #res
>
> #### with return of alignment probability matrix to R
> #outFile <- "./countH2.csv"
> #res <- bcSeq_hamming(ReadFile, BarFile, outFile, misMatch = 2,
> # tMat = NULL, numThread = 2, count_only = FALSE )
> #res
>
> #### with default output for bcSeq_edit
> outFile <- "./countE.csv"
> #res <- bcSeq_edit(ReadFile, BarFile, outFile, misMatch = 2,
> # tMat = NULL, numThread = 2, count_only = TRUE,
> # gap_left = 2, ext_left = 1, gap_right = 2, ext_right = 1,
> # pen_max = 7)
> #res <- read.csv(outFile, header=FALSE)
> #res
>
> #### with return of alignment probability matrix to R
> #outFile <- "./countE2.csv"
> #res <- bcSeq_edit(ReadFile, BarFile, outFile, misMatch = 2,
> # tMat = NULL, numThread = 2, count_only = FALSE,
> # gap_left = 2, ext_left = 1, gap_right = 2, ext_right = 1,
> # pen_max = 7)
> #res
>
> #### user-defined probability model
> comstomizeP <- function(m, x, y)
+ {
+ x * (1 - log(2) + log(1 + m / (m + y) ) )
+ }
> outFile = "comstomizeP.csv"
> #bcSeq_edit(ReadFile, BarFile, outFile, misMatch = 2,
> # tMat = NULL, numThread = 2, count_only = TRUE,
> # gap_left = 2, ext_left = 1, gap_right = 2, ext_right = 1,
> # pen_max = 7, userProb = comstomizeP)
>
> proc.time()
user system elapsed
4.776 0.157 5.687
bcSeq.Rcheck/bcSeq-Ex.timings
| name | user | system | elapsed | |
| bcSeq-package | 0.056 | 0.000 | 0.056 | |
| bcSeq_edit | 0.072 | 0.006 | 0.079 | |
| bcSeq_hamming | 0.075 | 0.004 | 0.080 | |
| trimRead | 0.078 | 0.004 | 0.083 | |
| uniqueBar | 0.010 | 0.000 | 0.011 | |