| Back to Multiple platform build/check report for BioC 3.21: simplified long |
|
This page was generated on 2025-10-16 11:41 -0400 (Thu, 16 Oct 2025).
| Hostname | OS | Arch (*) | R version | Installed pkgs |
|---|---|---|---|---|
| nebbiolo1 | Linux (Ubuntu 24.04.3 LTS) | x86_64 | 4.5.1 (2025-06-13) -- "Great Square Root" | 4833 |
| merida1 | macOS 12.7.6 Monterey | x86_64 | 4.5.1 RC (2025-06-05 r88288) -- "Great Square Root" | 4614 |
| kjohnson1 | macOS 13.7.5 Ventura | arm64 | 4.5.1 Patched (2025-06-14 r88325) -- "Great Square Root" | 4555 |
| kunpeng2 | Linux (openEuler 24.03 LTS) | aarch64 | R Under development (unstable) (2025-02-19 r87757) -- "Unsuffered Consequences" | 4586 |
| Click on any hostname to see more info about the system (e.g. compilers) (*) as reported by 'uname -p', except on Windows and Mac OS X | ||||
| Package 115/2341 | Hostname | OS / Arch | INSTALL | BUILD | CHECK | BUILD BIN | ||||||||
| attract 1.60.0 (landing page) Samuel Zimmerman
| nebbiolo1 | Linux (Ubuntu 24.04.3 LTS) / x86_64 | OK | OK | OK | |||||||||
| merida1 | macOS 12.7.6 Monterey / x86_64 | OK | OK | OK | OK | |||||||||
| kjohnson1 | macOS 13.7.5 Ventura / arm64 | OK | OK | OK | OK | |||||||||
| kunpeng2 | Linux (openEuler 24.03 LTS) / aarch64 | OK | ERROR | skipped | ||||||||||
|
To the developers/maintainers of the attract package: - Allow up to 24 hours (and sometimes 48 hours) for your latest push to git@git.bioconductor.org:packages/attract.git to reflect on this report. See Troubleshooting Build Report for more information. - Use the following Renviron settings to reproduce errors and warnings. - If 'R CMD check' started to fail recently on the Linux builder(s) over a missing dependency, add the missing dependency to 'Suggests:' in your DESCRIPTION file. See Renviron.bioc for more information. - See Martin Grigorov's blog post for how to debug Linux ARM64 related issues on a x86_64 host. |
| Package: attract |
| Version: 1.60.0 |
| Command: /home/biocbuild/R/R/bin/R CMD build --keep-empty-dirs --no-resave-data attract |
| StartedAt: 2025-10-13 22:41:24 -0000 (Mon, 13 Oct 2025) |
| EndedAt: 2025-10-13 22:42:28 -0000 (Mon, 13 Oct 2025) |
| EllapsedTime: 64.0 seconds |
| RetCode: 1 |
| Status: ERROR |
| PackageFile: None |
| PackageFileSize: NA |
##############################################################################
##############################################################################
###
### Running command:
###
### /home/biocbuild/R/R/bin/R CMD build --keep-empty-dirs --no-resave-data attract
###
##############################################################################
##############################################################################
* checking for file ‘attract/DESCRIPTION’ ... OK
* preparing ‘attract’:
* checking DESCRIPTION meta-information ... OK
* installing the package to build vignettes
* creating vignettes ... ERROR
--- re-building ‘attract.Rnw’ using Sweave
Loading required package: AnnotationDbi
Loading required package: stats4
Loading required package: BiocGenerics
Loading required package: generics
Attaching package: ‘generics’
The following objects are masked from ‘package:base’:
as.difftime, as.factor, as.ordered, intersect,
is.element, setdiff, setequal, union
Attaching package: ‘BiocGenerics’
The following objects are masked from ‘package:stats’:
IQR, mad, sd, var, xtabs
The following objects are masked from ‘package:base’:
Filter, Find, Map, Position, Reduce,
anyDuplicated, aperm, append, as.data.frame,
basename, cbind, colnames, dirname, do.call,
duplicated, eval, evalq, get, grep, grepl,
is.unsorted, lapply, mapply, match, mget, order,
paste, pmax, pmax.int, pmin, pmin.int, rank,
rbind, rownames, sapply, saveRDS, table, tapply,
unique, unsplit, which.max, which.min
Loading required package: Biobase
Welcome to Bioconductor
Vignettes contain introductory material; view
with 'browseVignettes()'. To cite Bioconductor,
see 'citation("Biobase")', and for packages
'citation("pkgname")'.
Loading required package: IRanges
Loading required package: S4Vectors
Attaching package: ‘S4Vectors’
The following object is masked from ‘package:utils’:
findMatches
The following objects are masked from ‘package:base’:
I, expand.grid, unname
Loading required package: illuminaHumanv1.db
Loading required package: org.Hs.eg.db
Error: processing vignette 'attract.Rnw' failed with diagnostics:
chunk 5 (label = findAttractors)
Error in curl::curl_fetch_memory(url, handle = handle) :
Timeout was reached [rest.kegg.jp]: Connection timed out after 10002 milliseconds
--- failed re-building ‘attract.Rnw’
SUMMARY: processing the following file failed:
‘attract.Rnw’
Error: Vignette re-building failed.
Execution halted