Back to Multiple platform build/check report for BioC 3.22:   simplified   long
[A]BCDEFGHIJKLMNOPQRSTUVWXYZ

This page was generated on 2025-11-20 12:03 -0500 (Thu, 20 Nov 2025).

HostnameOSArch (*)R versionInstalled pkgs
nebbiolo2Linux (Ubuntu 24.04.3 LTS)x86_644.5.2 (2025-10-31) -- "[Not] Part in a Rumble" 4615
merida1macOS 12.7.6 Montereyx86_644.5.2 Patched (2025-11-05 r88990) -- "[Not] Part in a Rumble" 4610
kjohnson1macOS 13.7.5 Venturaarm644.5.2 Patched (2025-11-04 r88984) -- "[Not] Part in a Rumble" 4598
taishanLinux (openEuler 24.03 LTS)aarch644.5.0 (2025-04-11) -- "How About a Twenty-Six" 4668
Click on any hostname to see more info about the system (e.g. compilers)      (*) as reported by 'uname -p', except on Windows and Mac OS X

Package 115/2361HostnameOS / ArchINSTALLBUILDCHECKBUILD BIN
atena 1.16.0  (landing page)
Robert Castelo
Snapshot Date: 2025-11-17 13:45 -0500 (Mon, 17 Nov 2025)
git_url: https://git.bioconductor.org/packages/atena
git_branch: RELEASE_3_22
git_last_commit: 93211ad
git_last_commit_date: 2025-10-29 11:12:14 -0500 (Wed, 29 Oct 2025)
nebbiolo2Linux (Ubuntu 24.04.3 LTS) / x86_64  OK    ERROR  skipped
merida1macOS 12.7.6 Monterey / x86_64  OK    OK    OK    OK  UNNEEDED, same version is already published
kjohnson1macOS 13.7.5 Ventura / arm64  OK    OK    OK    OK  UNNEEDED, same version is already published
taishanLinux (openEuler 24.03 LTS) / aarch64  OK    OK    ERROR  


BUILD results for atena on nebbiolo2

To the developers/maintainers of the atena package:
- Allow up to 24 hours (and sometimes 48 hours) for your latest push to git@git.bioconductor.org:packages/atena.git to reflect on this report. See Troubleshooting Build Report for more information.
- Use the following Renviron settings to reproduce errors and warnings.
- If 'R CMD check' started to fail recently on the Linux builder(s) over a missing dependency, add the missing dependency to 'Suggests:' in your DESCRIPTION file. See Renviron.bioc for more information.

raw results


Summary

Package: atena
Version: 1.16.0
Command: /home/biocbuild/bbs-3.22-bioc/R/bin/R CMD build --keep-empty-dirs --no-resave-data --md5 atena
StartedAt: 2025-11-17 19:27:57 -0500 (Mon, 17 Nov 2025)
EndedAt: 2025-11-17 19:29:12 -0500 (Mon, 17 Nov 2025)
EllapsedTime: 75.0 seconds
RetCode: 1
Status:   ERROR  
PackageFile: None
PackageFileSize: NA

Command output

##############################################################################
##############################################################################
###
### Running command:
###
###   /home/biocbuild/bbs-3.22-bioc/R/bin/R CMD build --keep-empty-dirs --no-resave-data --md5 atena
###
##############################################################################
##############################################################################


* checking for file ‘atena/DESCRIPTION’ ... OK
* preparing ‘atena’:
* checking DESCRIPTION meta-information ... OK
* installing the package to build vignettes
* creating vignettes ... ERROR
--- re-building ‘atena.Rmd’ using rmarkdown

Quitting from atena.Rmd:149-155 [unnamed-chunk-1]
~~~~~~~~~~~~~~~~~~~~~~~~~~~~~~~~~~~~~~~~~~~~~~~~~~~~~~~~~~~~~~~~~~~~~~~~~~~~~~~~
<error/rlang_error>
Error:
! failed to load resource
  name: AH98983
  title: UCSC RepeatMasker annotations (Dec2014) for D. melanogaster (dm6)
  reason: 1 resources failed to download
---
Backtrace:
     ▆
  1. └─atena::annotaTEs(genome = "dm6", parsefun = rmskidentity)
  2.   ├─base::suppressMessages(gr <- ah[[id]])
  3.   │ └─base::withCallingHandlers(...)
  4.   ├─ah[[id]]
  5.   └─ah[[id]]
  6.     └─AnnotationHub (local) .local(x, i, j = j, ...)
  7.       └─AnnotationHub:::.Hub_get1(...)
  8.         └─base::tryCatch(...)
  9.           └─base (local) tryCatchList(expr, classes, parentenv, handlers)
 10.             └─base (local) tryCatchOne(expr, names, parentenv, handlers[[1L]])
 11.               └─value[[3L]](cond)
 12.                 └─base::tryCatch(...)
 13.                   └─base (local) tryCatchList(expr, classes, parentenv, handlers)
 14.                     └─base (local) tryCatchOne(expr, names, parentenv, handlers[[1L]])
 15.                       └─value[[3L]](cond)
~~~~~~~~~~~~~~~~~~~~~~~~~~~~~~~~~~~~~~~~~~~~~~~~~~~~~~~~~~~~~~~~~~~~~~~~~~~~~~~~

Error: processing vignette 'atena.Rmd' failed with diagnostics:
failed to load resource
  name: AH98983
  title: UCSC RepeatMasker annotations (Dec2014) for D. melanogaster (dm6)
  reason: 1 resources failed to download
--- failed re-building ‘atena.Rmd’

SUMMARY: processing the following file failed:
  ‘atena.Rmd’

Error: Vignette re-building failed.
Execution halted