| Back to Multiple platform build/check report for BioC 3.22: simplified long |
|
This page was generated on 2025-11-20 12:03 -0500 (Thu, 20 Nov 2025).
| Hostname | OS | Arch (*) | R version | Installed pkgs |
|---|---|---|---|---|
| nebbiolo2 | Linux (Ubuntu 24.04.3 LTS) | x86_64 | 4.5.2 (2025-10-31) -- "[Not] Part in a Rumble" | 4615 |
| merida1 | macOS 12.7.6 Monterey | x86_64 | 4.5.2 Patched (2025-11-05 r88990) -- "[Not] Part in a Rumble" | 4610 |
| kjohnson1 | macOS 13.7.5 Ventura | arm64 | 4.5.2 Patched (2025-11-04 r88984) -- "[Not] Part in a Rumble" | 4598 |
| taishan | Linux (openEuler 24.03 LTS) | aarch64 | 4.5.0 (2025-04-11) -- "How About a Twenty-Six" | 4668 |
| Click on any hostname to see more info about the system (e.g. compilers) (*) as reported by 'uname -p', except on Windows and Mac OS X | ||||
| Package 73/2361 | Hostname | OS / Arch | INSTALL | BUILD | CHECK | BUILD BIN | ||||||||
| annotate 1.88.0 (landing page) Bioconductor Package Maintainer
| nebbiolo2 | Linux (Ubuntu 24.04.3 LTS) / x86_64 | OK | OK | ERROR | |||||||||
| merida1 | macOS 12.7.6 Monterey / x86_64 | OK | OK | OK | OK | |||||||||
| kjohnson1 | macOS 13.7.5 Ventura / arm64 | OK | OK | ERROR | OK | |||||||||
| taishan | Linux (openEuler 24.03 LTS) / aarch64 | OK | OK | OK | ||||||||||
|
To the developers/maintainers of the annotate package: - Allow up to 24 hours (and sometimes 48 hours) for your latest push to git@git.bioconductor.org:packages/annotate.git to reflect on this report. See Troubleshooting Build Report for more information. - Use the following Renviron settings to reproduce errors and warnings. - If 'R CMD check' started to fail recently on the Linux builder(s) over a missing dependency, add the missing dependency to 'Suggests:' in your DESCRIPTION file. See Renviron.bioc for more information. |
| Package: annotate |
| Version: 1.88.0 |
| Command: /home/biocbuild/bbs-3.22-bioc/R/bin/R CMD check --install=check:annotate.install-out.txt --library=/home/biocbuild/bbs-3.22-bioc/R/site-library --timings annotate_1.88.0.tar.gz |
| StartedAt: 2025-11-18 00:30:31 -0500 (Tue, 18 Nov 2025) |
| EndedAt: 2025-11-18 00:34:38 -0500 (Tue, 18 Nov 2025) |
| EllapsedTime: 247.4 seconds |
| RetCode: 1 |
| Status: ERROR |
| CheckDir: annotate.Rcheck |
| Warnings: NA |
##############################################################################
##############################################################################
###
### Running command:
###
### /home/biocbuild/bbs-3.22-bioc/R/bin/R CMD check --install=check:annotate.install-out.txt --library=/home/biocbuild/bbs-3.22-bioc/R/site-library --timings annotate_1.88.0.tar.gz
###
##############################################################################
##############################################################################
* using log directory ‘/home/biocbuild/bbs-3.22-bioc/meat/annotate.Rcheck’
* using R version 4.5.2 (2025-10-31)
* using platform: x86_64-pc-linux-gnu
* R was compiled by
gcc (Ubuntu 13.3.0-6ubuntu2~24.04) 13.3.0
GNU Fortran (Ubuntu 13.3.0-6ubuntu2~24.04) 13.3.0
* running under: Ubuntu 24.04.3 LTS
* using session charset: UTF-8
* checking for file ‘annotate/DESCRIPTION’ ... OK
* this is package ‘annotate’ version ‘1.88.0’
* checking package namespace information ... OK
* checking package dependencies ... OK
* checking if this is a source package ... OK
* checking if there is a namespace ... OK
* checking for hidden files and directories ... OK
* checking for portable file names ... OK
* checking for sufficient/correct file permissions ... OK
* checking whether package ‘annotate’ can be installed ... OK
* checking installed package size ... OK
* checking package directory ... OK
* checking ‘build’ directory ... OK
* checking DESCRIPTION meta-information ... OK
* checking top-level files ... OK
* checking for left-over files ... OK
* checking index information ... OK
* checking package subdirectories ... OK
* checking code files for non-ASCII characters ... OK
* checking R files for syntax errors ... OK
* checking whether the package can be loaded ... OK
* checking whether the package can be loaded with stated dependencies ... OK
* checking whether the package can be unloaded cleanly ... OK
* checking whether the namespace can be loaded with stated dependencies ... OK
* checking whether the namespace can be unloaded cleanly ... OK
* checking loading without being on the library search path ... OK
* checking whether startup messages can be suppressed ... OK
* checking dependencies in R code ... NOTE
Unexported object imported by a ':::' call: ‘BiocGenerics:::testPackage’
See the note in ?`:::` about the use of this operator.
* checking S3 generic/method consistency ... OK
* checking replacement functions ... OK
* checking foreign function calls ... OK
* checking R code for possible problems ... OK
* checking Rd files ... OK
* checking Rd metadata ... OK
* checking Rd cross-references ... OK
* checking for missing documentation entries ... OK
* checking for code/documentation mismatches ... OK
* checking Rd \usage sections ... OK
* checking Rd contents ... OK
* checking for unstated dependencies in examples ... OK
* checking contents of ‘data’ directory ... OK
* checking data for non-ASCII characters ... OK
* checking data for ASCII and uncompressed saves ... OK
* checking files in ‘vignettes’ ... OK
* checking examples ... ERROR
Running examples in ‘annotate-Ex.R’ failed
The error most likely occurred in:
> base::assign(".ptime", proc.time(), pos = "CheckExEnv")
> ### Name: pm.abstGrep
> ### Title: An interface to grep for PubMed abstracts.
> ### Aliases: pm.abstGrep
> ### Keywords: manip
>
> ### ** Examples
>
> library("hgu95av2.db")
Loading required package: org.Hs.eg.db
> hoxa9 <- "37806_at"
> absts <- pm.getabst(hoxa9, "hgu95av2")
Warning in file(file, "r") :
cannot open URL 'https://www.ncbi.nlm.nih.gov/entrez/eutils/efetch.fcgi?tool=bioconductor&rettype=xml&retmode=text&db=PubMed&id=8619474%2c9110174%2c9742101%2c10373412%2c10433268%2c10433269%2c10470851%2c10506216%2c10527873%2c10737800%2c10806096%2c10844022%2c10958799%2c10964907%2c11087996%2c11583995%2c12477932%2c12504591%2c12626503%2c14702039%2c15489334%2c16293618%2c16554811%2c17081983%2c17474147%2c20080968%2c20473310%2c20531469%2c21873635%2c21994763%2c22346768%2c22699619%2c22699620%2c23149075%2c23251661%2c23432519%2c23468870%2c23602568%2c23897824%2c24124131%2c24751538%2c24811177%2c25188300%2c25468996%2c25560758%2c26673895%2c27001614%2c27641545%2c28065597%2c28211979%2c28611215%2c28794017%2c29117863%2c29509190%2c29665782%2c29934968%2c30911184%2c31527615%2c32296183%2c32564287%2c32616021%2c32661924%2c32796005%2c32897530%2c32987185%2c33483523%2c33961781%2c34835087%2c34941261%2c35337019%2c35456494%2c35575683%2c35748872%2c36231770%2c36450866%2c37071682%2c37574039%2c37953224%2c38704506%2c405937 [... truncated]
Execution halted
Examples with CPU (user + system) or elapsed time > 5s
user system elapsed
chrCats 8.929 0.431 9.363
blastSequences 0.344 0.017 32.430
* checking for unstated dependencies in ‘tests’ ... OK
* checking tests ...
Running ‘annotate_unit_tests.R’
OK
* checking for unstated dependencies in vignettes ... OK
* checking package vignettes ... OK
* checking re-building of vignette outputs ... OK
* checking PDF version of manual ... OK
* DONE
Status: 1 ERROR, 1 NOTE
See
‘/home/biocbuild/bbs-3.22-bioc/meat/annotate.Rcheck/00check.log’
for details.
annotate.Rcheck/00install.out
############################################################################## ############################################################################## ### ### Running command: ### ### /home/biocbuild/bbs-3.22-bioc/R/bin/R CMD INSTALL annotate ### ############################################################################## ############################################################################## * installing to library ‘/home/biocbuild/bbs-3.22-bioc/R/site-library’ * installing *source* package ‘annotate’ ... ** this is package ‘annotate’ version ‘1.88.0’ ** using staged installation ** R ** data ** inst ** byte-compile and prepare package for lazy loading ** help *** installing help indices ** building package indices ** installing vignettes ** testing if installed package can be loaded from temporary location ** testing if installed package can be loaded from final location ** testing if installed package keeps a record of temporary installation path * DONE (annotate)
annotate.Rcheck/tests/annotate_unit_tests.Rout
R version 4.5.2 (2025-10-31) -- "[Not] Part in a Rumble"
Copyright (C) 2025 The R Foundation for Statistical Computing
Platform: x86_64-pc-linux-gnu
R is free software and comes with ABSOLUTELY NO WARRANTY.
You are welcome to redistribute it under certain conditions.
Type 'license()' or 'licence()' for distribution details.
R is a collaborative project with many contributors.
Type 'contributors()' for more information and
'citation()' on how to cite R or R packages in publications.
Type 'demo()' for some demos, 'help()' for on-line help, or
'help.start()' for an HTML browser interface to help.
Type 'q()' to quit R.
> BiocGenerics:::testPackage("annotate")
Attaching package: 'generics'
The following objects are masked from 'package:base':
as.difftime, as.factor, as.ordered, intersect, is.element, setdiff,
setequal, union
Attaching package: 'BiocGenerics'
The following objects are masked from 'package:stats':
IQR, mad, sd, var, xtabs
The following objects are masked from 'package:base':
Filter, Find, Map, Position, Reduce, anyDuplicated, aperm, append,
as.data.frame, basename, cbind, colnames, dirname, do.call,
duplicated, eval, evalq, get, grep, grepl, is.unsorted, lapply,
mapply, match, mget, order, paste, pmax, pmax.int, pmin, pmin.int,
rank, rbind, rownames, sapply, saveRDS, table, tapply, unique,
unsplit, which.max, which.min
Welcome to Bioconductor
Vignettes contain introductory material; view with
'browseVignettes()'. To cite Bioconductor, see
'citation("Biobase")', and for packages 'citation("pkgname")'.
Attaching package: 'S4Vectors'
The following object is masked from 'package:utils':
findMatches
The following objects are masked from 'package:base':
I, expand.grid, unname
Loading required package: org.Hs.eg.db
'select()' returned 1:many mapping between keys and columns
RUNIT TEST PROTOCOL -- Tue Nov 18 00:33:13 2025
***********************************************
Number of test functions: 1
Number of errors: 0
Number of failures: 0
1 Test Suite :
annotate RUnit Tests - 1 test function, 0 errors, 0 failures
Number of test functions: 1
Number of errors: 0
Number of failures: 0
>
> proc.time()
user system elapsed
8.966 0.556 9.511
annotate.Rcheck/annotate-Ex.timings
| name | user | system | elapsed | |
| ACCNUMStats | 1.291 | 0.041 | 1.332 | |
| GO2heatmap | 0.103 | 0.003 | 0.107 | |
| GOmnplot | 0.040 | 0.001 | 0.041 | |
| HTMLPage-class | 0 | 0 | 0 | |
| LL2homology | 0.000 | 0.000 | 0.001 | |
| PMIDAmat | 0.082 | 0.000 | 0.082 | |
| PWAmat | 1.359 | 0.028 | 1.386 | |
| UniGeneQuery | 0.001 | 0.000 | 0.001 | |
| accessionToUID | 0.552 | 0.021 | 2.157 | |
| annPkgName | 0.001 | 0.000 | 0.000 | |
| aqListGOIDs | 0.115 | 0.004 | 0.118 | |
| blastSequences | 0.344 | 0.017 | 32.430 | |
| buildChromLocation | 0.635 | 0.044 | 0.685 | |
| buildPubMedAbst | 0.079 | 0.007 | 0.400 | |
| chrCats | 8.929 | 0.431 | 9.363 | |
| chromLocation-class | 0.596 | 0.022 | 0.618 | |
| compatibleVersions | 0.025 | 0.000 | 0.024 | |
| dropECode | 0.032 | 0.000 | 0.031 | |
| entrezGeneByID | 0.000 | 0.000 | 0.001 | |
| entrezGeneQuery | 0.000 | 0.000 | 0.001 | |
| filterGOByOntology | 0.042 | 0.000 | 0.042 | |
| findNeighbors | 0.015 | 0.002 | 0.021 | |
| genbank | 0.302 | 0.006 | 0.865 | |
| getAnnMap | 0.019 | 0.001 | 0.020 | |
| getEvidence | 0.039 | 0.001 | 0.040 | |
| getGOTerm | 0.170 | 0.002 | 0.174 | |
| getOntology | 0.030 | 0.000 | 0.029 | |
| getPMInfo | 0.347 | 0.005 | 0.782 | |
| getSYMBOL | 0.085 | 0.003 | 0.088 | |
| getSeq4Acc | 0.051 | 0.002 | 0.409 | |
| hasGOannote | 0.038 | 0.000 | 0.038 | |
| hgByChroms | 0.022 | 0.001 | 0.023 | |
| hgCLengths | 0.001 | 0.000 | 0.001 | |
| hgu95Achroloc | 0.058 | 0.003 | 0.061 | |
| hgu95Achrom | 0.046 | 0.003 | 0.049 | |
| hgu95All | 0.052 | 0.002 | 0.054 | |
| hgu95Asym | 0.053 | 0.003 | 0.056 | |
| homoData-class | 0.002 | 0.000 | 0.002 | |
| htmlpage | 0.014 | 0.002 | 0.016 | |
| isValidkey | 0 | 0 | 0 | |
| makeAnchor | 0 | 0 | 0 | |
| organism | 0.595 | 0.002 | 0.597 | |