| Back to Multiple platform build/check report for BioC 3.22: simplified long |
|
This page was generated on 2025-11-05 12:41 -0500 (Wed, 05 Nov 2025).
| Hostname | OS | Arch (*) | R version | Installed pkgs |
|---|---|---|---|---|
| nebbiolo2 | Linux (Ubuntu 24.04.3 LTS) | x86_64 | 4.5.1 Patched (2025-08-23 r88802) -- "Great Square Root" | 4902 |
| kjohnson3 | macOS 13.7.7 Ventura | arm64 | 4.5.1 Patched (2025-09-10 r88807) -- "Great Square Root" | 4638 |
| Click on any hostname to see more info about the system (e.g. compilers) (*) as reported by 'uname -p', except on Windows and Mac OS X | ||||
| Package 2307/2361 | Hostname | OS / Arch | INSTALL | BUILD | CHECK | BUILD BIN | ||||||||
| VariantTools 1.52.0 (landing page) Michael Lawrence
| nebbiolo2 | Linux (Ubuntu 24.04.3 LTS) / x86_64 | OK | ERROR | skipped | |||||||||
| kjohnson3 | macOS 13.7.7 Ventura / arm64 | OK | OK | ERROR | OK | |||||||||
|
To the developers/maintainers of the VariantTools package: - Allow up to 24 hours (and sometimes 48 hours) for your latest push to git@git.bioconductor.org:packages/VariantTools.git to reflect on this report. See Troubleshooting Build Report for more information. - Use the following Renviron settings to reproduce errors and warnings. - If 'R CMD check' started to fail recently on the Linux builder(s) over a missing dependency, add the missing dependency to 'Suggests:' in your DESCRIPTION file. See Renviron.bioc for more information. |
| Package: VariantTools |
| Version: 1.52.0 |
| Command: /Library/Frameworks/R.framework/Resources/bin/R CMD check --install=check:VariantTools.install-out.txt --library=/Library/Frameworks/R.framework/Resources/library --no-vignettes --timings VariantTools_1.52.0.tar.gz |
| StartedAt: 2025-11-04 22:41:43 -0500 (Tue, 04 Nov 2025) |
| EndedAt: 2025-11-04 22:41:47 -0500 (Tue, 04 Nov 2025) |
| EllapsedTime: 4.1 seconds |
| RetCode: 1 |
| Status: ERROR |
| CheckDir: VariantTools.Rcheck |
| Warnings: NA |
##############################################################################
##############################################################################
###
### Running command:
###
### /Library/Frameworks/R.framework/Resources/bin/R CMD check --install=check:VariantTools.install-out.txt --library=/Library/Frameworks/R.framework/Resources/library --no-vignettes --timings VariantTools_1.52.0.tar.gz
###
##############################################################################
##############################################################################
* using log directory ‘/Users/biocbuild/bbs-3.22-bioc/meat/VariantTools.Rcheck’
* using R version 4.5.1 Patched (2025-09-10 r88807)
* using platform: aarch64-apple-darwin20
* R was compiled by
Apple clang version 16.0.0 (clang-1600.0.26.6)
GNU Fortran (GCC) 14.2.0
* running under: macOS Ventura 13.7.7
* using session charset: UTF-8
* using option ‘--no-vignettes’
* checking for file ‘VariantTools/DESCRIPTION’ ... OK
* checking extension type ... Package
* this is package ‘VariantTools’ version ‘1.52.0’
* checking package namespace information ... OK
* checking package dependencies ... ERROR
Package suggested but not available: ‘gmapR’
The suggested packages are required for a complete check.
Checking can be attempted without them by setting the environment
variable _R_CHECK_FORCE_SUGGESTS_ to a false value.
See section ‘The DESCRIPTION file’ in the ‘Writing R Extensions’
manual.
* DONE
Status: 1 ERROR
See
‘/Users/biocbuild/bbs-3.22-bioc/meat/VariantTools.Rcheck/00check.log’
for details.