| Back to Multiple platform build/check report for BioC 3.22: simplified long | 
  | 
This page was generated on 2025-10-24 12:08 -0400 (Fri, 24 Oct 2025).
| Hostname | OS | Arch (*) | R version | Installed pkgs | 
|---|---|---|---|---|
| nebbiolo2 | Linux (Ubuntu 24.04.3 LTS) | x86_64 | 4.5.1 Patched (2025-08-23 r88802) -- "Great Square Root" | 4898 | 
| lconway | macOS 12.7.6 Monterey | x86_64 | 4.5.1 Patched (2025-09-10 r88807) -- "Great Square Root" | 4688 | 
| kjohnson3 | macOS 13.7.7 Ventura | arm64 | 4.5.1 Patched (2025-09-10 r88807) -- "Great Square Root" | 4634 | 
| taishan | Linux (openEuler 24.03 LTS) | aarch64 | 4.5.0 (2025-04-11) -- "How About a Twenty-Six" | 4658 | 
| Click on any hostname to see more info about the system (e.g. compilers) (*) as reported by 'uname -p', except on Windows and Mac OS X | ||||
| Package 2105/2359 | Hostname | OS / Arch | INSTALL | BUILD | CHECK | BUILD BIN | ||||||||
| SplicingGraphs 1.49.1  (landing page) H. Pagès 
  | nebbiolo2 | Linux (Ubuntu 24.04.3 LTS) / x86_64 | OK | ERROR | skipped | |||||||||
| lconway | macOS 12.7.6 Monterey / x86_64 | OK | ERROR | skipped | skipped | |||||||||
| kjohnson3 | macOS 13.7.7 Ventura / arm64 | OK | ERROR | skipped | skipped | |||||||||
| taishan | Linux (openEuler 24.03 LTS) / aarch64 | OK | ERROR | skipped | ||||||||||
| 
To the developers/maintainers of the SplicingGraphs package: - Allow up to 24 hours (and sometimes 48 hours) for your latest push to git@git.bioconductor.org:packages/SplicingGraphs.git to reflect on this report. See Troubleshooting Build Report for more information. - Use the following Renviron settings to reproduce errors and warnings. - If 'R CMD check' started to fail recently on the Linux builder(s) over a missing dependency, add the missing dependency to 'Suggests:' in your DESCRIPTION file. See Renviron.bioc for more information. - See Martin Grigorov's blog post for how to debug Linux ARM64 related issues on a x86_64 host.  | 
| Package: SplicingGraphs | 
| Version: 1.49.1 | 
| Command: /home/biocbuild/R/R/bin/R CMD build --keep-empty-dirs --no-resave-data SplicingGraphs | 
| StartedAt: 2025-10-21 03:25:36 -0000 (Tue, 21 Oct 2025) | 
| EndedAt: 2025-10-21 03:27:26 -0000 (Tue, 21 Oct 2025) | 
| EllapsedTime: 110.0 seconds | 
| RetCode: 1 | 
| Status: ERROR | 
| PackageFile: None | 
| PackageFileSize: NA | 
##############################################################################
##############################################################################
###
### Running command:
###
###   /home/biocbuild/R/R/bin/R CMD build --keep-empty-dirs --no-resave-data SplicingGraphs
###
##############################################################################
##############################################################################
* checking for file ‘SplicingGraphs/DESCRIPTION’ ... OK
* preparing ‘SplicingGraphs’:
* checking DESCRIPTION meta-information ... OK
* installing the package to build vignettes
* creating vignettes ... ERROR
--- re-building ‘SplicingGraphs.Rnw’ using Sweave
Loading required package: GenomicFeatures
Loading required package: BiocGenerics
Loading required package: generics
Attaching package: ‘generics’
The following objects are masked from ‘package:base’:
    as.difftime, as.factor, as.ordered, intersect, is.element, setdiff,
    setequal, union
Attaching package: ‘BiocGenerics’
The following objects are masked from ‘package:stats’:
    IQR, mad, sd, var, xtabs
The following objects are masked from ‘package:base’:
    Filter, Find, Map, Position, Reduce, anyDuplicated, aperm, append,
    as.data.frame, basename, cbind, colnames, dirname, do.call, duplicated,
    eval, evalq, get, grep, grepl, is.unsorted, lapply, mapply, match, mget,
    order, paste, pmax, pmax.int, pmin, pmin.int, rank, rbind, rownames, sapply,
    saveRDS, table, tapply, unique, unsplit, which.max, which.min
Loading required package: S4Vectors
Loading required package: stats4
Attaching package: ‘S4Vectors’
The following object is masked from ‘package:utils’:
    findMatches
The following objects are masked from ‘package:base’:
    I, expand.grid, unname
Loading required package: IRanges
Loading required package: Seqinfo
Loading required package: GenomicRanges
Loading required package: AnnotationDbi
Loading required package: Biobase
Welcome to Bioconductor
    Vignettes contain introductory material; view with 'browseVignettes()'. To
    cite Bioconductor, see 'citation("Biobase")', and for packages
    'citation("pkgname")'.
Loading required package: GenomicAlignments
Loading required package: SummarizedExperiment
Loading required package: MatrixGenerics
Loading required package: matrixStats
Attaching package: ‘matrixStats’
The following objects are masked from ‘package:Biobase’:
    anyMissing, rowMedians
Attaching package: ‘MatrixGenerics’
The following objects are masked from ‘package:matrixStats’:
    colAlls, colAnyNAs, colAnys, colAvgsPerRowSet, colCollapse, colCounts,
    colCummaxs, colCummins, colCumprods, colCumsums, colDiffs, colIQRDiffs,
    colIQRs, colLogSumExps, colMadDiffs, colMads, colMaxs, colMeans2,
    colMedians, colMins, colOrderStats, colProds, colQuantiles, colRanges,
    colRanks, colSdDiffs, colSds, colSums2, colTabulates, colVarDiffs, colVars,
    colWeightedMads, colWeightedMeans, colWeightedMedians, colWeightedSds,
    colWeightedVars, rowAlls, rowAnyNAs, rowAnys, rowAvgsPerColSet, rowCollapse,
    rowCounts, rowCummaxs, rowCummins, rowCumprods, rowCumsums, rowDiffs,
    rowIQRDiffs, rowIQRs, rowLogSumExps, rowMadDiffs, rowMads, rowMaxs,
    rowMeans2, rowMedians, rowMins, rowOrderStats, rowProds, rowQuantiles,
    rowRanges, rowRanks, rowSdDiffs, rowSds, rowSums2, rowTabulates,
    rowVarDiffs, rowVars, rowWeightedMads, rowWeightedMeans, rowWeightedMedians,
    rowWeightedSds, rowWeightedVars
The following object is masked from ‘package:Biobase’:
    rowMedians
Loading required package: Biostrings
Loading required package: XVector
Attaching package: ‘Biostrings’
The following object is masked from ‘package:base’:
    strsplit
Loading required package: Rsamtools
Loading required package: Rgraphviz
Loading required package: graph
Attaching package: ‘graph’
The following object is masked from ‘package:Biostrings’:
    complement
Loading required package: grid
Attaching package: ‘grid’
The following object is masked from ‘package:Biostrings’:
    pattern
Attaching package: ‘Rgraphviz’
The following objects are masked from ‘package:IRanges’:
    from, to
The following objects are masked from ‘package:S4Vectors’:
    from, to
Warning in .make_ex_by_tx_from_GRangesList(x, grouping = grouping, min.ntx = min.ntx,  :
  1 invalid gene was dropped
Error: processing vignette 'SplicingGraphs.Rnw' failed with diagnostics:
 chunk 6 (label = load_sg_with_bubbles) 
Error in eval(expr, .GlobalEnv) : 
  'sg' is not identical to precomputed version
--- failed re-building ‘SplicingGraphs.Rnw’
SUMMARY: processing the following file failed:
  ‘SplicingGraphs.Rnw’
Error: Vignette re-building failed.
Execution halted