| Back to Multiple platform build/check report for BioC 3.22: simplified long | 
  | 
This page was generated on 2025-11-03 12:03 -0500 (Mon, 03 Nov 2025).
| Hostname | OS | Arch (*) | R version | Installed pkgs | 
|---|---|---|---|---|
| nebbiolo2 | Linux (Ubuntu 24.04.3 LTS) | x86_64 | 4.5.1 Patched (2025-08-23 r88802) -- "Great Square Root" | 4902 | 
| lconway | macOS 12.7.6 Monterey | x86_64 | 4.5.1 Patched (2025-09-10 r88807) -- "Great Square Root" | 4692 | 
| kjohnson3 | macOS 13.7.7 Ventura | arm64 | 4.5.1 Patched (2025-09-10 r88807) -- "Great Square Root" | 4638 | 
| Click on any hostname to see more info about the system (e.g. compilers) (*) as reported by 'uname -p', except on Windows and Mac OS X | ||||
| Package 2057/2361 | Hostname | OS / Arch | INSTALL | BUILD | CHECK | BUILD BIN | ||||||||
| SNPediaR 1.36.0  (landing page) David Montaner 
  | nebbiolo2 | Linux (Ubuntu 24.04.3 LTS) / x86_64 | OK | OK | ERROR | |||||||||
| lconway | macOS 12.7.6 Monterey / x86_64 | OK | OK | OK | OK | |||||||||
| kjohnson3 | macOS 13.7.7 Ventura / arm64 | OK | OK | OK | OK | |||||||||
| 
To the developers/maintainers of the SNPediaR package: - Allow up to 24 hours (and sometimes 48 hours) for your latest push to git@git.bioconductor.org:packages/SNPediaR.git to reflect on this report. See Troubleshooting Build Report for more information. - Use the following Renviron settings to reproduce errors and warnings. - If 'R CMD check' started to fail recently on the Linux builder(s) over a missing dependency, add the missing dependency to 'Suggests:' in your DESCRIPTION file. See Renviron.bioc for more information.  | 
| Package: SNPediaR | 
| Version: 1.36.0 | 
| Command: /home/biocbuild/bbs-3.22-bioc/R/bin/R CMD check --install=check:SNPediaR.install-out.txt --library=/home/biocbuild/bbs-3.22-bioc/R/site-library --timings SNPediaR_1.36.0.tar.gz | 
| StartedAt: 2025-11-03 04:33:21 -0500 (Mon, 03 Nov 2025) | 
| EndedAt: 2025-11-03 04:34:00 -0500 (Mon, 03 Nov 2025) | 
| EllapsedTime: 39.0 seconds | 
| RetCode: 1 | 
| Status: ERROR | 
| CheckDir: SNPediaR.Rcheck | 
| Warnings: NA | 
##############################################################################
##############################################################################
###
### Running command:
###
###   /home/biocbuild/bbs-3.22-bioc/R/bin/R CMD check --install=check:SNPediaR.install-out.txt --library=/home/biocbuild/bbs-3.22-bioc/R/site-library --timings SNPediaR_1.36.0.tar.gz
###
##############################################################################
##############################################################################
* using log directory ‘/home/biocbuild/bbs-3.22-bioc/meat/SNPediaR.Rcheck’
* using R version 4.5.1 Patched (2025-08-23 r88802)
* using platform: x86_64-pc-linux-gnu
* R was compiled by
    gcc (Ubuntu 13.3.0-6ubuntu2~24.04) 13.3.0
    GNU Fortran (Ubuntu 13.3.0-6ubuntu2~24.04) 13.3.0
* running under: Ubuntu 24.04.3 LTS
* using session charset: UTF-8
* checking for file ‘SNPediaR/DESCRIPTION’ ... OK
* this is package ‘SNPediaR’ version ‘1.36.0’
* checking package namespace information ... OK
* checking package dependencies ... OK
* checking if this is a source package ... OK
* checking if there is a namespace ... OK
* checking for hidden files and directories ... OK
* checking for portable file names ... OK
* checking for sufficient/correct file permissions ... OK
* checking whether package ‘SNPediaR’ can be installed ... OK
* checking installed package size ... OK
* checking package directory ... OK
* checking ‘build’ directory ... OK
* checking DESCRIPTION meta-information ... OK
* checking top-level files ... OK
* checking for left-over files ... OK
* checking index information ... OK
* checking package subdirectories ... OK
* checking code files for non-ASCII characters ... OK
* checking R files for syntax errors ... OK
* checking whether the package can be loaded ... OK
* checking whether the package can be loaded with stated dependencies ... OK
* checking whether the package can be unloaded cleanly ... OK
* checking whether the namespace can be loaded with stated dependencies ... OK
* checking whether the namespace can be unloaded cleanly ... OK
* checking loading without being on the library search path ... OK
* checking dependencies in R code ... OK
* checking S3 generic/method consistency ... OK
* checking replacement functions ... OK
* checking foreign function calls ... OK
* checking R code for possible problems ... OK
* checking Rd files ... OK
* checking Rd metadata ... OK
* checking Rd cross-references ... OK
* checking for missing documentation entries ... OK
* checking for code/documentation mismatches ... OK
* checking Rd \usage sections ... OK
* checking Rd contents ... OK
* checking for unstated dependencies in examples ... OK
* checking files in ‘vignettes’ ... OK
* checking examples ... ERROR
Running examples in ‘SNPediaR-Ex.R’ failed
The error most likely occurred in:
> base::assign(".ptime", proc.time(), pos = "CheckExEnv")
> ### Name: extractTags
> ### Title: Extract information form downloaded SNPedia pages.
> ### Aliases: extractTags extractSnpTags extractGenotypeTags
> 
> ### ** Examples
> 
> res <- getPages (c ("Rs1234", "Rs53576"))
> t (sapply (res, extractSnpTags))
        rsid    Chromosome position    Orientation GMAF     Assembly
Rs1234  "1234"  "3"        "123615654" "plus"      NA       NA      
Rs53576 "53576" "3"        "8762685"   "plus"      "0.4128" "GRCh38"
        GenomeBuild dbSNPBuild geno1   geno2   geno3   StabilizedOrientation
Rs1234  NA          NA         "(A;A)" "(A;C)" "(C;C)" "plus"               
Rs53576 "38.1"      "141"      "(A;A)" "(A;G)" "(G;G)" "plus"               
        Status   Merged Gene    Gene_s
Rs1234  "Merged" "1067" "FAKE1" NA    
Rs53576 NA       NA     "OXTR"  "OXTR"
        Summary                                     
Rs1234  "a test snp 0.328905101289"                 
Rs53576 "influences social behavior and personality"
> 
> extractTags (res[[1]], tags = c("rsid", "Chromosome", "position"))
       rsid  Chromosome    position 
     "1234"         "3" "123615654" 
> 
> res <- getPages (c ("Rs1234(A;A)", "Rs1234(A;C)","Rs1234(C;C)"))
> t (sapply (res, extractGenotypeTags))
            rsid   allele1 allele2 repute magnitude
Rs1234(A;A) "1234" "A"     "A"     "Bad"  "2"      
Rs1234(A;C) "1234" "A"     "C"     "Good" "1.5"    
Rs1234(C;C) "1234" "C"     "C"     NA     "0"      
            summary                          
Rs1234(A;A) "summary of something bad"       
Rs1234(A;C) "heterozygote for something good"
Rs1234(C;C) "normal"                         
> 
> getPages (c ("Rs1234(A;A)", "Rs1234(A;C)","Rs1234(C;C)"),
+           wikiParseFunction = extractGenotypeTags)
Error: lexical error: invalid char in json text.
                                       <html> \n<head><title>502 Bad G
                     (right here) ------^
Execution halted
* checking for unstated dependencies in ‘tests’ ... OK
* checking tests ...
  Running ‘testthat.R’
 OK
* checking for unstated dependencies in vignettes ... OK
* checking package vignettes ... OK
* checking re-building of vignette outputs ... OK
* checking PDF version of manual ... OK
* DONE
Status: 1 ERROR
See
  ‘/home/biocbuild/bbs-3.22-bioc/meat/SNPediaR.Rcheck/00check.log’
for details.
SNPediaR.Rcheck/00install.out
############################################################################## ############################################################################## ### ### Running command: ### ### /home/biocbuild/bbs-3.22-bioc/R/bin/R CMD INSTALL SNPediaR ### ############################################################################## ############################################################################## * installing to library ‘/home/biocbuild/bbs-3.22-bioc/R/site-library’ * installing *source* package ‘SNPediaR’ ... ** this is package ‘SNPediaR’ version ‘1.36.0’ ** using staged installation ** R ** inst ** byte-compile and prepare package for lazy loading ** help *** installing help indices ** building package indices ** installing vignettes ** testing if installed package can be loaded from temporary location ** testing if installed package can be loaded from final location ** testing if installed package keeps a record of temporary installation path * DONE (SNPediaR)
SNPediaR.Rcheck/tests/testthat.Rout
R version 4.5.1 Patched (2025-08-23 r88802) -- "Great Square Root"
Copyright (C) 2025 The R Foundation for Statistical Computing
Platform: x86_64-pc-linux-gnu
R is free software and comes with ABSOLUTELY NO WARRANTY.
You are welcome to redistribute it under certain conditions.
Type 'license()' or 'licence()' for distribution details.
R is a collaborative project with many contributors.
Type 'contributors()' for more information and
'citation()' on how to cite R or R packages in publications.
Type 'demo()' for some demos, 'help()' for on-line help, or
'help.start()' for an HTML browser interface to help.
Type 'q()' to quit R.
> library (testthat)
> library (SNPediaR)
> 
> test_check ("SNPediaR")
[ FAIL 0 | WARN 0 | SKIP 0 | PASS 3 ]
> 
> proc.time()
   user  system elapsed 
  0.932   0.144   6.348 
SNPediaR.Rcheck/SNPediaR-Ex.timings
| name | user | system | elapsed |