Back to Multiple platform build/check report for BioC 3.22:   simplified   long
ABCDEFGHIJKLMNOPQR[S]TUVWXYZ

This page was generated on 2025-10-31 12:03 -0400 (Fri, 31 Oct 2025).

HostnameOSArch (*)R versionInstalled pkgs
nebbiolo2Linux (Ubuntu 24.04.3 LTS)x86_644.5.1 Patched (2025-08-23 r88802) -- "Great Square Root" 4901
lconwaymacOS 12.7.6 Montereyx86_644.5.1 Patched (2025-09-10 r88807) -- "Great Square Root" 4691
kjohnson3macOS 13.7.7 Venturaarm644.5.1 Patched (2025-09-10 r88807) -- "Great Square Root" 4637
Click on any hostname to see more info about the system (e.g. compilers)      (*) as reported by 'uname -p', except on Windows and Mac OS X

Package 1904/2361HostnameOS / ArchINSTALLBUILDCHECKBUILD BIN
SCArray.sat 1.10.0  (landing page)
Xiuwen Zheng
Snapshot Date: 2025-10-30 13:45 -0400 (Thu, 30 Oct 2025)
git_url: https://git.bioconductor.org/packages/SCArray.sat
git_branch: RELEASE_3_22
git_last_commit: f783501
git_last_commit_date: 2025-10-29 11:22:05 -0400 (Wed, 29 Oct 2025)
nebbiolo2Linux (Ubuntu 24.04.3 LTS) / x86_64  OK    ERROR  skipped
lconwaymacOS 12.7.6 Monterey / x86_64  OK    ERROR  skippedskipped
kjohnson3macOS 13.7.7 Ventura / arm64  OK    ERROR  skippedskipped


BUILD results for SCArray.sat on nebbiolo2

To the developers/maintainers of the SCArray.sat package:
- Allow up to 24 hours (and sometimes 48 hours) for your latest push to git@git.bioconductor.org:packages/SCArray.sat.git to reflect on this report. See Troubleshooting Build Report for more information.
- Use the following Renviron settings to reproduce errors and warnings.
- If 'R CMD check' started to fail recently on the Linux builder(s) over a missing dependency, add the missing dependency to 'Suggests:' in your DESCRIPTION file. See Renviron.bioc for more information.

raw results


Summary

Package: SCArray.sat
Version: 1.10.0
Command: /home/biocbuild/bbs-3.22-bioc/R/bin/R CMD build --keep-empty-dirs --no-resave-data --md5 SCArray.sat
StartedAt: 2025-10-30 19:50:10 -0400 (Thu, 30 Oct 2025)
EndedAt: 2025-10-30 19:51:20 -0400 (Thu, 30 Oct 2025)
EllapsedTime: 70.1 seconds
RetCode: 1
Status:   ERROR  
PackageFile: None
PackageFileSize: NA

Command output

##############################################################################
##############################################################################
###
### Running command:
###
###   /home/biocbuild/bbs-3.22-bioc/R/bin/R CMD build --keep-empty-dirs --no-resave-data --md5 SCArray.sat
###
##############################################################################
##############################################################################


* checking for file ‘SCArray.sat/DESCRIPTION’ ... OK
* preparing ‘SCArray.sat’:
* checking DESCRIPTION meta-information ... OK
* installing the package to build vignettes
* creating vignettes ... ERROR
--- re-building ‘SCArray.sat.Rmd’ using rmarkdown

  |                                                                      
  |                                                                |   0%
  |                                                                      
  |================================================================| 100%

Quitting from SCArray.sat.Rmd:78-101 [unnamed-chunk-2]
~~~~~~~~~~~~~~~~~~~~~~~~~~~~~~~~~~~~~~~~~~~~~~~~~~~~~~~~~~~~~~~~~~~~~~~~~~~~~~~~
<error/rlang_error>
Error:
! Attempting to add a different number of cells or features
---
Backtrace:
    ▆
 1. ├─Seurat::ScaleData(d)
 2. └─Seurat:::ScaleData.Seurat(d)
 3.   ├─Seurat::ScaleData(...)
 4.   └─Seurat:::ScaleData.Assay(...)
 5.     ├─SeuratObject::SetAssayData(...)
 6.     └─SCArray.sat:::SetAssayData.SCArrayAssay(...)
~~~~~~~~~~~~~~~~~~~~~~~~~~~~~~~~~~~~~~~~~~~~~~~~~~~~~~~~~~~~~~~~~~~~~~~~~~~~~~~~

Error: processing vignette 'SCArray.sat.Rmd' failed with diagnostics:
Attempting to add a different number of cells or features
--- failed re-building ‘SCArray.sat.Rmd’

SUMMARY: processing the following file failed:
  ‘SCArray.sat.Rmd’

Error: Vignette re-building failed.
Execution halted